000
CXUS56 KOTX 280910
CF6EPH
PRELIMINARY LOCAL CLIMATOLOGICAL DATA (WS FORM: F-6)

                                          STATION:   EPHRATA WA AIRPORT
                                          MONTH:     SEPTEMBER
                                          YEAR:      2022
                                          LATITUDE:   47 18 N
                                          LONGITUDE: 119 31 W

  TEMPERATURE IN F:       :PCPN:    SNOW:  WIND      :SUNSHINE: SKY     :PK WND
================================================================================
1   2   3   4   5  6A  6B    7    8   9   10  11  12  13   14  15   16   17  18
                                     12Z  AVG MX 2MIN
DY MAX MIN AVG DEP HDD CDD  WTR  SNW DPTH SPD SPD DIR MIN PSBL S-S WX    SPD DR
================================================================================

 1  96  67  82  13   0  17 0.00    M    M  6.4 21 320   M    M   0        29 300
 2  99  59  79  10   0  14 0.00    M    M  7.1 13 350   M    M   0        21 120
 3  86  61  74   5   0   9    T    M    M  5.4 20 130   M    M   1        26 130
 4  87  54  71   3   0   6 0.00    M    M  8.1 20 320   M    M   0        23 320
 5  83  57  70   2   0   5 0.00    M    M  8.8 22 300   M    M   0        27 310
 6  89  53  71   3   0   6 0.00    M    M  5.7 12 230   M    M   0        17 210
 7  94  53  74   6   0   9 0.00    M    M 11.8 30 320   M    M   0        38 320
 8  81  58  70   3   0   5 0.00    M    M 11.7 26 310   M    M   2 8      33 330
 9  82  60  71   4   0   6 0.00    M    M 13.7 28 350   M    M   0 8      35  10
10  86  55  71   4   0   6 0.00    M    M  6.8 15  70   M    M   0        20  40
11  84  56  70   4   0   5 0.00    M    M  5.3 16  40   M    M   3 8      20  50
12  80  63  72   6   0   7    T    M    M  6.9 16 310   M    M   3 8      19 310
13  82  51  67   1   0   2 0.00    M    M  5.1 15 340   M    M   1 18     19 340
14  76  55  66   1   0   1    T    M    M  5.5 14 350   M    M   3 8      17 320
15  76  54  65   0   0   0 0.00    M    M  4.6 15 310   M    M   1 8      18 320
16  76  48  62  -3   3   0 0.00    M    M  8.9 23 300   M    M   2 8      29 300
17  72  44  58  -6   7   0 0.00    M    M  8.1 17 350   M    M   1        20 350
18  79  51  65   1   0   0    T    M    M 10.4 33 350   M    M   4        38 350
19  78  47  63  -1   2   0 0.00    M    M  7.2 17  10   M    M   0        20  10
20  79  55  67   4   0   2 0.00    M    M 13.4 25 360   M    M   0        29  10
21  78  55  67   4   0   2 0.00    M    M  8.5 17 360   M    M   0        22  10
22  82  50  66   4   0   1 0.00    M    M  8.8 25 270   M    M   0 8      30 270
23  76  44  60  -2   5   0 0.00    M    M  4.5 13 210   M    M   0        18 180
24  80  47  64   2   1   0 0.00    M    M  4.4 10 340   M    M   0        12  20
25  84  52  68   7   0   3 0.00    M    M  6.0 10 300   M    M   0        15 350
26  88  50  69   8   0   4 0.00    M    M  4.7 10 330   M    M   0        15  50
27  87  56  72  12   0   7 0.00    M    M  5.9 12 180   M    M   0        17 190
================================================================================
SM 2240 1455        18 117     T    M    203.7          M       21
================================================================================
AV 83.0 53.9                               7.5 FASTST   M    M   1    MAX(MPH)
                                 MISC ---->    33 350               # 38 320
================================================================================
NOTES:
# LAST OF SEVERAL OCCURRENCES

COLUMN 17 PEAK WIND IN M.P.H.

PRELIMINARY LOCAL CLIMATOLOGICAL DATA (WS FORM: F-6) , PAGE 2

                                          STATION:   EPHRATA WA AIRPORT
                                          MONTH:     SEPTEMBER
                                          YEAR:      2022
                                          LATITUDE:   47 18 N
                                          LONGITUDE: 119 31 W

[TEMPERATURE DATA]      [PRECIPITATION DATA]       SYMBOLS USED IN COLUMN 16

AVERAGE MONTHLY: 68.4   TOTAL FOR MONTH:      T    1 = FOG OR MIST
DPTR FM NORMAL:   3.3   DPTR FM NORMAL:   -0.19    2 = FOG REDUCING VISIBILITY
HIGHEST:    99 ON  2    GRTST 24HR     T ON 31- 1      TO 1/4 MILE OR LESS
LOWEST:     44 ON 23,17                             3 = THUNDER
                        SNOW, ICE PELLETS, HAIL    4 = ICE PELLETS
                        TOTAL MONTH:  M            5 = HAIL
                        GRTST 24HR    M  ON   M    6 = FREEZING RAIN OR DRIZZLE
                        GRTST DEPTH:  M  ON   M    7 = DUSTSTORM OR SANDSTORM:
                                                       VSBY 1/2 MILE OR LESS
                                                   8 = SMOKE OR HAZE
[NO. OF DAYS WITH]      [WEATHER - DAYS WITH]      9 = BLOWING SNOW
                                                   X = TORNADO
MAX 32 OR BELOW:   0    0.01 INCH OR MORE:   0
MAX 90 OR ABOVE:   3    0.10 INCH OR MORE:   0
MIN 32 OR BELOW:   0    0.50 INCH OR MORE:   0
MIN  0 OR BELOW:   0    1.00 INCH OR MORE:   0

[HDD (BASE 65) ]
TOTAL THIS MO.    18    CLEAR  (SCALE 0-3)  26
DPTR FM NORMAL   -57    PTCLDY (SCALE 4-7)   1
TOTAL FM JUL 1    18    CLOUDY (SCALE 8-10)  0
DPTR FM NORMAL   -70

[CDD (BASE 65) ]
TOTAL THIS MO.   117
DPTR FM NORMAL    39    [PRESSURE DATA]
TOTAL FM JAN 1  1096    HIGHEST SLP M ON M
DPTR FM NORMAL   257    LOWEST  SLP 29.69 ON 13

[REMARKS]
