000
CXUS54 KEWX 281010
CF6ERV
PRELIMINARY LOCAL CLIMATOLOGICAL DATA (WS FORM: F-6)

                                          STATION:   KERRVILLE
                                          MONTH:     SEPTEMBER
                                          YEAR:      2022
                                          LATITUDE:   29 58 N
                                          LONGITUDE:  99  5 W

  TEMPERATURE IN F:       :PCPN:    SNOW:  WIND      :SUNSHINE: SKY     :PK WND
================================================================================
1   2   3   4   5  6A  6B    7    8   9   10  11  12  13   14  15   16   17  18
                                     12Z  AVG MX 2MIN
DY MAX MIN AVG DEP HDD CDD  WTR  SNW DPTH SPD SPD DIR MIN PSBL S-S WX    SPD DR
================================================================================

 1  88  72  80   M   0  15    M    M    M  2.4  9 220   M    M   6 1       M   M
 2  92  72  82   M   0  17    M    M    M  3.6  9 120   M    M   6        16 170
 3  86  70  78   M   0  13 0.81    M    M  1.7  8 100   M    M   7 13     21 160
 4  85  69  77   M   0  12    M    M    M  3.4 10 150   M    M   4 1      17 170
 5  90  65  78   M   0  13    M    M    M  3.2 10 190   M    M   2         M   M
 6  92  68  80   M   0  15    M    M    M  3.3 10 150   M    M   2         M   M
 7  93  69  81   M   0  16    M    M    M  2.6 13 160   M    M   2        22   0
 8  93  66  80   M   0  15    M    M    M  3.0  9  20   M    M   2         M   M
 9  92  65  79   M   0  14    M    M    M  4.5 12 170   M    M   2        20 110
10  91  72  82   M   0  17    M    M    M  4.8 13 100   M    M   5        21 160
11  87  66  77   M   0  12    M    M    M  4.1 14 330   M    M   3        20 310
12  89  61  75   M   0  10    M    M    M  2.5  7 130   M    M   1         M   M
13  91  65  78   M   0  13    M    M    M  4.5 20 130   M    M   3        24 130
14  89  65  77   M   0  12    M    M    M  4.2 12 140   M    M   3 1      16 140
15  89  57  73   M   0   8    M    M    M  4.1 10 120   M    M   3         M   M
16  91  69  80   M   0  15    M    M    M  6.0 14 190   M    M   4        20 190
17  92  73  83   M   0  18    M    M    M  9.4 15 190   M    M   5        21 200
18  92  73  83   M   0  18    M    M    M  7.4 13 140   M    M   4        18 180
19  94  68  81   M   0  16    M    M    M  4.6  9 150   M    M   4        16 130
20  94  70  82   M   0  17    M  0.0    M  6.0 13 160   M    M   5        22 160
21  92  67  80   M   0  15    M  0.0    M  3.8  8 180   M    M   3         M   M
22  94  60  77   M   0  12    M    M    M  2.0  8  90   M    M   0        16  80
23  94  60  77   M   0  12    M    M    M  4.0 13 170   M    M   1        20 170
24  91  64  78   M   0  13    M    M    M  4.5 10 170   M    M   3        18 190
25  93  68  81   M   0  16    M    M    M  4.0 14  60   M    M   3        21  60
26  89  67  78   M   0  13    M    M    M  6.5 14 340   M    M   1 3      23 340
27  89  48  69   M   0   4    M    M    M  3.1 13  70   M    M   0        21  70
================================================================================
SM 2452 1789         0 371  0.81  0.0    113.1          M       84
================================================================================
AV 90.8 66.3                               4.2 FASTST   M    M   3    MAX(MPH)
                                 MISC ---->    20 130                 24 130
================================================================================
NOTES:
# LAST OF SEVERAL OCCURRENCES

COLUMN 17 PEAK WIND IN M.P.H.

PRELIMINARY LOCAL CLIMATOLOGICAL DATA (WS FORM: F-6) , PAGE 2

                                          STATION:   KERRVILLE
                                          MONTH:     SEPTEMBER
                                          YEAR:      2022
                                          LATITUDE:   29 58 N
                                          LONGITUDE:  99  5 W

[TEMPERATURE DATA]      [PRECIPITATION DATA]       SYMBOLS USED IN COLUMN 16

AVERAGE MONTHLY: 78.5   TOTAL FOR MONTH:   0.81    1 = FOG OR MIST
DPTR FM NORMAL:   0.0   DPTR FM NORMAL:    0.81    2 = FOG REDUCING VISIBILITY
HIGHEST:    94 ON 23,22  GRTST 24HR  0.81 ON  3- 3      TO 1/4 MILE OR LESS
LOWEST:     48 ON 27                               3 = THUNDER
                        SNOW, ICE PELLETS, HAIL    4 = ICE PELLETS
                        TOTAL MONTH:   0.0 INCH    5 = HAIL
                        GRTST 24HR  0.0            6 = FREEZING RAIN OR DRIZZLE
                        GRTST DEPTH:  M  ON   M    7 = DUSTSTORM OR SANDSTORM:
                                                       VSBY 1/2 MILE OR LESS
                                                   8 = SMOKE OR HAZE
[NO. OF DAYS WITH]      [WEATHER - DAYS WITH]      9 = BLOWING SNOW
                                                   X = TORNADO
MAX 32 OR BELOW:   0    0.01 INCH OR MORE:   1
MAX 90 OR ABOVE:  18    0.10 INCH OR MORE:   1
MIN 32 OR BELOW:   0    0.50 INCH OR MORE:   1
MIN  0 OR BELOW:   0    1.00 INCH OR MORE:   0

[HDD (BASE 65) ]
TOTAL THIS MO.     0    CLEAR  (SCALE 0-3)  15
DPTR FM NORMAL     M    PTCLDY (SCALE 4-7)  12
TOTAL FM JUL 1     0    CLOUDY (SCALE 8-10)  0
DPTR FM NORMAL     M

[CDD (BASE 65) ]
TOTAL THIS MO.   371
DPTR FM NORMAL     M    [PRESSURE DATA]
TOTAL FM JAN 1  2867    HIGHEST SLP M ON M
DPTR FM NORMAL     M    LOWEST  SLP M ON M

[REMARKS]
