000
CXUS56 KPQR 281155
CF6EUG
PRELIMINARY LOCAL CLIMATOLOGICAL DATA (WS FORM: F-6)

                                          STATION:   EUGENE OR
                                          MONTH:     SEPTEMBER
                                          YEAR:      2022
                                          LATITUDE:   44  7 N
                                          LONGITUDE: 123 13 W

  TEMPERATURE IN F:       :PCPN:    SNOW:  WIND      :SUNSHINE: SKY     :PK WND
================================================================================
1   2   3   4   5  6A  6B    7    8   9   10  11  12  13   14  15   16   17  18
                                     12Z  AVG MX 2MIN
DY MAX MIN AVG DEP HDD CDD  WTR  SNW DPTH SPD SPD DIR MIN PSBL S-S WX    SPD DR
================================================================================

 1  92  49  71   5   0   6 0.00  0.0    0  5.0 16 360   M    M   2 1      20 360
 2  87  54  71   5   0   6 0.00  0.0    0  7.5 23 230   M    M   2        26 220
 3  81  57  69   3   0   4 0.00  0.0    0  4.5  9  30   M    M   6        14 260
 4  89  50  70   4   0   5 0.00  0.0    0  4.7 14 300   M    M   1 1      17 280
 5  84  58  71   6   0   6 0.00  0.0    0 13.4 24  10   M    M   3        32  20
 6  91  47  69   4   0   4 0.00  0.0    0  3.9 14  30   M    M   1 8      17  30
 7  89  52  71   6   0   6 0.00  0.0    0  9.3 22 360   M    M   3        26 360
 8  83  45  64  -1   1   0 0.00  0.0    0 10.6 24  10   M    M   0 8      28  20
 9  91  51  71   6   0   6 0.00  0.0    0 11.7 23  10   M    M   7 8      28 360
10  90  49  70   6   0   5 0.00  0.0    0  5.8 15 250   M    M   9 8      19 250
11  81  59  70   6   0   5    T  0.0    0  4.8 13 240   M    M   6        16 240
12  76  59  68   4   0   3 0.01  0.0    0  4.6 12  80   M    M   6        14  80
13  75  59  67   3   0   2 0.00  0.0    0  3.5 15 320   M    M   9        18 290
14  78  51  65   1   0   0 0.00  0.0    0  5.3 14 340   M    M   6        17 320
15  75  55  65   2   0   0    T  0.0    0  4.5 12 310   M    M   7        14 310
16  75  50  63   0   2   0 0.00  0.0    0  5.7 14  30   M    M   6        17  40
17  69  43  56  -7   9   0    T  0.0    0  3.5 12 320   M    M   6 1      14 310
18  79  50  65   2   0   0 0.00  0.0    0  5.0 14 360   M    M   6        17  10
19  78  47  63   1   2   0    T  0.0    0  2.8 12 210   M    M   4 8      14 200
20  73  54  64   2   1   0 0.00  0.0    0  5.2 12 170   M    M   6 1      15 170
21  67  57  62   0   3   0 0.01  0.0    0  6.3 13 200   M    M   8        16 220
22  75  48  62   1   3   0 0.00  0.0    0  6.3 14 270   M    M   6 1      18 280
23  79  44  62   1   3   0 0.00  0.0    0  5.7 15  20   M    M   4 128    17  30
24  82  45  64   3   1   0 0.00  0.0    0  5.1 15  20   M    M   1 1      19 360
25  86  45  66   6   0   1 0.00  0.0    0  3.0 12  30   M    M   2 1      14  20
26  90  52  71  11   0   6 0.00  0.0    0  5.0  9 210   M    M   0        12 360
27  76  52  64   4   1   0 0.00  0.0    0  9.5 16 250   M    M   2 1      20 230
================================================================================
SM 2191 1382        26  65  0.02  0.0    162.2          M      119
================================================================================
AV 81.1 51.2                               6.0 FASTST   M    M   4    MAX(MPH)
                                 MISC ---->  # 24  10                 32  20
================================================================================
NOTES:
# LAST OF SEVERAL OCCURRENCES

COLUMN 17 PEAK WIND IN M.P.H.

PRELIMINARY LOCAL CLIMATOLOGICAL DATA (WS FORM: F-6) , PAGE 2

                                          STATION:   EUGENE OR
                                          MONTH:     SEPTEMBER
                                          YEAR:      2022
                                          LATITUDE:   44  7 N
                                          LONGITUDE: 123 13 W

[TEMPERATURE DATA]      [PRECIPITATION DATA]       SYMBOLS USED IN COLUMN 16

AVERAGE MONTHLY: 66.2   TOTAL FOR MONTH:   0.02    1 = FOG OR MIST
DPTR FM NORMAL:   2.8   DPTR FM NORMAL:   -1.17    2 = FOG REDUCING VISIBILITY
HIGHEST:    92 ON  1    GRTST 24HR  0.01 ON 11-12      TO 1/4 MILE OR LESS
LOWEST:     43 ON 17                               3 = THUNDER
                        SNOW, ICE PELLETS, HAIL    4 = ICE PELLETS
                        TOTAL MONTH:   0.0 INCH    5 = HAIL
                        GRTST 24HR  0.0            6 = FREEZING RAIN OR DRIZZLE
                        GRTST DEPTH:  0            7 = DUSTSTORM OR SANDSTORM:
                                                       VSBY 1/2 MILE OR LESS
                                                   8 = SMOKE OR HAZE
[NO. OF DAYS WITH]      [WEATHER - DAYS WITH]      9 = BLOWING SNOW
                                                   X = TORNADO
MAX 32 OR BELOW:   0    0.01 INCH OR MORE:   2
MAX 90 OR ABOVE:   5    0.10 INCH OR MORE:   0
MIN 32 OR BELOW:   0    0.50 INCH OR MORE:   0
MIN  0 OR BELOW:   0    1.00 INCH OR MORE:   0

[HDD (BASE 65) ]
TOTAL THIS MO.    26    CLEAR  (SCALE 0-3)  11
DPTR FM NORMAL   -57    PTCLDY (SCALE 4-7)  13
TOTAL FM JUL 1    30    CLOUDY (SCALE 8-10)  3
DPTR FM NORMAL  -101

[CDD (BASE 65) ]
TOTAL THIS MO.    65
DPTR FM NORMAL    29    [PRESSURE DATA]
TOTAL FM JAN 1   510    HIGHEST SLP M ON M
DPTR FM NORMAL   220    LOWEST  SLP 29.60 ON  9

[REMARKS]
