000
CXUS51 KOKX 280910
CF6EWR
PRELIMINARY LOCAL CLIMATOLOGICAL DATA (WS FORM: F-6)

                                          STATION:   NEWARK NJ
                                          MONTH:     SEPTEMBER
                                          YEAR:      2022
                                          LATITUDE:   40 42 N
                                          LONGITUDE:  74 10 W

  TEMPERATURE IN F:       :PCPN:    SNOW:  WIND      :SUNSHINE: SKY     :PK WND
================================================================================
1   2   3   4   5  6A  6B    7    8   9   10  11  12  13   14  15   16   17  18
                                     12Z  AVG MX 2MIN
DY MAX MIN AVG DEP HDD CDD  WTR  SNW DPTH SPD SPD DIR MIN PSBL S-S WX    SPD DR
================================================================================

 1  88  67  78   4   0  13 0.00  0.0    0 12.3 22 260   M    M   2        28 260
 2  78  61  70  -4   0   5 0.00  0.0    0  7.9 15  30   M    M   3        20  30
 3  81  63  72  -1   0   7 0.00  0.0    0  6.2 13 140   M    M   8        17 130
 4  93  70  82   9   0  17 0.01  0.0    0  6.5 14  30   M    M   8 3      19  30
 5  87  73  80   7   0  15 0.01  0.0    0  6.7 14 150   M    M   9        19 140
 6  75  68  72   0   0   7 0.61  0.0    0  7.1 16  60   M    M  10 1      22  60
 7  73  65  69  -3   0   4 0.01  0.0    0 11.6 16  30   M    M   9 1      21  20
 8  80  64  72   0   0   7 0.00  0.0    0  7.5 16  20   M    M   5        21 360
 9  82  62  72   0   0   7 0.00  0.0    0  6.6 13  20   M    M   2        18  40
10  87  61  74   3   0   9 0.00  0.0    0  4.1 12 150   M    M   5        12 150
11  75  69  72   1   0   7 0.35  0.0    0  4.4  8 240   M    M  10 1       8 240
12  85  68  77   6   0  12 0.53  0.0    0  5.2 12 160   M    M   9 13     16 280
13  85  68  77   7   0  12 0.35  0.0    0  7.6 23 240   M    M   7 13     28 240
14  83  61  72   2   0   7 0.00  0.0    0  9.9 22 300   M    M   2        26 270
15  75  62  69  -1   0   4 0.00  0.0    0 11.0 20 330   M    M   2        29 330
16  78  53  66  -3   0   1 0.00  0.0    0  6.6 16 300   M    M   5        19 300
17  76  64  70   1   0   5 0.00  0.0    0  7.4 14  20   M    M   7        16 150
18  85  63  74   6   0   9 0.00  0.0    0 11.5 22 240   M    M   5        34 270
19  88  67  78  10   0  13 0.08  0.0    0 10.1 36 260   M    M   6 38     43 260
20  81  67  74   6   0   9 0.00  0.0    0 10.4 20 300   M    M   4        28 290
21  83  61  72   5   0   7 0.00  0.0    0  7.3 17 230   M    M   4        26 240
22  78  56  67   0   0   2 0.34  0.0    0 13.0 30 320   M    M   6 138    36 340
23  64  50  57 -10   8   0 0.00  0.0    0 15.1 29 330   M    M   1        37 320
24  72  47  60  -6   5   0 0.00  0.0    0  7.4 12 250   M    M   3        17 320
25  76  58  67   1   0   2 1.44  0.0    0  7.2 14 250   M    M   9 13     20 260
26  75  58  67   2   0   2 0.00  0.0    0  9.5 24 240   M    M   5        31 240
27  69  53  61  -4   4   0 0.00  0.0    0 10.2 21 260   M    M   5        28 260
================================================================================
SM 2152 1679        17 183  3.73  0.0    230.3          M      151
================================================================================
AV 79.7 62.2                               8.5 FASTST   M    M   6    MAX(MPH)
                                 MISC ---->    36 260                 43 260
================================================================================
NOTES:
# LAST OF SEVERAL OCCURRENCES

COLUMN 17 PEAK WIND IN M.P.H.

PRELIMINARY LOCAL CLIMATOLOGICAL DATA (WS FORM: F-6) , PAGE 2

                                          STATION:   NEWARK NJ
                                          MONTH:     SEPTEMBER
                                          YEAR:      2022
                                          LATITUDE:   40 42 N
                                          LONGITUDE:  74 10 W

[TEMPERATURE DATA]      [PRECIPITATION DATA]       SYMBOLS USED IN COLUMN 16

AVERAGE MONTHLY: 70.9   TOTAL FOR MONTH:   3.73    1 = FOG OR MIST
DPTR FM NORMAL:   1.2   DPTR FM NORMAL:    0.31    2 = FOG REDUCING VISIBILITY
HIGHEST:    93 ON  4    GRTST 24HR  1.44 ON 25-25      TO 1/4 MILE OR LESS
LOWEST:     47 ON 24                               3 = THUNDER
                        SNOW, ICE PELLETS, HAIL    4 = ICE PELLETS
                        TOTAL MONTH:   0.0 INCH    5 = HAIL
                        GRTST 24HR  0.0            6 = FREEZING RAIN OR DRIZZLE
                        GRTST DEPTH:  0            7 = DUSTSTORM OR SANDSTORM:
                                                       VSBY 1/2 MILE OR LESS
                                                   8 = SMOKE OR HAZE
[NO. OF DAYS WITH]      [WEATHER - DAYS WITH]      9 = BLOWING SNOW
                                                   X = TORNADO
MAX 32 OR BELOW:   0    0.01 INCH OR MORE:  10
MAX 90 OR ABOVE:   1    0.10 INCH OR MORE:   6
MIN 32 OR BELOW:   0    0.50 INCH OR MORE:   3
MIN  0 OR BELOW:   0    1.00 INCH OR MORE:   1

[HDD (BASE 65) ]
TOTAL THIS MO.    17    CLEAR  (SCALE 0-3)   6
DPTR FM NORMAL    -5    PTCLDY (SCALE 4-7)  14
TOTAL FM JUL 1    17    CLOUDY (SCALE 8-10)  7
DPTR FM NORMAL    -6

[CDD (BASE 65) ]
TOTAL THIS MO.   183
DPTR FM NORMAL    29    [PRESSURE DATA]
TOTAL FM JAN 1  1638    HIGHEST SLP M ON M
DPTR FM NORMAL   395    LOWEST  SLP 29.57 ON 22

[REMARKS]
