000
CXUS53 KIND 280600
CF6EYE
PRELIMINARY LOCAL CLIMATOLOGICAL DATA (WS FORM: F-6)

                                          STATION:   INDIANAPOLIS EAGLE CREEK IN
                                          MONTH:     SEPTEMBER
                                          YEAR:      2022
                                          LATITUDE:   39 49 N
                                          LONGITUDE:  86 18 W

  TEMPERATURE IN F:       :PCPN:    SNOW:  WIND      :SUNSHINE: SKY     :PK WND
================================================================================
1   2   3   4   5  6A  6B    7    8   9   10  11  12  13   14  15   16   17  18
                                     12Z  AVG MX 2MIN
DY MAX MIN AVG DEP HDD CDD  WTR  SNW DPTH SPD SPD DIR MIN PSBL S-S WX    SPD DR
================================================================================

 1  86  62  74   2   0   9 0.00    M    M  2.6  9 200   M    M   2        14 210
 2  85  65  75   3   0  10 0.00    M    M  2.2 15 110   M    M   0        20 120
 3  81  69  75   3   0  10 0.09    M    M  3.4 12 130   M    M   1 1      18 180
 4  82  69  76   5   0  11 0.80    M    M  4.5 10  30   M    M   9 13     15  20
 5  80  70  75   4   0  10 0.00    M    M  6.3 15  10   M    M   8        19  30
 6  81  66  74   3   0   9 0.00    M    M  5.2 10  10   M    M   7        16  70
 7  80  63  72   1   0   7 0.00    M    M  5.8 16 330   M    M   2        23 330
 8  81  59  70   0   0   5 0.00    M    M  3.0 10  70   M    M   0        15 100
 9  83  57  70   0   0   5 0.00    M    M  3.4 13 120   M    M   1        20 190
10  87  63  75   5   0  10 0.21    M    M  2.2 12 330   M    M   3 3      16 220
11  75  62  69   0   0   4 0.38    M    M  5.9 20 290   M    M   8 13     27 300
12  66  54  60  -9   5   0    T    M    M  7.8 18 280   M    M   8        30 270
13  70  56  63  -6   2   0 0.00    M    M  4.8 13 300   M    M   8        18 290
14  81  56  69   1   0   4 0.00    M    M  1.4  8 330   M    M   0 1      14 320
15  83  58  71   3   0   6 0.00    M    M  0.5  8 200   M    M   0 1      12 210
16  83  57  70   2   0   5 0.00    M    M  2.9 10 120   M    M   0 12     17 130
17  84  62  73   6   0   8 0.00    M    M  4.1 14 200   M    M   2        22 230
18  85  63  74   7   0   9 0.00    M    M  5.3 15 190   M    M   1        23 200
19  82  68  75   8   0  10 0.24    M    M  5.0 14 210   M    M   4 13     23 220
20  87  59  73   7   0   8    T    M    M  3.4 10 160   M    M   0        15 170
21  93  70  82  16   0  17    T    M    M  7.0 18 350   M    M   1 1      27 350
22  73  51  62  -3   3   0 0.00    M    M 12.3 21 330   M    M   2        29 340
23  63  44  54 -11  11   0 0.01    M    M  3.1  9 100   M    M   2        13 140
24  76  52  64  -1   1   0 0.35    M    M  6.2 13 190   M    M   5 1      20 190
25  69  59  64   0   1   0 0.03    M    M 10.0 23 290   M    M   4        31 290
26  68  52  60  -4   5   0 0.00    M    M 11.1 23 280   M    M   3        36 290
27  65  45  55  -8  10   0 0.00    M    M  9.8 24 310   M    M   1        35 310
================================================================================
SM 2129 1611        38 157  2.11    M    139.2          M       82
================================================================================
AV 78.9 59.7                               5.2 FASTST   M    M   3    MAX(MPH)
                                 MISC ---->    24 310                 36 290
================================================================================
NOTES:
# LAST OF SEVERAL OCCURRENCES

COLUMN 17 PEAK WIND IN M.P.H.

PRELIMINARY LOCAL CLIMATOLOGICAL DATA (WS FORM: F-6) , PAGE 2

                                          STATION:   INDIANAPOLIS EAGLE CREEK IN
                                          MONTH:     SEPTEMBER
                                          YEAR:      2022
                                          LATITUDE:   39 49 N
                                          LONGITUDE:  86 18 W

[TEMPERATURE DATA]      [PRECIPITATION DATA]       SYMBOLS USED IN COLUMN 16

AVERAGE MONTHLY: 69.3   TOTAL FOR MONTH:   2.11    1 = FOG OR MIST
DPTR FM NORMAL:   1.1   DPTR FM NORMAL:   -0.18    2 = FOG REDUCING VISIBILITY
HIGHEST:    93 ON 21    GRTST 24HR  0.80 ON  4- 4      TO 1/4 MILE OR LESS
LOWEST:     44 ON 23                               3 = THUNDER
                        SNOW, ICE PELLETS, HAIL    4 = ICE PELLETS
                        TOTAL MONTH:  M            5 = HAIL
                        GRTST 24HR    M  ON   M    6 = FREEZING RAIN OR DRIZZLE
                        GRTST DEPTH:  M  ON   M    7 = DUSTSTORM OR SANDSTORM:
                                                       VSBY 1/2 MILE OR LESS
                                                   8 = SMOKE OR HAZE
[NO. OF DAYS WITH]      [WEATHER - DAYS WITH]      9 = BLOWING SNOW
                                                   X = TORNADO
MAX 32 OR BELOW:   0    0.01 INCH OR MORE:   8
MAX 90 OR ABOVE:   1    0.10 INCH OR MORE:   5
MIN 32 OR BELOW:   0    0.50 INCH OR MORE:   1
MIN  0 OR BELOW:   0    1.00 INCH OR MORE:   0

[HDD (BASE 65) ]
TOTAL THIS MO.    38    CLEAR  (SCALE 0-3)  17
DPTR FM NORMAL    -3    PTCLDY (SCALE 4-7)   9
TOTAL FM JUL 1    38    CLOUDY (SCALE 8-10)  1
DPTR FM NORMAL    -6

[CDD (BASE 65) ]
TOTAL THIS MO.   157
DPTR FM NORMAL    32    [PRESSURE DATA]
TOTAL FM JAN 1  1375    HIGHEST SLP M ON M
DPTR FM NORMAL   275    LOWEST  SLP 29.72 ON 25

[REMARKS]
