000
CXUS52 KKEY 280600
CF6EYW
PRELIMINARY LOCAL CLIMATOLOGICAL DATA (WS FORM: F-6)

                                          STATION:   KEY WEST
                                          MONTH:     SEPTEMBER
                                          YEAR:      2022
                                          LATITUDE:   24 32 N
                                          LONGITUDE:  81 45 W

  TEMPERATURE IN F:       :PCPN:    SNOW:  WIND      :SUNSHINE: SKY     :PK WND
================================================================================
1   2   3   4   5  6A  6B    7    8   9   10  11  12  13   14  15   16   17  18
                                     12Z  AVG MX 2MIN
DY MAX MIN AVG DEP HDD CDD  WTR  SNW DPTH SPD SPD DIR MIN PSBL S-S WX    SPD DR
================================================================================

 1  89  83  86   1   0  21 0.00  0.0    0  6.9 13 180   M    M   1        23 180
 2  90  84  87   2   0  22 0.00  0.0    0  8.8 16 110   M    M   0 3      22 100
 3  89  76  83  -2   0  18 0.60  0.0    0  8.6 23  90   M    M   2 13     35 100
 4  89  81  85   0   0  20    T  0.0    0  8.5 16 130   M    M   2        22 130
 5  89  78  84  -1   0  19 0.04  0.0    0  6.3 15  80   M    M   2 1      22  70
 6  89  80  85   0   0  20 0.03  0.0    0  6.6 16 110   M    M   2 18     22 170
 7  88  75  82  -3   0  17 2.16  0.0    0  3.9 14 270   M    M   3 13     26 290
 8  88  73  81  -4   0  16 0.25  0.0    0  9.0 33 180   M    M   2 138    49 170
 9  88  76  82  -3   0  17 0.18  0.0    0  9.2 31 210   M    M   2 13     47 210
10  89  78  84   0   0  19 0.00  0.0    0 12.0 30 160   M    M   2 3      42 180
11  89  78  84   0   0  19 0.02  0.0    0  7.4 24 160   M    M   2 3      33 170
12  89  81  85   1   0  20    T  0.0    0  5.2 21 120   M    M   2 3      27 130
13  91  79  85   1   0  20    T  0.0    0  4.9 21 310   M    M   2 3      27  30
14  87  80  84   0   0  19    T  0.0    0  6.8 16 110   M    M   2 3      21 110
15  87  79  83  -1   0  18    T  0.0    0  5.1 16 180   M    M   1 3      23 180
16  88  77  83  -1   0  18 0.25  0.0    0  8.1 21 100   M    M   2 13     29 100
17  88  74  81  -3   0  16 1.66  0.0    0  7.2 23 160   M    M   5 123    30 160
18  89  79  84   0   0  19    T  0.0    0  5.2 20 170   M    M   2        26 100
19  88  79  84   0   0  19 0.00  0.0    0  5.6 10 130   M    M   2        18 140
20  90  79  85   1   0  20 0.17  0.0    0  3.7 17 130   M    M   3 138    22 120
21  91  81  86   2   0  21 0.00  0.0    0  5.4 12  30   M    M   1 3      17  70
22  91  81  86   2   0  21 0.00  0.0    0  4.8 14 360   M    M   1        19  10
23  92  80  86   2   0  21 0.00  0.0    0  4.7 13  30   M    M   1        20  20
24  92  78  85   1   0  20 0.05  0.0    0  5.6 15  50   M    M   2 13     22  40
25  90  79  85   1   0  20 0.06  0.0    0  6.0 20 110   M    M   2 13     25 110
26  87  76  82  -2   0  17 1.35  0.0    0 10.8 28 110   M    M   4 138    38 120
27  85  76  81  -2   0  16 4.18  0.0    0 29.0 55 160   M    M   9 1238   79 160
================================================================================
SM 2402 2120         0 513 11.00  0.0    205.3          M       61
================================================================================
AV 89.0 78.5                               7.6 FASTST   M    M   2    MAX(MPH)
                                 MISC ---->    55 160                 79 160
================================================================================
NOTES:
# LAST OF SEVERAL OCCURRENCES

COLUMN 17 PEAK WIND IN M.P.H.

PRELIMINARY LOCAL CLIMATOLOGICAL DATA (WS FORM: F-6) , PAGE 2

                                          STATION:   KEY WEST
                                          MONTH:     SEPTEMBER
                                          YEAR:      2022
                                          LATITUDE:   24 32 N
                                          LONGITUDE:  81 45 W

[TEMPERATURE DATA]      [PRECIPITATION DATA]       SYMBOLS USED IN COLUMN 16

AVERAGE MONTHLY: 83.7   TOTAL FOR MONTH:  11.00    1 = FOG OR MIST
DPTR FM NORMAL:  -0.6   DPTR FM NORMAL:    4.39    2 = FOG REDUCING VISIBILITY
HIGHEST:    92 ON 24,23  GRTST 24HR  5.36 ON 26-27      TO 1/4 MILE OR LESS
LOWEST:     73 ON  8                               3 = THUNDER
                        SNOW, ICE PELLETS, HAIL    4 = ICE PELLETS
                        TOTAL MONTH:   0.0 INCH    5 = HAIL
                        GRTST 24HR  0.0            6 = FREEZING RAIN OR DRIZZLE
                        GRTST DEPTH:  0            7 = DUSTSTORM OR SANDSTORM:
                                                       VSBY 1/2 MILE OR LESS
                                                   8 = SMOKE OR HAZE
[NO. OF DAYS WITH]      [WEATHER - DAYS WITH]      9 = BLOWING SNOW
                                                   X = TORNADO
MAX 32 OR BELOW:   0    0.01 INCH OR MORE:  14
MAX 90 OR ABOVE:   8    0.10 INCH OR MORE:   9
MIN 32 OR BELOW:   0    0.50 INCH OR MORE:   5
MIN  0 OR BELOW:   0    1.00 INCH OR MORE:   4

[HDD (BASE 65) ]
TOTAL THIS MO.     0    CLEAR  (SCALE 0-3)  23
DPTR FM NORMAL     0    PTCLDY (SCALE 4-7)   3
TOTAL FM JUL 1     0    CLOUDY (SCALE 8-10)  1
DPTR FM NORMAL     0

[CDD (BASE 65) ]
TOTAL THIS MO.   513
DPTR FM NORMAL    -7    [PRESSURE DATA]
TOTAL FM JAN 1  4008    HIGHEST SLP M ON M
DPTR FM NORMAL    52    LOWEST  SLP 29.48 ON 27

[REMARKS]
