000
CXUS54 KFWD 260730
CF6F44
PRELIMINARY LOCAL CLIMATOLOGICAL DATA (WS FORM: F-6)

                                          STATION:   ATHENS
                                          MONTH:     SEPTEMBER
                                          YEAR:      2022
                                          LATITUDE:   32  9 N
                                          LONGITUDE:  95 50 W

  TEMPERATURE IN F:       :PCPN:    SNOW:  WIND      :SUNSHINE: SKY     :PK WND
================================================================================
1   2   3   4   5  6A  6B    7    8   9   10  11  12  13   14  15   16   17  18
                                     12Z  AVG MX 2MIN
DY MAX MIN AVG DEP HDD CDD  WTR  SNW DPTH SPD SPD DIR MIN PSBL S-S WX    SPD DR
================================================================================

 1  90  72  81   M   0  16 0.19    M    M  0.6  4  80   M    M   2         M   M
 2  81  72  77   M   0  12 0.02    M    M  0.6  5 170   M    M   4         M   M
 3  90  73  82   M   0  17 0.00    M    M  1.7  9 180   M    M   3 12      M   M
 4  93  70  82   M   0  17 0.00    M    M  1.6 12 160   M    M   1 3      27 310
 5  91  66  79   M   0  14 0.00    M    M  2.0  7 160   M    M   1         M   M
 6  91  72  82   M   0  17 0.26    M    M  2.8 10 180   M    M   3 3       M   M
 7  91  72  82   M   0  17 0.00    M    M  2.0 12 140   M    M   2        22 140
 8  88  70  79   M   0  14 0.00    M    M  2.5  9  50   M    M   3         M   M
 9  88  64  76   M   0  11 0.00    M    M  1.5  7  40   M    M   1         M   M
10  88  63  76   M   0  11 0.00    M    M  1.0  5  50   M    M   1         M   M
11  86  66  76   M   0  11 0.00    M    M  5.0 14  10   M    M   0        18 360
12  82  63  73   M   0   8 0.00    M    M  1.6  6  30   M    M   0         M   M
13  86  59  73   M   0   8 0.00    M    M  1.6  6 170   M    M   1         M   M
14  86  55  71   M   0   6 0.00    M    M  2.3  9 160   M    M   0         M   M
15  88  59  74   M   0   9 0.00    M    M  1.6  8  40   M    M   0         M   M
16  90  63  77   M   0  12 0.00    M    M  3.3  9 170   M    M   2         M   M
17  91  72  82   M   0  17 0.00    M    M  3.6  8 180   M    M   4         M   M
18  91  70  81   M   0  16 0.00    M    M  2.2  7 160   M    M   0         M   M
19  91  70  81   M   0  16 0.00    M    M  0.8  8 190   M    M   0         M   M
20  93  68  81   M   0  16 0.00    M    M  1.1  8 180   M    M   0         M   M
21  95  68  82   M   0  17 0.00    M    M  0.7  5 180   M    M   0         M   M
22  97  66  82   M   0  17 0.00    M    M  0.9  5  10   M    M   0         M   M
23  95  70  83   M   0  18 0.00    M    M  1.6  7 120   M    M   0         M   M
24  93  68  81   M   0  16 0.00    M    M  1.8  8 150   M    M   0         M   M
25  95  63  79   M   0  14 0.00    M    M  0.7  6 200   M    M   1         M   M
================================================================================
SM 2250 1674         0 347  0.47    M     45.1          M       29
================================================================================
AV 90.0 67.0                               1.8 FASTST   M    M   1    MAX(MPH)
                                 MISC ---->    14  10                 27 310
================================================================================
NOTES:
# LAST OF SEVERAL OCCURRENCES

COLUMN 17 PEAK WIND IN M.P.H.

PRELIMINARY LOCAL CLIMATOLOGICAL DATA (WS FORM: F-6) , PAGE 2

                                          STATION:   ATHENS
                                          MONTH:     SEPTEMBER
                                          YEAR:      2022
                                          LATITUDE:   32  9 N
                                          LONGITUDE:  95 50 W

[TEMPERATURE DATA]      [PRECIPITATION DATA]       SYMBOLS USED IN COLUMN 16

AVERAGE MONTHLY: 78.5   TOTAL FOR MONTH:   0.47    1 = FOG OR MIST
DPTR FM NORMAL:   0.0   DPTR FM NORMAL:    0.47    2 = FOG REDUCING VISIBILITY
HIGHEST:    97 ON 22    GRTST 24HR  0.26 ON  6- 6      TO 1/4 MILE OR LESS
LOWEST:     55 ON 14                               3 = THUNDER
                        SNOW, ICE PELLETS, HAIL    4 = ICE PELLETS
                        TOTAL MONTH:  M            5 = HAIL
                        GRTST 24HR    M  ON   M    6 = FREEZING RAIN OR DRIZZLE
                        GRTST DEPTH:  M  ON   M    7 = DUSTSTORM OR SANDSTORM:
                                                       VSBY 1/2 MILE OR LESS
                                                   8 = SMOKE OR HAZE
[NO. OF DAYS WITH]      [WEATHER - DAYS WITH]      9 = BLOWING SNOW
                                                   X = TORNADO
MAX 32 OR BELOW:   0    0.01 INCH OR MORE:   3
MAX 90 OR ABOVE:  16    0.10 INCH OR MORE:   2
MIN 32 OR BELOW:   0    0.50 INCH OR MORE:   0
MIN  0 OR BELOW:   0    1.00 INCH OR MORE:   0

[HDD (BASE 65) ]
TOTAL THIS MO.     0    CLEAR  (SCALE 0-3)  22
DPTR FM NORMAL     M    PTCLDY (SCALE 4-7)   3
TOTAL FM JUL 1     0    CLOUDY (SCALE 8-10)  0
DPTR FM NORMAL     M

[CDD (BASE 65) ]
TOTAL THIS MO.   347
DPTR FM NORMAL     M    [PRESSURE DATA]
TOTAL FM JAN 1  2691    HIGHEST SLP M ON M
DPTR FM NORMAL     M    LOWEST  SLP M ON M

[REMARKS]
