000
CXUS54 KFWD 280731
CF6F46
PRELIMINARY LOCAL CLIMATOLOGICAL DATA (WS FORM: F-6)

                                          STATION:   ROCKWALL
                                          MONTH:     SEPTEMBER
                                          YEAR:      2022
                                          LATITUDE:   32 55 N
                                          LONGITUDE:  96 26 W

  TEMPERATURE IN F:       :PCPN:    SNOW:  WIND      :SUNSHINE: SKY     :PK WND
================================================================================
1   2   3   4   5  6A  6B    7    8   9   10  11  12  13   14  15   16   17  18
                                     12Z  AVG MX 2MIN
DY MAX MIN AVG DEP HDD CDD  WTR  SNW DPTH SPD SPD DIR MIN PSBL S-S WX    SPD DR
================================================================================

 1  88  71  80   M   0  15 0.36    M    M  2.3 10 150   M    M   5 3      18 150
 2  82  73  78   M   0  13 0.50    M    M  5.1 14 210   M    M   6         M   M
 3  94  72  83   M   0  18 0.01    M    M  2.3  7 240   M    M   1 1       M   M
 4  94  69  82   M   0  17 0.25    M    M  1.9 10 120   M    M   1 3      20 120
 5  90  67  79   M   0  14 0.03    M    M  4.4  8 210   M    M   1 3       M   M
 6  92  73  83   M   0  18 0.00    M    M  4.5 12 210   M    M   1         M   M
 7  93  73  83   M   0  18 0.00    M    M  3.3 12  50   M    M   1        17  50
 8  89  72  81   M   0  16 0.00    M    M  5.7  9 100   M    M   2         M   M
 9  87  68  78   M   0  13 0.00    M    M  4.5  7 110   M    M   1         M   M
10  88  63  76   M   0  11 0.00    M    M  2.7 10 100   M    M   0         M   M
11  83  68  76   M   0  11 0.00    M    M  7.0 15 360   M    M   1        21 350
12  85  61  73   M   0   8 0.00    M    M  3.4  7 350   M    M   0         M   M
13  88  64  76   M   0  11 0.00    M    M  5.5  8 120   M    M   1         M   M
14  87  63  75   M   0  10 0.00    M    M  5.9 10 150   M    M   0         M   M
15  87  62  75   M   0  10 0.00    M    M  5.4  7 140   M    M   0        17 160
16  90  68  79   M   0  14 0.00    M    M  7.0 12 200   M    M   2        16 200
17  92  73  83   M   0  18 0.00    M    M  8.1 13 210   M    M   3        18 230
18  92  73  83   M   0  18 0.00    M    M  7.0 12 230   M    M   0        17 200
19  93  73  83   M   0  18 0.00    M    M  5.4  9 230   M    M   1         M   M
20  94  73  84   M   0  19 0.00    M    M  5.6  8 210   M    M   0         M   M
21  95  72  84   M   0  19 0.00    M    M  5.0 10 200   M    M   0        12 200
22  97  69  83   M   0  18 0.00    M    M  3.3  7 220   M    M   0         M   M
23  94  70  82   M   0  17 0.00    M    M  5.5  9 130   M    M   0        17 120
24  94  73  84   M   0  19 0.00    M    M  7.1 13 210   M    M   0        17 210
25  95  71  83   M   0  18 0.00    M    M  4.5  9 260   M    M   1        21 230
26  86  63  75   M   0  10 0.00    M    M  6.5 14  50   M    M   0        21  50
27  87  56  72   M   0   7 0.00    M    M  3.7  9 140   M    M   0         M   M
================================================================================
SM 2436 1853         0 398  1.15    M    132.4          M       28
================================================================================
AV 90.2 68.6                               4.9 FASTST   M    M   1    MAX(MPH)
                                 MISC ---->    15 360               # 21 350
================================================================================
NOTES:
# LAST OF SEVERAL OCCURRENCES

COLUMN 17 PEAK WIND IN M.P.H.

PRELIMINARY LOCAL CLIMATOLOGICAL DATA (WS FORM: F-6) , PAGE 2

                                          STATION:   ROCKWALL
                                          MONTH:     SEPTEMBER
                                          YEAR:      2022
                                          LATITUDE:   32 55 N
                                          LONGITUDE:  96 26 W

[TEMPERATURE DATA]      [PRECIPITATION DATA]       SYMBOLS USED IN COLUMN 16

AVERAGE MONTHLY: 79.4   TOTAL FOR MONTH:   1.15    1 = FOG OR MIST
DPTR FM NORMAL:   0.0   DPTR FM NORMAL:    1.15    2 = FOG REDUCING VISIBILITY
HIGHEST:    97 ON 22    GRTST 24HR  0.50 ON  2- 2      TO 1/4 MILE OR LESS
LOWEST:     56 ON 27                               3 = THUNDER
                        SNOW, ICE PELLETS, HAIL    4 = ICE PELLETS
                        TOTAL MONTH:  M            5 = HAIL
                        GRTST 24HR    M  ON   M    6 = FREEZING RAIN OR DRIZZLE
                        GRTST DEPTH:  M  ON   M    7 = DUSTSTORM OR SANDSTORM:
                                                       VSBY 1/2 MILE OR LESS
                                                   8 = SMOKE OR HAZE
[NO. OF DAYS WITH]      [WEATHER - DAYS WITH]      9 = BLOWING SNOW
                                                   X = TORNADO
MAX 32 OR BELOW:   0    0.01 INCH OR MORE:   5
MAX 90 OR ABOVE:  15    0.10 INCH OR MORE:   3
MIN 32 OR BELOW:   0    0.50 INCH OR MORE:   1
MIN  0 OR BELOW:   0    1.00 INCH OR MORE:   0

[HDD (BASE 65) ]
TOTAL THIS MO.     0    CLEAR  (SCALE 0-3)  24
DPTR FM NORMAL     M    PTCLDY (SCALE 4-7)   3
TOTAL FM JUL 1     0    CLOUDY (SCALE 8-10)  0
DPTR FM NORMAL     M

[CDD (BASE 65) ]
TOTAL THIS MO.   398
DPTR FM NORMAL     M    [PRESSURE DATA]
TOTAL FM JAN 1  2840    HIGHEST SLP M ON M
DPTR FM NORMAL     M    LOWEST  SLP M ON M

[REMARKS]
