000
CXAK56 PAFG 280951
CF6FAI
PRELIMINARY LOCAL CLIMATOLOGICAL DATA (WS FORM: F-6)

                                          STATION:   FAIRBANKS AK
                                          MONTH:     SEPTEMBER
                                          YEAR:      2022
                                          LATITUDE:   64 49 N
                                          LONGITUDE: 147 52 W

  TEMPERATURE IN F:       :PCPN:    SNOW:  WIND      :SUNSHINE: SKY     :PK WND
================================================================================
1   2   3   4   5  6A  6B    7    8   9   10  11  12  13   14  15   16   17  18
                                     12Z  AVG MX 2MIN
DY MAX MIN AVG DEP HDD CDD  WTR  SNW DPTH SPD SPD DIR MIN PSBL S-S WX    SPD DR
================================================================================

 1  63  49  56   4   9   0    T  0.0    0  2.9 15 240   M    M   8        22 250
 2  65  44  55   3  10   0 0.01  0.0    0  2.8 12  40   M    M   7 12     14  40
 3  59  51  55   4  10   0    T  0.0    0  4.0  9 250   M    M   8        13 220
 4  61  48  55   4  10   0    T  0.0    0  7.7 20 250   M    M   8        26 250
 5  62  46  54   4  11   0 0.00  0.0    0  2.3  8 190   M    M   7        15  40
 6  61  46  54   4  11   0 0.14  0.0    0  2.8 15 320   M    M   7 1      18 320
 7  61  43  52   2  13   0 0.02  0.0    0  2.0  7  10   M    M   7 1       7  10
 8  59  41  50   1  15   0 0.02  0.0    0  7.4 15  60   M    M   8        20  70
 9  56  40  48  -1  17   0 0.02  0.0    0  3.7 17 260   M    M   9        25 230
10  54  39  47  -1  18   0 0.11  0.0    0  4.2 15 240   M    M   8 1      25 250
11  64  32  48   0  17   0 0.00  0.0    0  2.5  9  70   M    M   6 1      12  50
12  65  43  54   6  11   0 0.00  0.0    0  1.6  7  40   M    M   8         9  70
13  64  40  52   5  13   0 0.07  0.0    0  3.9 12  60   M    M   8 1      14  60
14  52  48  50   3  15   0 0.62  0.0    0  5.4 12 200   M    M  10 1      16 200
15  56  47  52   6  13   0 0.02  0.0    0  4.2 12  40   M    M   9 1      15  40
16  61  38  50   4  15   0    T  0.0    0  3.1 10  70   M    M   8 12     12  70
17  57  37  47   2  18   0 0.01  0.0    0  4.1 18 240   M    M   7        24 250
18  58  38  48   3  17   0    T  0.0    0  4.5 14 240   M    M   7        19 250
19  59  38  49   5  16   0 0.10  0.0    0  3.9 12 260   M    M   8        15 270
20  50  34  42  -2  23   0 0.04  0.0    0  4.3 12 140   M    M   8 1      15 230
21  45  32  39  -5  26   0 0.07  0.0    0  2.5  9 360   M    M   8 1      11 350
22  45  33  39  -4  26   0 0.07  0.0    0  3.3  8  70   M    M   9 1      10 200
23  47  32  40  -2  25   0 0.00  0.0    0  3.2  9  40   M    M   7        12  10
24  54  36  45   3  20   0    T  0.0    0  3.7  9  70   M    M   8        13  60
25  55  32  44   3  21   0 0.00  0.0    0  2.4  8  60   M    M   5        10  50
26  47  30  39  -2  26   0 0.02  0.0    0  3.7 10  80   M    M   9        12  70
27  42  32  37  -3  28   0 0.11  0.0    0  2.9  9  80   M    M   8 1      11  80
================================================================================
SM 1522 1069       454   0  1.45  0.0     99.0          M      210
================================================================================
AV 56.4 39.6                               3.7 FASTST   M    M   8    MAX(MPH)
                                 MISC ---->    20 250                 26 250
================================================================================
NOTES:
# LAST OF SEVERAL OCCURRENCES

COLUMN 17 PEAK WIND IN M.P.H.

PRELIMINARY LOCAL CLIMATOLOGICAL DATA (WS FORM: F-6) , PAGE 2

                                          STATION:   FAIRBANKS AK
                                          MONTH:     SEPTEMBER
                                          YEAR:      2022
                                          LATITUDE:   64 49 N
                                          LONGITUDE: 147 52 W

[TEMPERATURE DATA]      [PRECIPITATION DATA]       SYMBOLS USED IN COLUMN 16

AVERAGE MONTHLY: 48.0   TOTAL FOR MONTH:   1.45    1 = FOG OR MIST
DPTR FM NORMAL:   1.5   DPTR FM NORMAL:    0.21    2 = FOG REDUCING VISIBILITY
HIGHEST:    65 ON 12, 2  GRTST 24HR  0.69 ON 13-14      TO 1/4 MILE OR LESS
LOWEST:     30 ON 26                               3 = THUNDER
                        SNOW, ICE PELLETS, HAIL    4 = ICE PELLETS
                        TOTAL MONTH:   0.0 INCH    5 = HAIL
                        GRTST 24HR  0.0            6 = FREEZING RAIN OR DRIZZLE
                        GRTST DEPTH:  0            7 = DUSTSTORM OR SANDSTORM:
                                                       VSBY 1/2 MILE OR LESS
                                                   8 = SMOKE OR HAZE
[NO. OF DAYS WITH]      [WEATHER - DAYS WITH]      9 = BLOWING SNOW
                                                   X = TORNADO
MAX 32 OR BELOW:   0    0.01 INCH OR MORE:  16
MAX 90 OR ABOVE:   0    0.10 INCH OR MORE:   5
MIN 32 OR BELOW:   6    0.50 INCH OR MORE:   1
MIN  0 OR BELOW:   0    1.00 INCH OR MORE:   0

[HDD (BASE 65) ]
TOTAL THIS MO.   454    CLEAR  (SCALE 0-3)   0
DPTR FM NORMAL   -48    PTCLDY (SCALE 4-7)  20
TOTAL FM JUL 1   743    CLOUDY (SCALE 8-10)  7
DPTR FM NORMAL  -112

[CDD (BASE 65) ]
TOTAL THIS MO.     0
DPTR FM NORMAL     0    [PRESSURE DATA]
TOTAL FM JAN 1    83    HIGHEST SLP M ON M
DPTR FM NORMAL    15    LOWEST  SLP 29.24 ON  3

[REMARKS]
