000
CXUS56 KHNX 281208
CF6FAT
PRELIMINARY LOCAL CLIMATOLOGICAL DATA (WS FORM: F-6)

                                          STATION:   FRESNO CA
                                          MONTH:     SEPTEMBER
                                          YEAR:      2022
                                          LATITUDE:   36 46 N
                                          LONGITUDE: 119 43 W

  TEMPERATURE IN F:       :PCPN:    SNOW:  WIND      :SUNSHINE: SKY     :PK WND
================================================================================
1   2   3   4   5  6A  6B    7    8   9   10  11  12  13   14  15   16   17  18
                                     12Z  AVG MX 2MIN
DY MAX MIN AVG DEP HDD CDD  WTR  SNW DPTH SPD SPD DIR MIN PSBL S-S WX    SPD DR
================================================================================

 1 106  74  90  10   0  25 0.00  0.0    0  4.1 13 310   M    M   0        16 290
 2 111  77  94  14   0  29 0.00  0.0    0  7.8 20 310   M    M   3        24 320
 3 105  77  91  11   0  26 0.00  0.0    0  4.5 14 300   M    M   2        18 310
 4 107  75  91  11   0  26 0.00  0.0    0  5.6 13 290   M    M   2        16 290
 5 108  78  93  13   0  28 0.00  0.0    0  3.7 12 100   M    M   3        14 100
 6 114  80  97  17   0  32 0.00  0.0    0  5.2 14 300   M    M   1        17 310
 7 111  79  95  16   0  30 0.00  0.0    0  8.4 20 330   M    M   4        24 320
 8 106  78  92  13   0  27 0.00  0.0    0  5.0 15 130   M    M   2        21 150
 9 106  77  92  13   0  27 0.00  0.0    0  6.6 14 120   M    M   5 8      18 170
10  97  80  89  10   0  24    T  0.0    0  9.0 18 320   M    M   9 3      23 310
11  97  76  87   9   0  22 0.00  0.0    0  7.1 15 310   M    M   8        19 320
12  97  77  87   9   0  22 0.00  0.0    0  7.3 16 300   M    M   6        19 300
13  92  67  80   2   0  15 0.00  0.0    0  9.2 21 310   M    M   6        25 300
14  84  62  73  -5   0   8 0.00  0.0    0  9.6 18 310   M    M   1 8      24 320
15  84  62  73  -5   0   8 0.00  0.0    0  8.7 18 310   M    M   0        21 310
16  86  60  73  -4   0   8 0.00  0.0    0  6.8 15 320   M    M   1        19 320
17  88  63  76  -1   0  11 0.00  0.0    0  5.5 17 320   M    M   2        22 320
18  79  61  70  -7   0   5    T  0.0    0  6.9 16 160   M    M   8        23 150
19  75  63  69  -7   0   4 0.06  0.0    0  3.5 13 250   M    M   8        19 230
20  81  64  73  -3   0   8 0.00  0.0    0  5.5 13 280   M    M   7        15 220
21  82  62  72  -4   0   7 0.00  0.0    0  7.6 16 310   M    M   5        26  10
22  84  60  72  -4   0   7 0.00  0.0    0  6.8 13 290   M    M   0        16 340
23  91  61  76   1   0  11 0.00  0.0    0  3.7 13 290   M    M   1        16 280
24  96  63  80   5   0  15 0.00  0.0    0  4.1 10 300   M    M   1        13 300
25  97  67  82   8   0  17 0.00  0.0    0  4.0  9 320   M    M   3        13 240
26  99  69  84  10   0  19 0.00  0.0    0  5.6 13 310   M    M   2        17 310
27  97  68  83   9   0  18 0.00  0.0    0  6.3 13 310   M    M   4        16 300
================================================================================
SM 2580 1880         0 479  0.06  0.0    168.1          M       94
================================================================================
AV 95.6 69.6                               6.2 FASTST   M    M   3    MAX(MPH)
                                 MISC ---->    21 310                 26  10
================================================================================
NOTES:
# LAST OF SEVERAL OCCURRENCES

COLUMN 17 PEAK WIND IN M.P.H.

PRELIMINARY LOCAL CLIMATOLOGICAL DATA (WS FORM: F-6) , PAGE 2

                                          STATION:   FRESNO CA
                                          MONTH:     SEPTEMBER
                                          YEAR:      2022
                                          LATITUDE:   36 46 N
                                          LONGITUDE: 119 43 W

[TEMPERATURE DATA]      [PRECIPITATION DATA]       SYMBOLS USED IN COLUMN 16

AVERAGE MONTHLY: 82.6   TOTAL FOR MONTH:   0.06    1 = FOG OR MIST
DPTR FM NORMAL:   5.1   DPTR FM NORMAL:    0.02    2 = FOG REDUCING VISIBILITY
HIGHEST:   114 ON  6    GRTST 24HR  0.06 ON 18-19      TO 1/4 MILE OR LESS
LOWEST:     60 ON 22,16                             3 = THUNDER
                        SNOW, ICE PELLETS, HAIL    4 = ICE PELLETS
                        TOTAL MONTH:   0.0 INCH    5 = HAIL
                        GRTST 24HR  0.0            6 = FREEZING RAIN OR DRIZZLE
                        GRTST DEPTH:  0            7 = DUSTSTORM OR SANDSTORM:
                                                       VSBY 1/2 MILE OR LESS
                                                   8 = SMOKE OR HAZE
[NO. OF DAYS WITH]      [WEATHER - DAYS WITH]      9 = BLOWING SNOW
                                                   X = TORNADO
MAX 32 OR BELOW:   0    0.01 INCH OR MORE:   1
MAX 90 OR ABOVE:  18    0.10 INCH OR MORE:   0
MIN 32 OR BELOW:   0    0.50 INCH OR MORE:   0
MIN  0 OR BELOW:   0    1.00 INCH OR MORE:   0

[HDD (BASE 65) ]
TOTAL THIS MO.     0    CLEAR  (SCALE 0-3)  16
DPTR FM NORMAL     0    PTCLDY (SCALE 4-7)   8
TOTAL FM JUL 1     0    CLOUDY (SCALE 8-10)  3
DPTR FM NORMAL     0

[CDD (BASE 65) ]
TOTAL THIS MO.   479
DPTR FM NORMAL   141    [PRESSURE DATA]
TOTAL FM JAN 1  2638    HIGHEST SLP M ON M
DPTR FM NORMAL   567    LOWEST  SLP 29.45 ON  9

[REMARKS]
