000
CXUS52 KFFC 251010
CF6FFC
PRELIMINARY LOCAL CLIMATOLOGICAL DATA (WS FORM: F-6)

                                          STATION:   PEACHTREE CITY
                                          MONTH:     SEPTEMBER
                                          YEAR:      2022
                                          LATITUDE:   33 20 N
                                          LONGITUDE:  84 34 W

  TEMPERATURE IN F:       :PCPN:    SNOW:  WIND      :SUNSHINE: SKY     :PK WND
================================================================================
1   2   3   4   5  6A  6B    7    8   9   10  11  12  13   14  15   16   17  18
                                     12Z  AVG MX 2MIN
DY MAX MIN AVG DEP HDD CDD  WTR  SNW DPTH SPD SPD DIR MIN PSBL S-S WX    SPD DR
================================================================================

 1  93  65  79   1   0  14 0.00    M    M  2.5 13 130   M    M   2        18 120
 2  87  71  79   2   0  14 0.32    M    M  4.6 13  90   M    M   4 1      18  90
 3  89  71  80   3   0  15 0.00    M    M  5.6 14 120   M    M   3 1      19 130
 4  82  73  78   1   0  13 0.73    M    M  5.3 14 120   M    M   8 13     17 120
 5  86  72  79   2   0  14 0.16    M    M  2.7 16 280   M    M   8 1      24 270
 6  85  70  78   1   0  13 0.18    M    M  1.1 18 330   M    M   2 1      25 330
 7  88  71  80   4   0  15 0.00    M    M  4.4 13 320   M    M   0 1      20 310
 8  86  69  78   2   0  13 0.00    M    M  3.4 12  90   M    M   2        19  90
 9  77  70  74  -2   0   9 0.12    M    M  5.1 14 100   M    M   9 18     25  80
10  78  70  74  -2   0   9 0.06    M    M  4.7  9  90   M    M  10 18     17  90
11  84  73  79   3   0  14 0.00    M    M  2.5  8 150   M    M   8 1      13 170
12  85  66  76   1   0  11 0.03    M    M  4.3 10 310   M    M   4 1      15 310
13  82  57  70  -5   0   5 0.00    M    M  4.9 14 340   M    M   0        23 340
14  86  57  72  -3   0   7 0.00    M    M  2.3 10  10   M    M   0        15  20
15  85  60  73  -1   0   8 0.00  0.0    M  2.0 12  90   M    M   2 1      18  80
16  84  57  71  -3   0   6 0.00  0.0    M  2.5 13 130   M    M   1 1      19 130
17  85  59  72  -2   0   7 0.00  0.0    M  2.1 12  90   M    M   2 1      17  90
18  86  59  73  -1   0   8 0.00  0.0    M  1.5 10  40   M    M   0 1      16  10
19  89  62  76   3   0  11 0.00  0.0    M  2.0 14 320   M    M   2 1      19 330
20  92  63  78   5   0  13 0.02    M    M  2.5 16  20   M    M   3 138    26  20
21  93  65  79   6   0  14 0.00  0.0    M  0.6  9 130   M    M   1 1      13  90
22  95  65  80   8   0  15 0.00    M    0  7.4 18 320   M    M   1 1      28 330
23  82  54  68  -4   0   3 0.00    M    M  3.6 13  90   M    M   0        18  80
24  83  49  66  -6   0   1 0.00    M    M  1.2 10 120   M    M   0        14 110
================================================================================
SM 2062 1548         0 252  1.62  0.0     78.8          M       72
================================================================================
AV 85.9 64.5                               3.3 FASTST   M    M   3    MAX(MPH)
                                 MISC ---->  # 18 330                 28 330
================================================================================
NOTES:
# LAST OF SEVERAL OCCURRENCES

COLUMN 17 PEAK WIND IN M.P.H.

PRELIMINARY LOCAL CLIMATOLOGICAL DATA (WS FORM: F-6) , PAGE 2

                                          STATION:   PEACHTREE CITY
                                          MONTH:     SEPTEMBER
                                          YEAR:      2022
                                          LATITUDE:   33 20 N
                                          LONGITUDE:  84 34 W

[TEMPERATURE DATA]      [PRECIPITATION DATA]       SYMBOLS USED IN COLUMN 16

AVERAGE MONTHLY: 75.2   TOTAL FOR MONTH:   1.62    1 = FOG OR MIST
DPTR FM NORMAL:   0.2   DPTR FM NORMAL:   -1.11    2 = FOG REDUCING VISIBILITY
HIGHEST:    95 ON 22    GRTST 24HR  0.74 ON  4- 5      TO 1/4 MILE OR LESS
LOWEST:     49 ON 24                               3 = THUNDER
                        SNOW, ICE PELLETS, HAIL    4 = ICE PELLETS
                        TOTAL MONTH:   0.0 INCH    5 = HAIL
                        GRTST 24HR  0.0            6 = FREEZING RAIN OR DRIZZLE
                        GRTST DEPTH:  0            7 = DUSTSTORM OR SANDSTORM:
                                                       VSBY 1/2 MILE OR LESS
                                                   8 = SMOKE OR HAZE
[NO. OF DAYS WITH]      [WEATHER - DAYS WITH]      9 = BLOWING SNOW
                                                   X = TORNADO
MAX 32 OR BELOW:   0    0.01 INCH OR MORE:   8
MAX 90 OR ABOVE:   4    0.10 INCH OR MORE:   5
MIN 32 OR BELOW:   0    0.50 INCH OR MORE:   1
MIN  0 OR BELOW:   0    1.00 INCH OR MORE:   0

[HDD (BASE 65) ]
TOTAL THIS MO.     0    CLEAR  (SCALE 0-3)  17
DPTR FM NORMAL     0    PTCLDY (SCALE 4-7)   5
TOTAL FM JUL 1     0    CLOUDY (SCALE 8-10)  2
DPTR FM NORMAL     0

[CDD (BASE 65) ]
TOTAL THIS MO.   252
DPTR FM NORMAL    10    [PRESSURE DATA]
TOTAL FM JAN 1  1971    HIGHEST SLP M ON M
DPTR FM NORMAL   145    LOWEST  SLP 29.76 ON  8

[REMARKS]
