000
CXUS55 KPSR 281005
CF6FFZ
PRELIMINARY LOCAL CLIMATOLOGICAL DATA (WS FORM: F-6)

                                          STATION:   MESA FALCON FIELD AZ
                                          MONTH:     SEPTEMBER
                                          YEAR:      2022
                                          LATITUDE:   33 28 N
                                          LONGITUDE: 111 44 W

  TEMPERATURE IN F:       :PCPN:    SNOW:  WIND      :SUNSHINE: SKY     :PK WND
================================================================================
1   2   3   4   5  6A  6B    7    8   9   10  11  12  13   14  15   16   17  18
                                     12Z  AVG MX 2MIN
DY MAX MIN AVG DEP HDD CDD  WTR  SNW DPTH SPD SPD DIR MIN PSBL S-S WX    SPD DR
================================================================================

 1 105  86  96   M   0  31 0.00    M    M  5.8 25 130   M    M   0 3      39 100
 2 106  84  95   M   0  30 0.00    M    M  4.3 18  40   M    M   0 3      27  50
 3 106  84  95   M   0  30 0.00    M    M  6.7 20 150   M    M   0        27 140
 4 107  87  97   M   0  32 0.00    M    M  7.5 18 130   M    M   0        25 150
 5 107  84  96   M   0  31 0.00    M    M  2.7  9 130   M    M   0        15  50
 6 108  88  98   M   0  33 0.00    M    M  7.7 16 150   M    M   0        23 140
 7 105  84  95   M   0  30 0.00    M    M  5.5 16 200   M    M   0        23 200
 8 103  83  93   M   0  28 0.00    M    M  5.9 14 240   M    M   0        18 190
 9  97  75  86   M   0  21 0.06    M    M  6.3 24 250   M    M   1        33 250
10  92  74  83   M   0  18 0.11    M    M  3.9 12 280   M    M   2 1      16 290
11 101  71  86   M   0  21 0.92    M    M  6.4 39 140   M    M   2 138    58 130
12  95  75  85   M   0  20    T    M    M  7.3 15  30   M    M   2        21  40
13  94  77  86   M   0  21 0.19    M    M  6.7 18 210   M    M   2 3      24 210
14  95  75  85   M   0  20 0.00    M    M  4.7 13 180   M    M   0        18 170
15  95  75  85   M   0  20 0.00    M    M  3.7 13 230   M    M   0        17 230
16  95  77  86   M   0  21 0.00    M    M  3.5 10 180   M    M   0        17 260
17  98  74  86   M   0  21 0.00    M    M  4.3 16 220   M    M   0        20 200
18 101  73  87   M   0  22 0.00    M    M  4.1 12 220   M    M   0        17 170
19 102  76  89   M   0  24 0.00    M    M  3.8 12 280   M    M   0        17 280
20  96  75  86   M   0  21 0.09    M    M  6.1 28 230   M    M   2 3      36 240
21  89  75  82   M   0  17 0.06    M    M  3.9 14 280   M    M   5        21 110
22  94  77  86   M   0  21 0.07    M    M  2.6  9 300   M    M   2 18     14 290
23  99  77  88   M   0  23    T    M    M  6.4 29  20   M    M   0 3      41  10
24 101  76  89   M   0  24 0.00    M    M  6.0 14 280   M    M   0        19  30
25 102  78  90   M   0  25 0.00    M    M  6.2 13 300   M    M   0        17 300
26 103  80  92   M   0  27 0.00    M    M  8.4 18  80   M    M   1 3      28  90
27 101  84  93   M   0  28    T    M    M  8.2 18 130   M    M   0        27 120
================================================================================
SM 2697 2124         0 660  1.50    M    148.6          M       19
================================================================================
AV 99.9 78.7                               5.5 FASTST   M    M   1    MAX(MPH)
                                 MISC ---->    39 140                 58 130
================================================================================
NOTES:
# LAST OF SEVERAL OCCURRENCES

COLUMN 17 PEAK WIND IN M.P.H.

PRELIMINARY LOCAL CLIMATOLOGICAL DATA (WS FORM: F-6) , PAGE 2

                                          STATION:   MESA FALCON FIELD AZ
                                          MONTH:     SEPTEMBER
                                          YEAR:      2022
                                          LATITUDE:   33 28 N
                                          LONGITUDE: 111 44 W

[TEMPERATURE DATA]      [PRECIPITATION DATA]       SYMBOLS USED IN COLUMN 16

AVERAGE MONTHLY: 89.3   TOTAL FOR MONTH:   1.50    1 = FOG OR MIST
DPTR FM NORMAL:   0.0   DPTR FM NORMAL:    1.50    2 = FOG REDUCING VISIBILITY
HIGHEST:   108 ON  6    GRTST 24HR  0.92 ON 11-11      TO 1/4 MILE OR LESS
LOWEST:     71 ON 11                               3 = THUNDER
                        SNOW, ICE PELLETS, HAIL    4 = ICE PELLETS
                        TOTAL MONTH:  M            5 = HAIL
                        GRTST 24HR    M  ON   M    6 = FREEZING RAIN OR DRIZZLE
                        GRTST DEPTH:  M  ON   M    7 = DUSTSTORM OR SANDSTORM:
                                                       VSBY 1/2 MILE OR LESS
                                                   8 = SMOKE OR HAZE
[NO. OF DAYS WITH]      [WEATHER - DAYS WITH]      9 = BLOWING SNOW
                                                   X = TORNADO
MAX 32 OR BELOW:   0    0.01 INCH OR MORE:   7
MAX 90 OR ABOVE:  26    0.10 INCH OR MORE:   3
MIN 32 OR BELOW:   0    0.50 INCH OR MORE:   1
MIN  0 OR BELOW:   0    1.00 INCH OR MORE:   0

[HDD (BASE 65) ]
TOTAL THIS MO.     0    CLEAR  (SCALE 0-3)  26
DPTR FM NORMAL     M    PTCLDY (SCALE 4-7)   1
TOTAL FM JUL 1     0    CLOUDY (SCALE 8-10)  0
DPTR FM NORMAL     M

[CDD (BASE 65) ]
TOTAL THIS MO.   660
DPTR FM NORMAL     M    [PRESSURE DATA]
TOTAL FM JAN 1  4171    HIGHEST SLP M ON M
DPTR FM NORMAL     M    LOWEST  SLP 29.56 ON  9

[REMARKS]
