000
CXUS53 KFGF 280815
CF6FGF
PRELIMINARY LOCAL CLIMATOLOGICAL DATA (WS FORM: F-6)

                                          STATION:   GRAND FORKS UNIV. (NWS) ND
                                          MONTH:     SEPTEMBER
                                          YEAR:      2022
                                          LATITUDE:   47 55 N
                                          LONGITUDE:  97  6 W

  TEMPERATURE IN F:       :PCPN:    SNOW:  WIND      :SUNSHINE: SKY     :PK WND
================================================================================
1   2   3   4   5  6A  6B    7    8   9   10  11  12  13   14  15   16   17  18
                                     12Z  AVG MX 2MIN
DY MAX MIN AVG DEP HDD CDD  WTR  SNW DPTH SPD SPD DIR MIN PSBL S-S WX    SPD DR
================================================================================

 1  89  61  75  11   0  10 0.00  0.0    0    M  M   M   M    M   M         M   M
 2  76  54  65   1   0   0 0.00  0.0    0    M  M   M   M    M   M         M   M
 3  75  46  61  -3   4   0 0.00  0.0    0    M  M   M   M    M   M         M   M
 4  76  51  64   1   1   0 0.00  0.0    0    M  M   M   M    M   M         M   M
 5  80  57  69   6   0   4 0.00  0.0    0    M  M   M   M    M   M         M   M
 6  83  56  70   8   0   5 0.00  0.0    0    M  M   M   M    M   M         M   M
 7  83  49  66   4   0   1 0.00  0.0    0    M  M   M   M    M   M         M   M
 8  81  60  71  10   0   6 0.01  0.0    0    M  M   M   M    M   M         M   M
 9  69  51  60  -1   5   0 0.00  0.0    0    M  M   M   M    M   M         M   M
10  72  44  58  -2   7   0 0.00  0.0    0    M  M   M   M    M   M         M   M
11  79  40  60   0   5   0 0.00  0.0    0    M  M   M   M    M   M         M   M
12  85  47  66   6   0   1 0.00  0.0    0    M  M   M   M    M   M         M   M
13  70  49  60   1   5   0 0.00  0.0    0    M  M   M   M    M   M         M   M
14  73  47  60   1   5   0 0.00  0.0    0    M  M   M   M    M   M         M   M
15  69  57  63   5   2   0 0.08  0.0    0    M  M   M   M    M   M         M   M
16  59  57  58   0   7   0 0.03  0.0    0    M  M   M   M    M   M         M   M
17  69  54  62   5   3   0    T  0.0    0    M  M   M   M    M   M         M   M
18  79  48  64   7   1   0 0.00  0.0    0    M  M   M   M    M   M         M   M
19  78  51  65   9   0   0 0.21  0.0    0    M  M   M   M    M   M 3       M   M
20  71  54  63   7   2   0 0.01  0.0    0    M  M   M   M    M   M         M   M
21  60  48  54  -2  11   0 0.03  0.0    0    M  M   M   M    M   M         M   M
22  60  38  49  -6  16   0 0.00  0.0    0    M  M   M   M    M   M         M   M
23  60  50  55   0  10   0 0.01  0.0    0    M  M   M   M    M   M         M   M
24  68  51  60   6   5   0 0.05  0.0    0    M  M   M   M    M   M         M   M
25  68  47  58   4   7   0 0.00  0.0    0    M  M   M   M    M   M         M   M
26  67  41  54   1  11   0 0.00  0.0    0    M  M   M   M    M   M         M   M
27  59  36  48  -5  17   0 0.00  0.0    0    M  M   M   M    M   M         M   M
================================================================================
SM 1958 1344       124  27  0.43  0.0        M          M        M
================================================================================
AV 72.5 49.8                                 M FASTST   M    M   M    MAX(MPH)
                                 MISC ---->     M   M                  M   M
================================================================================
NOTES:
# LAST OF SEVERAL OCCURRENCES

COLUMN 17 PEAK WIND IN M.P.H.

PRELIMINARY LOCAL CLIMATOLOGICAL DATA (WS FORM: F-6) , PAGE 2

                                          STATION:   GRAND FORKS UNIV. (NWS) ND
                                          MONTH:     SEPTEMBER
                                          YEAR:      2022
                                          LATITUDE:   47 55 N
                                          LONGITUDE:  97  6 W

[TEMPERATURE DATA]      [PRECIPITATION DATA]       SYMBOLS USED IN COLUMN 16

AVERAGE MONTHLY: 61.1   TOTAL FOR MONTH:   0.43    1 = FOG OR MIST
DPTR FM NORMAL:   2.5   DPTR FM NORMAL:   -1.42    2 = FOG REDUCING VISIBILITY
HIGHEST:    89 ON  1    GRTST 24HR  0.21 ON 19-19      TO 1/4 MILE OR LESS
LOWEST:     36 ON 27                               3 = THUNDER
                        SNOW, ICE PELLETS, HAIL    4 = ICE PELLETS
                        TOTAL MONTH:   0.0 INCH    5 = HAIL
                        GRTST 24HR  0.0            6 = FREEZING RAIN OR DRIZZLE
                        GRTST DEPTH:  0            7 = DUSTSTORM OR SANDSTORM:
                                                       VSBY 1/2 MILE OR LESS
                                                   8 = SMOKE OR HAZE
[NO. OF DAYS WITH]      [WEATHER - DAYS WITH]      9 = BLOWING SNOW
                                                   X = TORNADO
MAX 32 OR BELOW:   0    0.01 INCH OR MORE:   8
MAX 90 OR ABOVE:   0    0.10 INCH OR MORE:   1
MIN 32 OR BELOW:   0    0.50 INCH OR MORE:   0
MIN  0 OR BELOW:   0    1.00 INCH OR MORE:   0

[HDD (BASE 65) ]
TOTAL THIS MO.   124    CLEAR  (SCALE 0-3)   0
DPTR FM NORMAL   -78    PTCLDY (SCALE 4-7)   0
TOTAL FM JUL 1   137    CLOUDY (SCALE 8-10) 27
DPTR FM NORMAL  -129

[CDD (BASE 65) ]
TOTAL THIS MO.    27
DPTR FM NORMAL    -1    [PRESSURE DATA]
TOTAL FM JAN 1   539    HIGHEST SLP M ON M
DPTR FM NORMAL    79    LOWEST  SLP M ON M

[REMARKS]
