000
CXUS53 KMKX 280810
CF6FLD
PRELIMINARY LOCAL CLIMATOLOGICAL DATA (WS FORM: F-6)

                                          STATION:   FOND_DU_LAC WI
                                          MONTH:     SEPTEMBER
                                          YEAR:      2022
                                          LATITUDE:   43 46 N
                                          LONGITUDE:  88 29 W

  TEMPERATURE IN F:       :PCPN:    SNOW:  WIND      :SUNSHINE: SKY     :PK WND
================================================================================
1   2   3   4   5  6A  6B    7    8   9   10  11  12  13   14  15   16   17  18
                                     12Z  AVG MX 2MIN
DY MAX MIN AVG DEP HDD CDD  WTR  SNW DPTH SPD SPD DIR MIN PSBL S-S WX    SPD DR
================================================================================

 1  86  60  73   6   0   8    T    M    M  7.2 16 200   M    M   0        22 220
 2  82  68  75   9   0  10 0.03    M    M  9.8 20 200   M    M   1 3      29 200
 3  73  58  66   0   0   1    T    M    M  9.3 20  30   M    M   6 1      28  30
 4  75  51  63  -3   2   0 0.00    M    M  8.5 20  30   M    M   7        25  20
 5  74  53  64  -2   1   0 0.00    M    M  6.2 15  20   M    M   6        21  40
 6  76  55  66   1   0   1 0.00    M    M  3.4 10  30   M    M   8 1      15  40
 7  84  52  68   3   0   3    T    M    M  3.4 10 310   M    M   3 128    18 330
 8  84  57  71   6   0   6 0.00    M    M  6.4 17 210   M    M   0 12     25 200
 9  83  59  71   7   0   6 0.00    M    M  9.6 21 190   M    M   0        25 200
10  73  59  66   2   0   1 0.41    M    M  7.3 16 360   M    M   7 18     21 360
11  61  55  58  -6   7   0 2.28    M    M 14.1 21 340   M    M  10 1      33 350
12  66  55  61  -2   4   0 0.56    M    M 12.5 25 340   M    M  10 18     39 360
13  77  56  67   4   0   2 0.03    M    M  6.6 10 300   M    M   3 1      15 300
14  73  55  64   1   1   0 0.00    M    M  6.4 14  30   M    M   2        18  30
15  79  52  66   4   0   1    T    M    M  7.4 17 200   M    M   0        23 190
16  82  62  72  10   0   7 0.00    M    M  9.0 21 190   M    M   0        27 190
17  83  63  73  11   0   8    T    M    M  9.4 20 200   M    M   2        27 200
18  78  65  72  11   0   7 0.00    M    M  6.1 15 230   M    M   4 3      24 220
19  80  57  69   8   0   4 0.00    M    M  3.9  8 180   M    M   0 1      11 290
20  80  58  69   9   0   4 0.03    M    M  8.6 28 330   M    M   2 13     42 330
21  73  53  63   3   2   0    T    M    M 10.0 25 320   M    M   2 1      33 320
22  62  41  52  -8  13   0 0.00    M    M  7.8 21 360   M    M   1        30 360
23  65  38  52  -7  13   0 0.00    M    M  6.2 15 190   M    M   3        23 160
24  59  51  55  -4  10   0 0.07    M    M  5.3 13 210   M    M  10        18 200
25  66  50  58   0   7   0 0.33    M    M  9.7 25 320   M    M   8 3      42 300
26  59  48  54  -4  11   0 0.01    M    M 12.7 24 310   M    M   7        36 290
27  55  41  48 -10  17   0    T    M    M 11.2 21 340   M    M   7        29 340
================================================================================
SM 1988 1472        88  69  3.75    M    218.0          M      109
================================================================================
AV 73.6 54.5                               8.1 FASTST   M    M   4    MAX(MPH)
                                 MISC ---->    28 330               # 42 330
================================================================================
NOTES:
# LAST OF SEVERAL OCCURRENCES

COLUMN 17 PEAK WIND IN M.P.H.

PRELIMINARY LOCAL CLIMATOLOGICAL DATA (WS FORM: F-6) , PAGE 2

                                          STATION:   FOND_DU_LAC WI
                                          MONTH:     SEPTEMBER
                                          YEAR:      2022
                                          LATITUDE:   43 46 N
                                          LONGITUDE:  88 29 W

[TEMPERATURE DATA]      [PRECIPITATION DATA]       SYMBOLS USED IN COLUMN 16

AVERAGE MONTHLY: 64.1   TOTAL FOR MONTH:   3.75    1 = FOG OR MIST
DPTR FM NORMAL:   1.6   DPTR FM NORMAL:    1.15    2 = FOG REDUCING VISIBILITY
HIGHEST:    86 ON  1    GRTST 24HR  2.45 ON 10-11      TO 1/4 MILE OR LESS
LOWEST:     38 ON 23                               3 = THUNDER
                        SNOW, ICE PELLETS, HAIL    4 = ICE PELLETS
                        TOTAL MONTH:  M            5 = HAIL
                        GRTST 24HR    M  ON   M    6 = FREEZING RAIN OR DRIZZLE
                        GRTST DEPTH:  M  ON   M    7 = DUSTSTORM OR SANDSTORM:
                                                       VSBY 1/2 MILE OR LESS
                                                   8 = SMOKE OR HAZE
[NO. OF DAYS WITH]      [WEATHER - DAYS WITH]      9 = BLOWING SNOW
                                                   X = TORNADO
MAX 32 OR BELOW:   0    0.01 INCH OR MORE:   9
MAX 90 OR ABOVE:   0    0.10 INCH OR MORE:   4
MIN 32 OR BELOW:   0    0.50 INCH OR MORE:   2
MIN  0 OR BELOW:   0    1.00 INCH OR MORE:   1

[HDD (BASE 65) ]
TOTAL THIS MO.    88    CLEAR  (SCALE 0-3)  14
DPTR FM NORMAL   -35    PTCLDY (SCALE 4-7)   8
TOTAL FM JUL 1    90    CLOUDY (SCALE 8-10)  5
DPTR FM NORMAL   -64

[CDD (BASE 65) ]
TOTAL THIS MO.    69
DPTR FM NORMAL    15    [PRESSURE DATA]
TOTAL FM JAN 1   734    HIGHEST SLP M ON M
DPTR FM NORMAL   160    LOWEST  SLP 29.70 ON 21

[REMARKS]
