000
CXUS52 KMFL 281030
CF6FLL
PRELIMINARY LOCAL CLIMATOLOGICAL DATA (WS FORM: F-6)

                                          STATION:   FORT LAUDERDALE
                                          MONTH:     SEPTEMBER
                                          YEAR:      2022
                                          LATITUDE:   26  4 N
                                          LONGITUDE:  80  9 W

  TEMPERATURE IN F:       :PCPN:    SNOW:  WIND      :SUNSHINE: SKY     :PK WND
================================================================================
1   2   3   4   5  6A  6B    7    8   9   10  11  12  13   14  15   16   17  18
                                     12Z  AVG MX 2MIN
DY MAX MIN AVG DEP HDD CDD  WTR  SNW DPTH SPD SPD DIR MIN PSBL S-S WX    SPD DR
================================================================================

 1  92  79  86   3   0  21 0.00  0.0    0  5.0 17 140   M    M   2 3      23 130
 2  92  78  85   2   0  20 0.00  0.0    0  8.0 17 120   M    M   2        22 110
 3  91  77  84   1   0  19 0.25  0.0    0  9.1 20  60   M    M   2 18     25  60
 4  92  83  88   5   0  23 0.00  0.0    0  9.4 15  70   M    M   2        20 110
 5  91  79  85   2   0  20 0.05  0.0    0  8.1 15  90   M    M   2 18     19  90
 6  94  82  88   5   0  23 0.00  0.0    0  7.0 14 100   M    M   4 3      20 100
 7  92  80  86   3   0  21 0.00  0.0    0  5.1 15  90   M    M   4 3      20 110
 8  92  77  85   2   0  20 0.50  0.0    0  4.8 26 240   M    M   4 138    37 180
 9  91  76  84   1   0  19 0.75  0.0    0  5.1 26 230   M    M   6 138    33 220
10  93  80  87   4   0  22 0.00  0.0    0  8.0 20 140   M    M   7        26 140
11  92  79  86   3   0  21 0.00  0.0    0  6.5 18 280   M    M   5 3      30  90
12  91  78  85   2   0  20 0.00    M    0  4.2 17 270   M    M   3 3      22 120
13  92  76  84   1   0  19    T  0.0    0  5.7 18 230   M    M   6 38     26 240
14  88  76  82  -1   0  17    T  0.0    0  3.1 24 170   M    M   6 138    28 170
15  90  74  82  -1   0  17 0.30  0.0    0  4.3 20 210   M    M   8 138    25 210
16  89  74  82  -1   0  17    T  0.0    0  5.5 16  90   M    M   7 3      21  50
17  89  73  81  -2   0  16 0.48  0.0    0  9.7 22 200   M    M   8 13     29 210
18  87  73  80  -3   0  15 0.40  0.0    0  4.6 15 350   M    M   7 13     18 360
19  89  77  83   0   0  18 0.00  0.0    M  4.6 15 120   M    M   5 3      17 130
20  90  78  84   1   0  19 0.00  0.0    M  6.1 16  90   M    M   4        21 100
21  90  78  84   2   0  19    T  0.0    0  6.0 16 320   M    M   5 138    23 330
22  92  77  85   3   0  20    T  0.0    0  4.3 16 140   M    M   5 138    18 150
23  93  77  85   3   0  20 0.00  0.0    0  5.3 14 100   M    M   2        19 340
24  89  78  84   2   0  19    T  0.0    0  3.5 16 310   M    M   6 138    21 310
25  93  77  85   3   0  20 0.00  0.0    0  6.8 21  90   M    M   3        36  80
26  89  75  82   0   0  17    M  0.0    0  6.1 23 160   M    M   7 13     29 160
27  83  76  80  -2   0  15    M    M    M 16.4 35 120   M    M   9 138    42 120
================================================================================
SM 2446 2087         0 517  2.73  0.0    172.3          M      131
================================================================================
AV 90.6 77.3                               6.4 FASTST   M    M   5    MAX(MPH)
                                 MISC ---->    35 120                 42 120
================================================================================
NOTES:
# LAST OF SEVERAL OCCURRENCES

COLUMN 17 PEAK WIND IN M.P.H.

PRELIMINARY LOCAL CLIMATOLOGICAL DATA (WS FORM: F-6) , PAGE 2

                                          STATION:   FORT LAUDERDALE
                                          MONTH:     SEPTEMBER
                                          YEAR:      2022
                                          LATITUDE:   26  4 N
                                          LONGITUDE:  80  9 W

[TEMPERATURE DATA]      [PRECIPITATION DATA]       SYMBOLS USED IN COLUMN 16

AVERAGE MONTHLY: 83.9   TOTAL FOR MONTH:   2.73    1 = FOG OR MIST
DPTR FM NORMAL:   1.2   DPTR FM NORMAL:   -4.58    2 = FOG REDUCING VISIBILITY
HIGHEST:    94 ON  6    GRTST 24HR  0.75 ON  9- 9      TO 1/4 MILE OR LESS
LOWEST:     73 ON 18,17                             3 = THUNDER
                        SNOW, ICE PELLETS, HAIL    4 = ICE PELLETS
                        TOTAL MONTH:   0.0 INCH    5 = HAIL
                        GRTST 24HR  0.0            6 = FREEZING RAIN OR DRIZZLE
                        GRTST DEPTH:  0            7 = DUSTSTORM OR SANDSTORM:
                                                       VSBY 1/2 MILE OR LESS
                                                   8 = SMOKE OR HAZE
[NO. OF DAYS WITH]      [WEATHER - DAYS WITH]      9 = BLOWING SNOW
                                                   X = TORNADO
MAX 32 OR BELOW:   0    0.01 INCH OR MORE:   7
MAX 90 OR ABOVE:  19    0.10 INCH OR MORE:   6
MIN 32 OR BELOW:   0    0.50 INCH OR MORE:   2
MIN  0 OR BELOW:   0    1.00 INCH OR MORE:   0

[HDD (BASE 65) ]
TOTAL THIS MO.     0    CLEAR  (SCALE 0-3)   7
DPTR FM NORMAL     0    PTCLDY (SCALE 4-7)  19
TOTAL FM JUL 1     0    CLOUDY (SCALE 8-10)  1
DPTR FM NORMAL     0

[CDD (BASE 65) ]
TOTAL THIS MO.   517
DPTR FM NORMAL    35    [PRESSURE DATA]
TOTAL FM JAN 1  3925    HIGHEST SLP M ON M
DPTR FM NORMAL   375    LOWEST  SLP 29.71 ON  8

[REMARKS]
