000
CXUS52 KILM 281000
CF6FLO
PRELIMINARY LOCAL CLIMATOLOGICAL DATA (WS FORM: F-6)

                                          STATION:   FLORENCE SOUTH  CAROLINA
                                          MONTH:     SEPTEMBER
                                          YEAR:      2022
                                          LATITUDE:   34 10 N
                                          LONGITUDE:  79 43 W

  TEMPERATURE IN F:       :PCPN:    SNOW:  WIND      :SUNSHINE: SKY     :PK WND
================================================================================
1   2   3   4   5  6A  6B    7    8   9   10  11  12  13   14  15   16   17  18
                                     12Z  AVG MX 2MIN
DY MAX MIN AVG DEP HDD CDD  WTR  SNW DPTH SPD SPD DIR MIN PSBL S-S WX    SPD DR
================================================================================

 1  87  72  80   1   0  15 0.00    M    M  4.2 12  50   M    M   0 8      16  20
 2  90  66  78  -1   0  13 0.00    M    M  4.4 15 140   M    M   0 1      20 150
 3  91  69  80   1   0  15    T    M    M  4.8 20 160   M    M   2 3      24 160
 4  91  71  81   3   0  16 0.00    M    M  5.8 16 140   M    M   2 1      20 110
 5  86  71  79   1   0  14 0.70    M    M  4.8 18 180   M    M   3 13     24 170
 6  92  74  83   5   0  18    T    M    M  5.8 15 280   M    M   5 1      20 270
 7  91  73  82   4   0  17 0.92    M    M  5.0 18  70   M    M   4 13     24  70
 8  85  70  78   0   0  13 0.00    M    M  7.9 15  60   M    M   6        19  20
 9  82  66  74  -3   0   9 0.00    M    M  8.9 17  40   M    M   3        24  50
10  87  70  79   2   0  14 0.25    M    M  5.8 20 210   M    M   7 13     26 210
11  90  73  82   5   0  17 0.27    M    M  6.1 16 240   M    M   4 1      24 240
12  88  74  81   4   0  16 0.00    M    M  5.9 15 230   M    M   1        20 220
13  88  69  79   3   0  14 0.00    M    M  5.8 15 250   M    M   1        20 250
14  84  62  73  -3   0   8 0.00    M    M  6.2 14  30   M    M   1        17  30
15  84  63  74  -2   0   9 0.00    M    M  6.2 16  40   M    M   0        23  50
16  85  60  73  -3   0   8 0.00    M    M  4.2 14  90   M    M   1 8      19  70
17  84  60  72  -3   0   7 0.00    M    M  5.1 15  50   M    M   2 1      21  40
18  88  66  77   2   0  12 0.00    M    M  5.3 14  80   M    M   2        17  80
19  89  66  78   3   0  13 0.00    M    M  4.5 13  20   M    M   0        17 360
20  92  63  78   3   0  13 0.00    M    M  1.7 12 350   M    M   0 1      15 350
21  93  67  80   6   0  15 0.00    M    M  3.4  9 160   M    M   1        11 160
22  97  67  82   8   0  17 0.05    M    M  8.5 38 330   M    M   0 1       M   M
23  79  55  67  -7   0   2 0.00    M    M  8.1 26 340   M    M   M         M   M
24  81  46  64  -9   1   0 0.00    M    M  2.6 13 130   M    M   M         M   M
25  86  57  72  -1   0   7 0.00    M    M  8.7 18 220   M    M   1        25 180
26  90  59  75   2   0  10 0.00    M    M  4.6 17 260   M    M   0        23 280
27  80  57  69  -3   0   4 0.00    M    M  5.3 14  20   M    M   0 8      19  20
================================================================================
SM 2360 1766         1 316  2.19    M    149.6          M       46
================================================================================
AV 87.4 65.4                               5.5 FASTST   M    M   2    MAX(MPH)
                                 MISC ---->    38 330                 26 210
================================================================================
NOTES:
# LAST OF SEVERAL OCCURRENCES

COLUMN 17 PEAK WIND IN M.P.H.

PRELIMINARY LOCAL CLIMATOLOGICAL DATA (WS FORM: F-6) , PAGE 2

                                          STATION:   FLORENCE SOUTH  CAROLINA
                                          MONTH:     SEPTEMBER
                                          YEAR:      2022
                                          LATITUDE:   34 10 N
                                          LONGITUDE:  79 43 W

[TEMPERATURE DATA]      [PRECIPITATION DATA]       SYMBOLS USED IN COLUMN 16

AVERAGE MONTHLY: 76.4   TOTAL FOR MONTH:   2.19    1 = FOG OR MIST
DPTR FM NORMAL:   0.4   DPTR FM NORMAL:   -1.91    2 = FOG REDUCING VISIBILITY
HIGHEST:    97 ON 22    GRTST 24HR  0.92 ON  7- 7      TO 1/4 MILE OR LESS
LOWEST:     46 ON 24                               3 = THUNDER
                        SNOW, ICE PELLETS, HAIL    4 = ICE PELLETS
                        TOTAL MONTH:  M            5 = HAIL
                        GRTST 24HR    M  ON   M    6 = FREEZING RAIN OR DRIZZLE
                        GRTST DEPTH:  M  ON   M    7 = DUSTSTORM OR SANDSTORM:
                                                       VSBY 1/2 MILE OR LESS
                                                   8 = SMOKE OR HAZE
[NO. OF DAYS WITH]      [WEATHER - DAYS WITH]      9 = BLOWING SNOW
                                                   X = TORNADO
MAX 32 OR BELOW:   0    0.01 INCH OR MORE:   5
MAX 90 OR ABOVE:  10    0.10 INCH OR MORE:   4
MIN 32 OR BELOW:   0    0.50 INCH OR MORE:   2
MIN  0 OR BELOW:   0    1.00 INCH OR MORE:   0

[HDD (BASE 65) ]
TOTAL THIS MO.     1    CLEAR  (SCALE 0-3)  20
DPTR FM NORMAL     1    PTCLDY (SCALE 4-7)   5
TOTAL FM JUL 1     1    CLOUDY (SCALE 8-10)  2
DPTR FM NORMAL     1

[CDD (BASE 65) ]
TOTAL THIS MO.   316
DPTR FM NORMAL    14    [PRESSURE DATA]
TOTAL FM JAN 1  2342    HIGHEST SLP M ON M
DPTR FM NORMAL   233    LOWEST  SLP 29.77 ON 26

[REMARKS]
