000
CXUS55 KABQ 281010
CF6FMN
PRELIMINARY LOCAL CLIMATOLOGICAL DATA (WS FORM: F-6)

                                          STATION:   FARMINGTON NM
                                          MONTH:     SEPTEMBER
                                          YEAR:      2022
                                          LATITUDE:   36 45 N
                                          LONGITUDE: 108 14 W

  TEMPERATURE IN F:       :PCPN:    SNOW:  WIND      :SUNSHINE: SKY     :PK WND
================================================================================
1   2   3   4   5  6A  6B    7    8   9   10  11  12  13   14  15   16   17  18
                                     12Z  AVG MX 2MIN
DY MAX MIN AVG DEP HDD CDD  WTR  SNW DPTH SPD SPD DIR MIN PSBL S-S WX    SPD DR
================================================================================

 1  94  63  79   8   0  14 0.00    M    M  6.6 21 320   M    M   0        32 320
 2  97  60  79   8   0  14    T    M    M  9.0 37  30   M    M   0        53  30
 3  93  65  79   8   0  14 0.00    M    M 10.2 31 110   M    M   0        44  70
 4  90  59  75   5   0  10 0.00    M    M  5.3 10 240   M    M   0        17 220
 5  98  57  78   8   0  13 0.00    M    M  9.9 32  90   M    M   0 3      57  80
 6  99  64  82  12   0  17    T    M    M  8.0 21  40   M    M   0 3      28  40
 7  95  64  80  10   0  15 0.00    M    M  6.5 14  70   M    M   0        19 220
 8  93  62  78   9   0  13 0.00    M    M  7.3 20  20   M    M   0        25  10
 9  95  58  77   8   0  12 0.00    M    M  6.4 17 150   M    M   1        28 300
10  87  67  77   8   0  12    T    M    M  6.8 15 280   M    M   3        25 130
11  87  63  75   7   0  10 0.00    M    M  7.2 17  90   M    M   1        22 160
12  88  54  71   3   0   6 0.00    M    M  5.7 14 250   M    M   0        19 230
13  81  58  70   2   0   5 0.04    M    M  5.8 35 230   M    M   5 13     46 220
14  71  57  64  -3   1   0 0.26    M    M  7.3 29 260   M    M   8 13     42 260
15  79  51  65  -2   0   0 0.00    M    M  5.1 13 270   M    M   1        19 260
16  83  52  68   2   0   3 0.00    M    M  6.3 16 250   M    M   2        22 250
17  85  51  68   2   0   3 0.00    M    M  7.2 16 200   M    M   0        23 160
18  88  51  70   4   0   5    T    M    M  7.4 23 210   M    M   1        31 190
19  89  56  73   8   0   8 0.00    M    M  5.3 14  80   M    M   1        17 120
20  85  58  72   7   0   7 0.01    M    M  9.8 36 280   M    M   2 3      43 280
21  70  61  66   2   0   1 0.50    M    M  4.4 14 310   M    M   6 1      18 300
22  74  59  67   3   0   2 0.41    M    M  4.2 13  30   M    M   6 13     17 320
23  79  53  66   2   0   1 0.00    M    M  5.2 17 280   M    M   0        26 260
24  80  48  64   1   1   0 0.00    M    M  8.1 20 280   M    M   0        25 280
25  84  48  66   3   0   1 0.00    M    M  6.3 13 230   M    M   1        20 160
26  85  54  70   8   0   5 0.00    M    M  6.9 16  90   M    M   0        22 150
27  84  52  68   6   0   3 0.00    M    M  5.9 12 110   M    M   1        15 120
================================================================================
SM 2333 1545         2 194  1.22    M    184.1          M       39
================================================================================
AV 86.4 57.2                               6.8 FASTST   M    M   1    MAX(MPH)
                                 MISC ---->    37  30                 57  80
================================================================================
NOTES:
# LAST OF SEVERAL OCCURRENCES

COLUMN 17 PEAK WIND IN M.P.H.

PRELIMINARY LOCAL CLIMATOLOGICAL DATA (WS FORM: F-6) , PAGE 2

                                          STATION:   FARMINGTON NM
                                          MONTH:     SEPTEMBER
                                          YEAR:      2022
                                          LATITUDE:   36 45 N
                                          LONGITUDE: 108 14 W

[TEMPERATURE DATA]      [PRECIPITATION DATA]       SYMBOLS USED IN COLUMN 16

AVERAGE MONTHLY: 71.8   TOTAL FOR MONTH:   1.22    1 = FOG OR MIST
DPTR FM NORMAL:   4.9   DPTR FM NORMAL:    0.25    2 = FOG REDUCING VISIBILITY
HIGHEST:    99 ON  6    GRTST 24HR  0.85 ON 21-22      TO 1/4 MILE OR LESS
LOWEST:     48 ON 25,24                             3 = THUNDER
                        SNOW, ICE PELLETS, HAIL    4 = ICE PELLETS
                        TOTAL MONTH:  M            5 = HAIL
                        GRTST 24HR    M  ON   M    6 = FREEZING RAIN OR DRIZZLE
                        GRTST DEPTH:  M  ON   M    7 = DUSTSTORM OR SANDSTORM:
                                                       VSBY 1/2 MILE OR LESS
                                                   8 = SMOKE OR HAZE
[NO. OF DAYS WITH]      [WEATHER - DAYS WITH]      9 = BLOWING SNOW
                                                   X = TORNADO
MAX 32 OR BELOW:   0    0.01 INCH OR MORE:   5
MAX 90 OR ABOVE:   9    0.10 INCH OR MORE:   3
MIN 32 OR BELOW:   0    0.50 INCH OR MORE:   1
MIN  0 OR BELOW:   0    1.00 INCH OR MORE:   0

[HDD (BASE 65) ]
TOTAL THIS MO.     2    CLEAR  (SCALE 0-3)  23
DPTR FM NORMAL   -36    PTCLDY (SCALE 4-7)   4
TOTAL FM JUL 1     2    CLOUDY (SCALE 8-10)  0
DPTR FM NORMAL   -36

[CDD (BASE 65) ]
TOTAL THIS MO.   194
DPTR FM NORMAL   102    [PRESSURE DATA]
TOTAL FM JAN 1  1320    HIGHEST SLP M ON M
DPTR FM NORMAL   330    LOWEST  SLP 29.61 ON  9

[REMARKS]
