000
CXUS55 KBOU 280900
CF6FNL
PRELIMINARY LOCAL CLIMATOLOGICAL DATA (WS FORM: F-6)

                                          STATION:   FT COLLINS/LOVELAND CO
                                          MONTH:     SEPTEMBER
                                          YEAR:      2022
                                          LATITUDE:   40 27 N
                                          LONGITUDE: 105  1 W

  TEMPERATURE IN F:       :PCPN:    SNOW:  WIND      :SUNSHINE: SKY     :PK WND
================================================================================
1   2   3   4   5  6A  6B    7    8   9   10  11  12  13   14  15   16   17  18
                                     12Z  AVG MX 2MIN
DY MAX MIN AVG DEP HDD CDD  WTR  SNW DPTH SPD SPD DIR MIN PSBL S-S WX    SPD DR
================================================================================

 1  94  55  75   M   0  10 0.00    M    M  5.4 10 150   M    M   0 8       M   M
 2  96  58  77   M   0  12 0.20    M    M  7.5 16 100   M    M   0 3      35 270
 3  90  57  74   M   0   9 0.00    M    M  6.8 14 110   M    M   0         M   M
 4  95  56  76   M   0  11 0.00    M    M  5.4  9 160   M    M   0 8       M   M
 5 100  56  78   M   0  13 0.00    M    M  4.0 10  90   M    M   0         M   M
 6 100  56  78   M   0  13 0.00    M    M  4.6 12  30   M    M   0 8       M   M
 7  97  59  78   M   0  13 0.00    M    M  5.2 10  20   M    M   0 8       M   M
 8  97  55  76   M   0  11    T    M    M  6.7 26  30   M    M   1 38     45 340
 9  60  48  54   M  11   0 0.33    M    M  8.5 21  30   M    M   9 1       M   M
10  54  46  50   M  15   0 0.14    M    M  7.2 16  80   M    M  10 1       M   M
11  77  44  61   M   4   0 0.00    M    M  5.0  9 190   M    M   2         M   M
12  89  47  68   M   0   3 0.00    M    M  4.5  8 200   M    M   0 8       M   M
13  84  49  67   M   0   2 0.00    M    M  4.7  9 210   M    M   0         M   M
14  83  57  70   M   0   5 0.00    M    M  6.1 12  20   M    M   2         M   M
15  82  55  69   M   0   4    T    M    M  4.4 10  90   M    M   6 8       M   M
16  79  51  65   M   0   0    T    M    M  6.9 21 270   M    M   2        32 270
17  84  52  68   M   0   3    T    M    M 10.1 21 150   M    M   1 3      26 150
18  85  51  68   M   0   3 0.00    M    M  8.4 15 120   M    M   0         M   M
19  93  52  73   M   0   8 0.00    M    M  5.2 13 140   M    M   0 8      17 140
20  92  53  73   M   0   8 0.00    M    M  6.6 14  10   M    M   0        16 140
21  61  49  55   M  10   0 0.40    M    M  8.2 13 130   M    M   9 1       M   M
22  58  48  53   M  12   0 0.03    M    M  4.9 10 120   M    M   9 1       M   M
23  83  46  65   M   0   0 0.01    M    M  6.0 13  40   M    M   3 12     18  20
24  82  43  63   M   2   0 0.00    M    M  4.9 14  30   M    M   0         M   M
25  75  44  60   M   5   0 0.00    M    M  3.0  9 190   M    M   0         M   M
26  84  46  65   M   0   0 0.00    M    M  4.7 10 190   M    M   0        16 140
27  80  48  64   M   1   0    T    M    M  5.7 10 160   M    M   1         M   M
================================================================================
SM 2254 1381        60 128  1.11    M    160.6          M       55
================================================================================
AV 83.5 51.1                               5.9 FASTST   M    M   2    MAX(MPH)
                                 MISC ---->    26  30                 45 340
================================================================================
NOTES:
# LAST OF SEVERAL OCCURRENCES

COLUMN 17 PEAK WIND IN M.P.H.

PRELIMINARY LOCAL CLIMATOLOGICAL DATA (WS FORM: F-6) , PAGE 2

                                          STATION:   FT COLLINS/LOVELAND CO
                                          MONTH:     SEPTEMBER
                                          YEAR:      2022
                                          LATITUDE:   40 27 N
                                          LONGITUDE: 105  1 W

[TEMPERATURE DATA]      [PRECIPITATION DATA]       SYMBOLS USED IN COLUMN 16

AVERAGE MONTHLY: 67.3   TOTAL FOR MONTH:   1.11    1 = FOG OR MIST
DPTR FM NORMAL:   0.0   DPTR FM NORMAL:    1.11    2 = FOG REDUCING VISIBILITY
HIGHEST:   100 ON  6, 5  GRTST 24HR  0.47 ON  9-10      TO 1/4 MILE OR LESS
LOWEST:     43 ON 24                               3 = THUNDER
                        SNOW, ICE PELLETS, HAIL    4 = ICE PELLETS
                        TOTAL MONTH:  M            5 = HAIL
                        GRTST 24HR    M  ON   M    6 = FREEZING RAIN OR DRIZZLE
                        GRTST DEPTH:  M  ON   M    7 = DUSTSTORM OR SANDSTORM:
                                                       VSBY 1/2 MILE OR LESS
                                                   8 = SMOKE OR HAZE
[NO. OF DAYS WITH]      [WEATHER - DAYS WITH]      9 = BLOWING SNOW
                                                   X = TORNADO
MAX 32 OR BELOW:   0    0.01 INCH OR MORE:   6
MAX 90 OR ABOVE:  10    0.10 INCH OR MORE:   4
MIN 32 OR BELOW:   0    0.50 INCH OR MORE:   0
MIN  0 OR BELOW:   0    1.00 INCH OR MORE:   0

[HDD (BASE 65) ]
TOTAL THIS MO.    60    CLEAR  (SCALE 0-3)  22
DPTR FM NORMAL     M    PTCLDY (SCALE 4-7)   1
TOTAL FM JUL 1    60    CLOUDY (SCALE 8-10)  4
DPTR FM NORMAL     M

[CDD (BASE 65) ]
TOTAL THIS MO.   128
DPTR FM NORMAL     M    [PRESSURE DATA]
TOTAL FM JAN 1  1037    HIGHEST SLP M ON M
DPTR FM NORMAL     M    LOWEST  SLP M ON M

[REMARKS]
