000
CXUS53 KDTX 260635
CF6FNT
PRELIMINARY LOCAL CLIMATOLOGICAL DATA (WS FORM: F-6)

                                          STATION:   FLINT MI
                                          MONTH:     SEPTEMBER
                                          YEAR:      2022
                                          LATITUDE:   42 58 N
                                          LONGITUDE:  83 44 W

  TEMPERATURE IN F:       :PCPN:    SNOW:  WIND      :SUNSHINE: SKY     :PK WND
================================================================================
1   2   3   4   5  6A  6B    7    8   9   10  11  12  13   14  15   16   17  18
                                     12Z  AVG MX 2MIN
DY MAX MIN AVG DEP HDD CDD  WTR  SNW DPTH SPD SPD DIR MIN PSBL S-S WX    SPD DR
================================================================================

 1  86  51  69   3   0   4 0.00  0.0    0  2.9 10 300   M    M   0        16 270
 2  87  65  76  10   0  11 0.00  0.0    0  7.3 16 160   M    M   0        22 150
 3  90  61  76  10   0  11 0.00  0.0    0  5.4 16 360   M    M   2        20  30
 4  70  61  66   0   0   1 0.00  0.0    0 10.8 16  50   M    M  10        21  50
 5  73  61  67   2   0   2 0.00  0.0    0  6.9 12  40   M    M  10 1      15  40
 6  81  56  69   4   0   4 0.00  0.0    M  5.2 14 340   M    M   7        17 350
 7  80  47  64  -1   1   0 0.00  0.0    0  4.0 14 350   M    M   1        19 350
 8  83  47  65   1   0   0 0.00  0.0    0  2.7  8 180   M    M   0        12 210
 9  84  48  66   2   0   1 0.00  0.0    0  5.0 14 160   M    M   0        28 150
10  87  61  74  10   0   9 0.00  0.0    0  7.9 18 170   M    M   3        26 180
11  79  66  73   9   0   8 0.01  0.0    0  5.4 16 150   M    M   9        22 150
12  69  52  61  -2   4   0 0.25  0.0    0  5.4 15 250   M    M   7        22 240
13  77  45  61  -2   4   0 0.00  0.0    0  4.4 16 300   M    M   2        26 300
14  79  55  67   5   0   2 0.00  0.0    0  5.7 15  50   M    M   3 128    19  60
15  74  53  64   2   1   0 0.00  0.0    0  5.8 10 140   M    M   6        14 150
16  84  60  72  10   0   7 0.00  0.0    0  4.9 12 190   M    M   0        16 190
17  86  53  70   9   0   5 0.00  0.0    0  6.6 15 210   M    M   3        22 200
18  86  67  77  16   0  12 0.09  0.0    0  8.3 18 230   M    M   4        24 230
19  82  55  69   8   0   4 0.01  0.0    0  8.2 23 230   M    M   3 3      34 210
20  77  50  64   4   1   0 0.90  0.0    0  5.1 30 310   M    M   3 3      49 290
21  86  58  72  12   0   7 0.11  0.0    0 11.5 23 290   M    M   2 3      28 290
22  64  44  54  -6  11   0 0.00  0.0    0 12.5 24 330   M    M   4        34 330
23  66  38  52  -7  13   0 0.00  0.0    0  2.9  9  40   M    M   0        12  40
24  59  47  53  -6  12   0 0.03  0.0    0  4.2 12 180   M    M   8        17 210
25  65  51  58   0   7   0 0.08  0.0    0  7.4 25 290   M    M   8        36 290
================================================================================
SM 1954 1352        54  88  1.48  0.0    156.4          M       95
================================================================================
AV 78.2 54.1                               6.3 FASTST   M    M   4    MAX(MPH)
                                 MISC ---->    30 310                 49 290
================================================================================
NOTES:
# LAST OF SEVERAL OCCURRENCES

COLUMN 17 PEAK WIND IN M.P.H.

PRELIMINARY LOCAL CLIMATOLOGICAL DATA (WS FORM: F-6) , PAGE 2

                                          STATION:   FLINT MI
                                          MONTH:     SEPTEMBER
                                          YEAR:      2022
                                          LATITUDE:   42 58 N
                                          LONGITUDE:  83 44 W

[TEMPERATURE DATA]      [PRECIPITATION DATA]       SYMBOLS USED IN COLUMN 16

AVERAGE MONTHLY: 66.1   TOTAL FOR MONTH:   1.48    1 = FOG OR MIST
DPTR FM NORMAL:   3.5   DPTR FM NORMAL:   -0.94    2 = FOG REDUCING VISIBILITY
HIGHEST:    90 ON  3    GRTST 24HR  1.01 ON 20-21      TO 1/4 MILE OR LESS
LOWEST:     38 ON 23                               3 = THUNDER
                        SNOW, ICE PELLETS, HAIL    4 = ICE PELLETS
                        TOTAL MONTH:   0.0 INCH    5 = HAIL
                        GRTST 24HR  0.0            6 = FREEZING RAIN OR DRIZZLE
                        GRTST DEPTH:  0            7 = DUSTSTORM OR SANDSTORM:
                                                       VSBY 1/2 MILE OR LESS
                                                   8 = SMOKE OR HAZE
[NO. OF DAYS WITH]      [WEATHER - DAYS WITH]      9 = BLOWING SNOW
                                                   X = TORNADO
MAX 32 OR BELOW:   0    0.01 INCH OR MORE:   8
MAX 90 OR ABOVE:   1    0.10 INCH OR MORE:   3
MIN 32 OR BELOW:   0    0.50 INCH OR MORE:   1
MIN  0 OR BELOW:   0    1.00 INCH OR MORE:   0

[HDD (BASE 65) ]
TOTAL THIS MO.    54    CLEAR  (SCALE 0-3)  13
DPTR FM NORMAL   -55    PTCLDY (SCALE 4-7)   9
TOTAL FM JUL 1    58    CLOUDY (SCALE 8-10)  3
DPTR FM NORMAL   -89

[CDD (BASE 65) ]
TOTAL THIS MO.    88
DPTR FM NORMAL    38    [PRESSURE DATA]
TOTAL FM JAN 1   717    HIGHEST SLP M ON M
DPTR FM NORMAL   163    LOWEST  SLP 29.62 ON 25

[REMARKS]
