000
CXUS53 KFSD 280810
CF6FSD
PRELIMINARY LOCAL CLIMATOLOGICAL DATA (WS FORM: F-6)

                                          STATION:   SIOUX FALLS
                                          MONTH:     SEPTEMBER
                                          YEAR:      2022
                                          LATITUDE:   43 34 N
                                          LONGITUDE:  96 44 W

  TEMPERATURE IN F:       :PCPN:    SNOW:  WIND      :SUNSHINE: SKY     :PK WND
================================================================================
1   2   3   4   5  6A  6B    7    8   9   10  11  12  13   14  15   16   17  18
                                     12Z  AVG MX 2MIN
DY MAX MIN AVG DEP HDD CDD  WTR  SNW DPTH SPD SPD DIR MIN PSBL S-S WX    SPD DR
================================================================================

 1  92  59  76   7   0  11 0.00  0.0    0  7.0 20 190   M    M   2        27 170
 2  91  59  75   7   0  10 0.00  0.0    0  9.0 20 350   M    M   2        26 190
 3  79  49  64  -4   1   0 0.00  0.0    0  6.4 14  10   M    M   1        20  50
 4  80  46  63  -5   2   0 0.00  0.0    0  6.9 15 140   M    M   0        21 140
 5  83  60  72   4   0   7 0.00  0.0    0 11.9 20 180   M    M   3        30 210
 6  88  65  77  10   0  12 0.00  0.0    0  6.8 13 170   M    M   1        19 170
 7  89  61  75   8   0  10 0.00  0.0    0  9.4 18 180   M    M   0 1      28 190
 8  94  69  82  15   0  17 0.00  0.0    0 15.5 26 190   M    M   2        38 220
 9  73  59  66   0   0   1 0.53  0.0    0  9.1 24  10   M    M   8 13     35  20
10  75  50  63  -3   2   0 0.00  0.0    0  4.4 14 340   M    M   3 1      20 340
11  78  44  61  -5   4   0 0.00  0.0    0  4.0 15 310   M    M   1        22 330
12  81  43  62  -3   3   0 0.00  0.0    0  3.5 12 100   M    M   3        15 110
13  85  46  66   1   0   1 0.00  0.0    0  7.2 15 100   M    M   3        22 100
14  91  59  75  10   0  10 0.00  0.0    0 12.4 24 160   M    M   5        35 170
15  81  66  74  10   0   9 0.94  0.0    0  8.9 21 300   M    M   7 13     30 330
16  78  66  72   8   0   7 0.25  0.0    0  6.4 21 200   M    M   7 13     31 200
17  85  61  73   9   0   8 0.06  0.0    0  6.6 16 220   M    M   5 1      26 210
18  77  53  65   2   0   0    T  0.0    0  3.8 12  50   M    M   4 1      14  60
19  87  53  70   7   0   5    T  0.0    0  8.3 20 160   M    M   2 3      26 160
20  95  60  78  16   0  13 0.00  0.0    0  7.0 21 360   M    M   2 1      27 350
21  71  49  60  -2   5   0    T  0.0    0 11.1 25 350   M    M   4        34 340
22  66  42  54  -7  11   0 0.00  0.0    0  5.5 14 190   M    M   6        20 190
23  67  53  60  -1   5   0 0.22  0.0    0 13.1 26 150   M    M   8 3      35 150
24  73  51  62   2   3   0 0.00  0.0    0  9.2 23 320   M    M   4        33 310
25  74  50  62   2   3   0 0.00  0.0    0 14.7 32 320   M    M   1        43 320
26  71  42  57  -3   8   0 0.00  0.0    0  5.2 17 310   M    M   6        24 310
27  72  43  58  -1   7   0 0.00  0.0    0  6.4 16  70   M    M   5        22  60
================================================================================
SM 2176 1458        54 121  2.00  0.0    219.7          M       95
================================================================================
AV 80.6 54.0                               8.1 FASTST   M    M   4    MAX(MPH)
                                 MISC ---->    32 320                 43 320
================================================================================
NOTES:
# LAST OF SEVERAL OCCURRENCES

COLUMN 17 PEAK WIND IN M.P.H.

PRELIMINARY LOCAL CLIMATOLOGICAL DATA (WS FORM: F-6) , PAGE 2

                                          STATION:   SIOUX FALLS
                                          MONTH:     SEPTEMBER
                                          YEAR:      2022
                                          LATITUDE:   43 34 N
                                          LONGITUDE:  96 44 W

[TEMPERATURE DATA]      [PRECIPITATION DATA]       SYMBOLS USED IN COLUMN 16

AVERAGE MONTHLY: 67.3   TOTAL FOR MONTH:   2.00    1 = FOG OR MIST
DPTR FM NORMAL:   2.9   DPTR FM NORMAL:   -0.47    2 = FOG REDUCING VISIBILITY
HIGHEST:    95 ON 20    GRTST 24HR  1.12 ON 15-16      TO 1/4 MILE OR LESS
LOWEST:     42 ON 26,22                             3 = THUNDER
                        SNOW, ICE PELLETS, HAIL    4 = ICE PELLETS
                        TOTAL MONTH:   0.0 INCH    5 = HAIL
                        GRTST 24HR  0.0            6 = FREEZING RAIN OR DRIZZLE
                        GRTST DEPTH:  0            7 = DUSTSTORM OR SANDSTORM:
                                                       VSBY 1/2 MILE OR LESS
                                                   8 = SMOKE OR HAZE
[NO. OF DAYS WITH]      [WEATHER - DAYS WITH]      9 = BLOWING SNOW
                                                   X = TORNADO
MAX 32 OR BELOW:   0    0.01 INCH OR MORE:   5
MAX 90 OR ABOVE:   5    0.10 INCH OR MORE:   4
MIN 32 OR BELOW:   0    0.50 INCH OR MORE:   2
MIN  0 OR BELOW:   0    1.00 INCH OR MORE:   0

[HDD (BASE 65) ]
TOTAL THIS MO.    54    CLEAR  (SCALE 0-3)  14
DPTR FM NORMAL   -48    PTCLDY (SCALE 4-7)  13
TOTAL FM JUL 1    54    CLOUDY (SCALE 8-10)  0
DPTR FM NORMAL   -65

[CDD (BASE 65) ]
TOTAL THIS MO.   121
DPTR FM NORMAL    35    [PRESSURE DATA]
TOTAL FM JAN 1  1085    HIGHEST SLP M ON M
DPTR FM NORMAL   249    LOWEST  SLP 29.59 ON  8

[REMARKS]
