000
CXUS54 KMAF 281110
CF6FST
PRELIMINARY LOCAL CLIMATOLOGICAL DATA (WS FORM: F-6)

                                          STATION:   FORT STOCKTON
                                          MONTH:     SEPTEMBER
                                          YEAR:      2022
                                          LATITUDE:   30 55 N
                                          LONGITUDE: 102 55 W

  TEMPERATURE IN F:       :PCPN:    SNOW:  WIND      :SUNSHINE: SKY     :PK WND
================================================================================
1   2   3   4   5  6A  6B    7    8   9   10  11  12  13   14  15   16   17  18
                                     12Z  AVG MX 2MIN
DY MAX MIN AVG DEP HDD CDD  WTR  SNW DPTH SPD SPD DIR MIN PSBL S-S WX    SPD DR
================================================================================

 1  73  67  70  -9   0   5 1.21    M    M  5.8 13 130   M    M   7 1      16 140
 2  81  69  75  -4   0  10    T    M    M  5.1 13 170   M    M   4 3      16 160
 3  84  67  76  -3   0  11    T    M    M  7.6 16 130   M    M   3        20  80
 4  86  65  76  -2   0  11 0.00    M    M  4.6 13 120   M    M   2        16  50
 5  89  66  78   0   0  13 0.00    M    M  8.5 15 160   M    M   0        22 140
 6  89  64  77  -1   0  12 0.00    M    M  7.0 15 180   M    M   0        18 180
 7  90  66  78   0   0  13 0.00    M    M  7.6 16  40   M    M   0        24  30
 8  89  64  77   0   0  12 0.00    M    M  5.3 10 210   M    M   0        13 240
 9  91  68  80   3   0  15 0.00    M    M  9.4 17 110   M    M   0        22 120
10  90  68  79   2   0  14 0.00    M    M 10.6 20 120   M    M   0        26 160
11  79  65  72  -5   0   7 0.00    M    M  6.4 17  70   M    M   3        21  70
12  88  64  76   0   0  11 0.00    M    M  7.4 15 170   M    M   0        18 170
13  90  65  78   2   0  13 0.00    M    M  9.3 20 120   M    M   0        30 120
14  87  67  77   1   0  12 0.09    M    M 11.2 21 190   M    M   4 3      25 170
15  89  66  78   2   0  13 0.00    M    M 12.0 22 160   M    M   0 8      28 160
16  92  65  79   3   0  14 0.00    M    M 12.0 22 160   M    M   0        29 150
17  91  66  79   4   0  14 0.00    M    M 13.9 21 150   M    M   0        28 150
18  88  69  79   4   0  14 0.00    M    M 13.9 21 140   M    M   0        28 140
19  89  70  80   5   0  15 0.00    M    M 12.7 20 150   M    M   1        25 130
20  91  69  80   5   0  15 0.00    M    M 12.9 17 160   M    M   0        25 190
21  91  68  80   6   0  15 0.00    M    M 12.1 18 130   M    M   0        24 120
22  88  63  76   2   0  11 0.00    M    M  9.2 16 150   M    M   0        21 120
23  90  63  77   3   0  12    T    M    M  8.9 15 160   M    M   0        20 150
24  94  62  78   4   0  13 0.00    M    M  8.9 17 160   M    M   0        21 160
25  90  66  78   4   0  13    T    M    M 11.1 18 100   M    M   1        27  80
26  86  63  75   2   0  10    T    M    M  8.7 17 120   M    M   2        22 130
27  86  60  73   0   0   8 0.00    M    M  8.2 16 120   M    M   0        20 110
================================================================================
SM 2371 1775         0 326  1.30    M    250.3          M       27
================================================================================
AV 87.8 65.7                               9.3 FASTST   M    M   1    MAX(MPH)
                                 MISC ---->  # 22 160                 30 120
================================================================================
NOTES:
# LAST OF SEVERAL OCCURRENCES

COLUMN 17 PEAK WIND IN M.P.H.

PRELIMINARY LOCAL CLIMATOLOGICAL DATA (WS FORM: F-6) , PAGE 2

                                          STATION:   FORT STOCKTON
                                          MONTH:     SEPTEMBER
                                          YEAR:      2022
                                          LATITUDE:   30 55 N
                                          LONGITUDE: 102 55 W

[TEMPERATURE DATA]      [PRECIPITATION DATA]       SYMBOLS USED IN COLUMN 16

AVERAGE MONTHLY: 76.8   TOTAL FOR MONTH:   1.30    1 = FOG OR MIST
DPTR FM NORMAL:   0.7   DPTR FM NORMAL:   -0.25    2 = FOG REDUCING VISIBILITY
HIGHEST:    94 ON 24    GRTST 24HR  1.21 ON 31- 1      TO 1/4 MILE OR LESS
LOWEST:     60 ON 27                               3 = THUNDER
                        SNOW, ICE PELLETS, HAIL    4 = ICE PELLETS
                        TOTAL MONTH:  M            5 = HAIL
                        GRTST 24HR    M  ON   M    6 = FREEZING RAIN OR DRIZZLE
                        GRTST DEPTH:  M  ON   M    7 = DUSTSTORM OR SANDSTORM:
                                                       VSBY 1/2 MILE OR LESS
                                                   8 = SMOKE OR HAZE
[NO. OF DAYS WITH]      [WEATHER - DAYS WITH]      9 = BLOWING SNOW
                                                   X = TORNADO
MAX 32 OR BELOW:   0    0.01 INCH OR MORE:   2
MAX 90 OR ABOVE:  11    0.10 INCH OR MORE:   1
MIN 32 OR BELOW:   0    0.50 INCH OR MORE:   1
MIN  0 OR BELOW:   0    1.00 INCH OR MORE:   1

[HDD (BASE 65) ]
TOTAL THIS MO.     0    CLEAR  (SCALE 0-3)  23
DPTR FM NORMAL     0    PTCLDY (SCALE 4-7)   4
TOTAL FM JUL 1     0    CLOUDY (SCALE 8-10)  0
DPTR FM NORMAL     0

[CDD (BASE 65) ]
TOTAL THIS MO.   326
DPTR FM NORMAL    21    [PRESSURE DATA]
TOTAL FM JAN 1  2911    HIGHEST SLP M ON M
DPTR FM NORMAL   496    LOWEST  SLP 29.64 ON  9

[REMARKS]
