000
CXUS54 KFWD 280730
CF6FTW
PRELIMINARY LOCAL CLIMATOLOGICAL DATA (WS FORM: F-6)

                                          STATION:   FORT WORTH MEACHAM
                                          MONTH:     SEPTEMBER
                                          YEAR:      2022
                                          LATITUDE:   32 49 N
                                          LONGITUDE:  97 21 W

  TEMPERATURE IN F:       :PCPN:    SNOW:  WIND      :SUNSHINE: SKY     :PK WND
================================================================================
1   2   3   4   5  6A  6B    7    8   9   10  11  12  13   14  15   16   17  18
                                     12Z  AVG MX 2MIN
DY MAX MIN AVG DEP HDD CDD  WTR  SNW DPTH SPD SPD DIR MIN PSBL S-S WX    SPD DR
================================================================================

 1  86  73  80  -2   0  15 0.27    M    M  4.6 21 300   M    M   5 13     28 300
 2  84  73  79  -3   0  14 0.28    M    M  6.8 17 150   M    M   4 13     22 160
 3  95  72  84   2   0  19 0.00    M    M  3.2 17 100   M    M   1        22 110
 4  94  70  82   1   0  17 1.44    M    M  4.3 40 320   M    M   1 123    60 260
 5  90  66  78  -3   0  13 0.66    M    M  4.5 23 130   M    M   2 13     28 200
 6  94  70  82   1   0  17 0.00    M    M  3.1 15 140   M    M   1        20 100
 7  94  72  83   3   0  18 0.00    M    M  5.0 16  30   M    M   1        22  20
 8  89  72  81   1   0  16 0.00    M    M  6.6 14 100   M    M   1        20 120
 9  88  70  79  -1   0  14 0.00    M    M  7.4 14 130   M    M   0        18 120
10  89  66  78  -2   0  13 0.00    M    M  4.5 13  40   M    M   0        19  20
11  83  66  75  -4   0  10 0.00    M    M 10.3 17 310   M    M   1        25 330
12  86  63  75  -4   0  10 0.00    M    M  4.4 10  20   M    M   2        14  10
13  89  66  78  -1   0  13 0.00    M    M  7.9 16 140   M    M   1        22 170
14  88  66  77  -1   0  12 0.00    M    M  9.2 15 100   M    M   0        20 100
15  86  64  75  -3   0  10 0.00    M    M  8.1 15 110   M    M   0        23 130
16  90  69  80   2   0  15 0.00    M    M 10.2 17 130   M    M   1        25 140
17  92  75  84   7   0  19 0.00    M    M 11.7 18 160   M    M   2        25 140
18  92  76  84   7   0  19 0.00    M    M 10.2 17 140   M    M   0        22 140
19  93  73  83   6   0  18 0.00    M    M  6.1 15 140   M    M   0        20 130
20  94  74  84   8   0  19 0.00    M    M  6.7 14 150   M    M   0        20 130
21  94  75  85   9   0  20 0.00    M    M  4.9 14 140   M    M   0        17 160
22  96  69  83   7   0  18 0.00    M    M  2.1 10 330   M    M   0        16 320
23  95  70  83   8   0  18 0.00    M    M  6.8 15 130   M    M   1        22 180
24  94  75  85  10   0  20 0.00    M    M  7.5 15 170   M    M   0        20 170
25  97  73  85  10   0  20    T    M    M  5.5 29  60   M    M   1 38     39  60
26  86  64  75   1   0  10 0.00    M    M  8.7 18  10   M    M   0        24  40
27  88  58  73  -1   0   8 0.00    M    M  4.5 10 140   M    M   0 8      15 200
================================================================================
SM 2446 1880         0 415  2.65    M    174.8          M       25
================================================================================
AV 90.6 69.6                               6.5 FASTST   M    M   1    MAX(MPH)
                                 MISC ---->    40 320                 60 260
================================================================================
NOTES:
# LAST OF SEVERAL OCCURRENCES

COLUMN 17 PEAK WIND IN M.P.H.

PRELIMINARY LOCAL CLIMATOLOGICAL DATA (WS FORM: F-6) , PAGE 2

                                          STATION:   FORT WORTH MEACHAM
                                          MONTH:     SEPTEMBER
                                          YEAR:      2022
                                          LATITUDE:   32 49 N
                                          LONGITUDE:  97 21 W

[TEMPERATURE DATA]      [PRECIPITATION DATA]       SYMBOLS USED IN COLUMN 16

AVERAGE MONTHLY: 80.1   TOTAL FOR MONTH:   2.65    1 = FOG OR MIST
DPTR FM NORMAL:   1.9   DPTR FM NORMAL:    0.29    2 = FOG REDUCING VISIBILITY
HIGHEST:    97 ON 25    GRTST 24HR  1.44 ON  4- 4      TO 1/4 MILE OR LESS
LOWEST:     58 ON 27                               3 = THUNDER
                        SNOW, ICE PELLETS, HAIL    4 = ICE PELLETS
                        TOTAL MONTH:  M            5 = HAIL
                        GRTST 24HR    M  ON   M    6 = FREEZING RAIN OR DRIZZLE
                        GRTST DEPTH:  M  ON   M    7 = DUSTSTORM OR SANDSTORM:
                                                       VSBY 1/2 MILE OR LESS
                                                   8 = SMOKE OR HAZE
[NO. OF DAYS WITH]      [WEATHER - DAYS WITH]      9 = BLOWING SNOW
                                                   X = TORNADO
MAX 32 OR BELOW:   0    0.01 INCH OR MORE:   4
MAX 90 OR ABOVE:  15    0.10 INCH OR MORE:   4
MIN 32 OR BELOW:   0    0.50 INCH OR MORE:   2
MIN  0 OR BELOW:   0    1.00 INCH OR MORE:   1

[HDD (BASE 65) ]
TOTAL THIS MO.     0    CLEAR  (SCALE 0-3)  25
DPTR FM NORMAL     0    PTCLDY (SCALE 4-7)   2
TOTAL FM JUL 1     0    CLOUDY (SCALE 8-10)  0
DPTR FM NORMAL     0

[CDD (BASE 65) ]
TOTAL THIS MO.   415
DPTR FM NORMAL    55    [PRESSURE DATA]
TOTAL FM JAN 1  3069    HIGHEST SLP M ON M
DPTR FM NORMAL   567    LOWEST  SLP 29.74 ON  8

[REMARKS]
