000
CXUS52 KFFC 271010
CF6FTY
PRELIMINARY LOCAL CLIMATOLOGICAL DATA (WS FORM: F-6)

                                          STATION:   FULTON COUNTY AIRPORT
                                          MONTH:     SEPTEMBER
                                          YEAR:      2022
                                          LATITUDE:   33 46 N
                                          LONGITUDE:  84 31 W

  TEMPERATURE IN F:       :PCPN:    SNOW:  WIND      :SUNSHINE: SKY     :PK WND
================================================================================
1   2   3   4   5  6A  6B    7    8   9   10  11  12  13   14  15   16   17  18
                                     12Z  AVG MX 2MIN
DY MAX MIN AVG DEP HDD CDD  WTR  SNW DPTH SPD SPD DIR MIN PSBL S-S WX    SPD DR
================================================================================

 1  91  62  77   0   0  12 0.00    M    M  3.3 12 150   M    M   2 3      16 150
 2  87  71  79   2   0  14 0.02    M    M  4.6 17  80   M    M   7 1      25  90
 3  88  73  81   4   0  16    T    M    M  5.2 15  80   M    M   4        19 160
 4  83  73  78   2   0  13    T    M    M  4.8 13 160   M    M   9 13     21 110
 5  87  72  80   4   0  15 0.01    M    M  4.6 18 290   M    M   7 18     26 310
 6  87  72  80   4   0  15 0.00    M    M  3.0 10 300   M    M   4 1      17 310
 7  87  71  79   3   0  14 0.00    M    M  4.2 14 330   M    M   1        20 270
 8  85  67  76   0   0  11 0.00    M    M  4.8 15  80   M    M   2        22  80
 9  81  70  76   1   0  11 0.01    M    M  9.3 20  60   M    M   7        28  50
10  73  68  71  -4   0   6 0.08    M    M  6.7 12  70   M    M  10 1      17  70
11  83  71  77   2   0  12 0.23    M    M  3.9 14 310   M    M   6 18     18 310
12  84  63  74  -1   0   9 0.09    M    M  4.7 14 330   M    M   5 1      19 270
13  81  55  68  -6   0   3 0.00    M    M  3.6 15 330   M    M   0        26 320
14  84  57  71  -3   0   6 0.00    M    M  0.8 10  10   M    M   1        17 360
15  84  60  72  -2   0   7 0.00  0.0    M  4.0 13  80   M    M   2        20  90
16  84  58  71  -3   0   6 0.00  0.0    M  3.5 14  50   M    M   2        21 100
17  83  59  71  -2   0   6 0.00  0.0    M  2.9 13  70   M    M   3        18 120
18  86  58  72  -1   0   7 0.00  0.0    M  2.1  9  50   M    M   2 1      14  60
19  87  61  74   1   0   9 0.00  0.0    M  1.9 12 350   M    M   2        19 320
20  92  65  79   7   0  14 0.05    M    M  2.4 21  10   M    M   3 13     28  10
21  94  66  80   8   0  15 0.00  0.0    M  1.9  9 280   M    M   0 1      13  80
22  94  66  80   8   0  15    T    M    0  6.6 17 340   M    M   1 18     27 330
23  80  55  68  -4   0   3 0.00    M    M  3.0 10  90   M    M   0        16  50
24  82   M   M   M   M   M 0.00    M    M  2.3  9 150   M    M   0        13 200
25  82  57  70  -1   0   5 0.00    M    M  2.3 15 270   M    M   3        21 290
26  81  59  70   0   0   5 0.00    M    M  4.9 16 330   M    M   1 1      23 270
================================================================================
SM 2210 1609         0 249  0.49  0.0    101.3          M       84
================================================================================
AV 85.0 64.4                               3.9 FASTST   M    M   3    MAX(MPH)
                                 MISC ---->    21  10               # 28  50
================================================================================
NOTES:
# LAST OF SEVERAL OCCURRENCES

COLUMN 17 PEAK WIND IN M.P.H.

PRELIMINARY LOCAL CLIMATOLOGICAL DATA (WS FORM: F-6) , PAGE 2

                                          STATION:   FULTON COUNTY AIRPORT
                                          MONTH:     SEPTEMBER
                                          YEAR:      2022
                                          LATITUDE:   33 46 N
                                          LONGITUDE:  84 31 W

[TEMPERATURE DATA]      [PRECIPITATION DATA]       SYMBOLS USED IN COLUMN 16

AVERAGE MONTHLY: 74.7   TOTAL FOR MONTH:   0.49    1 = FOG OR MIST
DPTR FM NORMAL:   0.6   DPTR FM NORMAL:   -2.33    2 = FOG REDUCING VISIBILITY
HIGHEST:    94 ON 22,21  GRTST 24HR  0.32 ON 11-12      TO 1/4 MILE OR LESS
LOWEST:     55 ON 23,13                             3 = THUNDER
                        SNOW, ICE PELLETS, HAIL    4 = ICE PELLETS
                        TOTAL MONTH:   0.0 INCH    5 = HAIL
                        GRTST 24HR  0.0            6 = FREEZING RAIN OR DRIZZLE
                        GRTST DEPTH:  0            7 = DUSTSTORM OR SANDSTORM:
                                                       VSBY 1/2 MILE OR LESS
                                                   8 = SMOKE OR HAZE
[NO. OF DAYS WITH]      [WEATHER - DAYS WITH]      9 = BLOWING SNOW
                                                   X = TORNADO
MAX 32 OR BELOW:   0    0.01 INCH OR MORE:   7
MAX 90 OR ABOVE:   4    0.10 INCH OR MORE:   1
MIN 32 OR BELOW:   0    0.50 INCH OR MORE:   0
MIN  0 OR BELOW:   0    1.00 INCH OR MORE:   0

[HDD (BASE 65) ]
TOTAL THIS MO.     0    CLEAR  (SCALE 0-3)  16
DPTR FM NORMAL    -1    PTCLDY (SCALE 4-7)   8
TOTAL FM JUL 1     0    CLOUDY (SCALE 8-10)  2
DPTR FM NORMAL    -1

[CDD (BASE 65) ]
TOTAL THIS MO.   249
DPTR FM NORMAL    10    [PRESSURE DATA]
TOTAL FM JAN 1  1914    HIGHEST SLP M ON M
DPTR FM NORMAL   179    LOWEST  SLP 29.75 ON  8

[REMARKS]
