000
CXUS51 KCAR 280700
CF6FVE
PRELIMINARY LOCAL CLIMATOLOGICAL DATA (WS FORM: F-6)

                                          STATION:   FRENCHVILLE ME
                                          MONTH:     SEPTEMBER
                                          YEAR:      2022
                                          LATITUDE:   47 16 N
                                          LONGITUDE:  68 19 W

  TEMPERATURE IN F:       :PCPN:    SNOW:  WIND      :SUNSHINE: SKY     :PK WND
================================================================================
1   2   3   4   5  6A  6B    7    8   9   10  11  12  13   14  15   16   17  18
                                     12Z  AVG MX 2MIN
DY MAX MIN AVG DEP HDD CDD  WTR  SNW DPTH SPD SPD DIR MIN PSBL S-S WX    SPD DR
================================================================================

 1  68  50  59  -3   6   0 0.00    M    M  9.5 20 280   M    M   5        27 240
 2  69  44  57  -4   8   0 0.00    M    M  7.2 15 250   M    M   1        24 290
 3  78  54  66   5   0   1 0.00    M    M  7.8 15 180   M    M   0        20 170
 4  64  45  55  -5  10   0 0.14    M    M  8.8 20 340   M    M   4 1      26 330
 5  67  42  55  -5  10   0 0.00    M    M  5.1 10 100   M    M   0        14  60
 6  70  42  56  -4   9   0 0.00    M    M  3.1  8 200   M    M   2 12     11 210
 7  76  45  61   1   4   0 0.00    M    M  3.5  8 110   M    M   0 1      11 270
 8  69  50  60   1   5   0    T    M    M  3.3  8 350   M    M   2 12     11 350
 9  76  48  62   3   3   0 0.00    M    M  3.1  7 170   M    M   4 12     12 130
10  80  55  68  10   0   3 0.00    M    M  3.3  9 280   M    M   1 12     14 320
11  83  58  71  13   0   6 0.00    M    M  3.5 12 290   M    M   1 1      14  20
12  81  60  71  13   0   6 0.00    M    M  3.5 10 300   M    M   0        14 270
13  77  59  68  11   0   3    T    M    M  5.3 14 150   M    M   5 12     18 150
14  70  53  62   5   3   0 0.19    M    M 15.5 32 270   M    M   8 12     41 280
15  55  47  51  -5  14   0    T    M    M 21.3 33 300   M    M   8        45 290
16  57  43  50  -6  15   0    T    M    M 16.7 31 320   M    M   3        40 320
17  64  40  52  -4  13   0 0.00    M    M 10.6 23 290   M    M   1        27 300
18  60  39  50  -5  15   0    T    M    M  7.0 15 330   M    M   2        19 330
19  61  32  47  -8  18   0 0.00    M    M  5.6 12 140   M    M   0        17 100
20  52  42  47  -7  18   0 0.02    M    M  7.4 14  60   M    M   8 1      19  60
21  58  48  53  -1  12   0 0.01    M    M  4.8 14 160   M    M   9 1      17 160
22  59  45  52  -2  13   0 0.90    M    M 11.7 22 320   M    M   9 13     29 330
23  52  43  48  -5  17   0 0.00    M    M 16.1 25 330   M    M   7        36 330
24  60  42  51  -2  14   0 0.00    M    M 20.6 37 320   M    M   1        48 330
25  66  44  55   3  10   0 0.02    M    M  7.1 16 260   M    M   3        21 260
26  62  50  56   4   9   0 0.85    M    M  5.3 12 260   M    M   9 123    14 280
27  65  49  57   6   8   0 0.17    M    M  6.6 16 280   M    M   7 123    21 180
================================================================================
SM 1799 1269       234  19  2.30    M    223.3          M      100
================================================================================
AV 66.6 47.0                               8.3 FASTST   M    M   4    MAX(MPH)
                                 MISC ---->    37 320                 48 330
================================================================================
NOTES:
# LAST OF SEVERAL OCCURRENCES

COLUMN 17 PEAK WIND IN M.P.H.

PRELIMINARY LOCAL CLIMATOLOGICAL DATA (WS FORM: F-6) , PAGE 2

                                          STATION:   FRENCHVILLE ME
                                          MONTH:     SEPTEMBER
                                          YEAR:      2022
                                          LATITUDE:   47 16 N
                                          LONGITUDE:  68 19 W

[TEMPERATURE DATA]      [PRECIPITATION DATA]       SYMBOLS USED IN COLUMN 16

AVERAGE MONTHLY: 56.8   TOTAL FOR MONTH:   2.30    1 = FOG OR MIST
DPTR FM NORMAL:   0.1   DPTR FM NORMAL:   -0.84    2 = FOG REDUCING VISIBILITY
HIGHEST:    83 ON 11    GRTST 24HR  0.99 ON 26-27      TO 1/4 MILE OR LESS
LOWEST:     32 ON 19                               3 = THUNDER
                        SNOW, ICE PELLETS, HAIL    4 = ICE PELLETS
                        TOTAL MONTH:  M            5 = HAIL
                        GRTST 24HR    M  ON   M    6 = FREEZING RAIN OR DRIZZLE
                        GRTST DEPTH:  M  ON   M    7 = DUSTSTORM OR SANDSTORM:
                                                       VSBY 1/2 MILE OR LESS
                                                   8 = SMOKE OR HAZE
[NO. OF DAYS WITH]      [WEATHER - DAYS WITH]      9 = BLOWING SNOW
                                                   X = TORNADO
MAX 32 OR BELOW:   0    0.01 INCH OR MORE:   8
MAX 90 OR ABOVE:   0    0.10 INCH OR MORE:   5
MIN 32 OR BELOW:   1    0.50 INCH OR MORE:   2
MIN  0 OR BELOW:   0    1.00 INCH OR MORE:   0

[HDD (BASE 65) ]
TOTAL THIS MO.   234    CLEAR  (SCALE 0-3)  14
DPTR FM NORMAL    -5    PTCLDY (SCALE 4-7)   9
TOTAL FM JUL 1   317    CLOUDY (SCALE 8-10)  4
DPTR FM NORMAL   -50

[CDD (BASE 65) ]
TOTAL THIS MO.    19
DPTR FM NORMAL     5    [PRESSURE DATA]
TOTAL FM JAN 1   225    HIGHEST SLP M ON M
DPTR FM NORMAL    20    LOWEST  SLP 29.37 ON 22

[REMARKS]
