000
CXUS53 KIWX 280810
CF6FWA
PRELIMINARY LOCAL CLIMATOLOGICAL DATA (WS FORM: F-6)

                                          STATION:   FORT WAYNE
                                          MONTH:     SEPTEMBER
                                          YEAR:      2022
                                          LATITUDE:   41  0 N
                                          LONGITUDE:  85 12 W

  TEMPERATURE IN F:       :PCPN:    SNOW:  WIND      :SUNSHINE: SKY     :PK WND
================================================================================
1   2   3   4   5  6A  6B    7    8   9   10  11  12  13   14  15   16   17  18
                                     12Z  AVG MX 2MIN
DY MAX MIN AVG DEP HDD CDD  WTR  SNW DPTH SPD SPD DIR MIN PSBL S-S WX    SPD DR
================================================================================

 1  86  62  74   5   0   9 0.00  0.0    0  4.1  9 290   M    M   4        12 280
 2  84  63  74   5   0   9 0.00  0.0    0  2.5 12 180   M    M   8 1      16 170
 3  83  64  74   5   0   9 0.00  0.0    0  3.7 13 190   M    M   8 1      16 200
 4  75  66  71   3   0   6    T  0.0    0  6.6 15  60   M    M  10 1      21  70
 5  72  65  69   1   0   4    T  0.0    0  7.9 13  50   M    M  10 1      17  60
 6  79  60  70   2   0   5 0.00  0.0    0  4.0 13  30   M    M   6 1      17  70
 7  80  57  69   1   0   4 0.00  0.0    0  4.9 13 350   M    M   4 1      17 350
 8  80  51  66  -1   0   1 0.00  0.0    0  2.0 10 110   M    M   1        16 110
 9  83  52  68   1   0   3 0.00  0.0    0  3.5 15 110   M    M   2        19 120
10  86  60  73   6   0   8 0.21  0.0    0  4.5 16 260   M    M   8 13     24 260
11  70  60  65  -1   0   0 0.93  0.0    0  5.9 15 250   M    M  10 1      24 230
12  65  56  61  -5   4   0 0.32  0.0    0  8.9 20 210   M    M   9 1      26 200
13  69  52  61  -5   4   0 0.04  0.0    0  6.5 14 280   M    M   9 1      20 270
14  79  52  66   0   0   1 0.00  0.0    0  2.9  9 290   M    M   4 12     12 290
15  80  52  66   1   0   1 0.00  0.0    0  1.3  6 120   M    M   6 12     16 300
16  81  53  67   2   0   2 0.00  0.0    0  2.8 12 150   M    M   5 1      15 150
17  83  57  70   6   0   5 0.00  0.0    0  5.9 16 210   M    M   5        22 220
18  82  60  71   7   0   6 0.00  0.0    0  7.9 20 220   M    M   6        25 230
19  84  60  72   8   0   7 0.04  0.0    0  6.4 13 280   M    M   6 13     18 280
20  83  52  68   5   0   3    T  0.0    0  4.6 17 180   M    M   4 13     24 170
21  89  65  77  14   0  12 0.19  0.0    0  9.6 20 340   M    M   6 13     31 310
22  66  47  57  -6   8   0 0.00  0.0    0  9.5 21 340   M    M   5        29 340
23  66  39  53  -9  12   0 0.00  0.0    0  4.2  9 110   M    M   6        14  30
24  74  53  64   2   1   0 0.02  0.0    0  7.9 16 210   M    M   8        24 260
25  67  56  62   1   3   0 0.17  0.0    0  9.7 18 260   M    M   8 18     32 290
26  64  48  56  -5   9   0    T  0.0    0 10.4 24 280   M    M   5        37 250
27  60  45  53  -8  12   0 0.04  0.0    0  8.7 22 310   M    M   8 1      35 310
================================================================================
SM 2070 1507        53  95  1.96  0.0    156.8          M      171
================================================================================
AV 76.7 55.8                               5.8 FASTST   M    M   6    MAX(MPH)
                                 MISC ---->    24 280                 37 250
================================================================================
NOTES:
# LAST OF SEVERAL OCCURRENCES

COLUMN 17 PEAK WIND IN M.P.H.

PRELIMINARY LOCAL CLIMATOLOGICAL DATA (WS FORM: F-6) , PAGE 2

                                          STATION:   FORT WAYNE
                                          MONTH:     SEPTEMBER
                                          YEAR:      2022
                                          LATITUDE:   41  0 N
                                          LONGITUDE:  85 12 W

[TEMPERATURE DATA]      [PRECIPITATION DATA]       SYMBOLS USED IN COLUMN 16

AVERAGE MONTHLY: 66.2   TOTAL FOR MONTH:   1.96    1 = FOG OR MIST
DPTR FM NORMAL:   1.0   DPTR FM NORMAL:   -0.81    2 = FOG REDUCING VISIBILITY
HIGHEST:    89 ON 21    GRTST 24HR  1.14 ON 10-11      TO 1/4 MILE OR LESS
LOWEST:     39 ON 23                               3 = THUNDER
                        SNOW, ICE PELLETS, HAIL    4 = ICE PELLETS
                        TOTAL MONTH:   0.0 INCH    5 = HAIL
                        GRTST 24HR  0.0            6 = FREEZING RAIN OR DRIZZLE
                        GRTST DEPTH:  0            7 = DUSTSTORM OR SANDSTORM:
                                                       VSBY 1/2 MILE OR LESS
                                                   8 = SMOKE OR HAZE
[NO. OF DAYS WITH]      [WEATHER - DAYS WITH]      9 = BLOWING SNOW
                                                   X = TORNADO
MAX 32 OR BELOW:   0    0.01 INCH OR MORE:   9
MAX 90 OR ABOVE:   0    0.10 INCH OR MORE:   5
MIN 32 OR BELOW:   0    0.50 INCH OR MORE:   1
MIN  0 OR BELOW:   0    1.00 INCH OR MORE:   0

[HDD (BASE 65) ]
TOTAL THIS MO.    53    CLEAR  (SCALE 0-3)   2
DPTR FM NORMAL   -23    PTCLDY (SCALE 4-7)  18
TOTAL FM JUL 1    55    CLOUDY (SCALE 8-10)  7
DPTR FM NORMAL   -32

[CDD (BASE 65) ]
TOTAL THIS MO.    95
DPTR FM NORMAL    12    [PRESSURE DATA]
TOTAL FM JAN 1   925    HIGHEST SLP M ON M
DPTR FM NORMAL    91    LOWEST  SLP 29.67 ON 25

[REMARKS]
