000
CXUS52 KMFL 281030
CF6FXE
PRELIMINARY LOCAL CLIMATOLOGICAL DATA (WS FORM: F-6)

                                          STATION:   FORT LAUDERDALE EXEC ARPT
                                          MONTH:     SEPTEMBER
                                          YEAR:      2022
                                          LATITUDE:   26 12 N
                                          LONGITUDE:  80 11 W

  TEMPERATURE IN F:       :PCPN:    SNOW:  WIND      :SUNSHINE: SKY     :PK WND
================================================================================
1   2   3   4   5  6A  6B    7    8   9   10  11  12  13   14  15   16   17  18
                                     12Z  AVG MX 2MIN
DY MAX MIN AVG DEP HDD CDD  WTR  SNW DPTH SPD SPD DIR MIN PSBL S-S WX    SPD DR
================================================================================

 1  93  77  85   2   0  20    T    M    M  3.6 17 250   M    M   3 3      21 250
 2  94  77  86   3   0  21    T    M    M  6.9 18  90   M    M   2        25  90
 3  94  80  87   4   0  22    T    M    M  7.7 16 110   M    M   2        21  90
 4  94  80  87   4   0  22    T    M    M  7.8 16  90   M    M   1        23  80
 5  93  80  87   4   0  22 0.15  0.0    0  6.0 15 110   M    M   3 1      21 110
 6  94  81  88   5   0  23    T    M    M  4.3 14 110   M    M   3        18 110
 7  96  79  88   5   0  23 0.00    M    M  4.4 15  80   M    M   2 3      24  90
 8  94  77  86   3   0  21 0.18  0.0    0  5.3 18 180   M    M   3 3      24 190
 9  92  78  85   2   0  20 1.04  0.0    0  4.5 22 240   M    M   3 13     27 240
10  96  79  88   5   0  23 0.00    M    M  6.3 17 130   M    M   2        23 120
11  95  79  87   4   0  22 0.00    M    M  6.0 20 280   M    M   2 18     26 300
12  94  77  86   3   0  21 0.00  0.0    0  4.3 15  90   M    M   2 3      18 100
13  92  78  85   2   0  20 0.33  0.0    0  3.8 18 150   M    M   2 3      22 150
14  90  77  84   1   0  19 0.44  0.0    0  2.7 17 120   M    M   3 138    22 150
15  91  75  83   0   0  18 1.35  0.0    0  2.9 17 100   M    M   3 13     23 110
16  88  75  82  -1   0  17 1.31  0.0    0  4.6 20 100   M    M   2 3      24  90
17  91  74  83   0   0  18 1.20  0.0    0  6.6 26 240   M    M   4 13     37 230
18  89  74  82   0   0  17 1.12  0.0    0  3.6 18 280   M    M   2 13     24 310
19  90  76  83   1   0  18    T  0.0    M  3.2 13 120   M    M   1        18 130
20  92  78  85   3   0  20 0.03  0.0    M  5.4 16  90   M    M   2 X      20  90
21  92  78  85   3   0  20 0.01  0.0    0  5.2 13  30   M    M   3 3      17  10
22  93  77  85   3   0  20 0.83  0.0    0  3.8 15 290   M    M   4 13     21  40
23  95  76  86   4   0  21 0.00  0.0    0  5.3 12  90   M    M   0        16 360
24  90  77  84   2   0  19 0.59  0.0    0  3.3 16 110   M    M   4 18     20 100
25  92  76  84   2   0  19 0.00  0.0    0  5.2 15 120   M    M   1 1      19  60
26  90  75  83   1   0  18 1.76  0.0    0  4.3 26 100   M    M   4 138    33 110
27  84  76  80  -2   0  15 1.67  0.0    0 12.7 29  80   M    M   7 13     39 120
================================================================================
SM 2488 2086         0 539 12.01  0.0    139.7          M       70
================================================================================
AV 92.1 77.3                               5.2 FASTST   M    M   3    MAX(MPH)
                                 MISC ---->    29  80                 39 120
================================================================================
NOTES:
# LAST OF SEVERAL OCCURRENCES

COLUMN 17 PEAK WIND IN M.P.H.

PRELIMINARY LOCAL CLIMATOLOGICAL DATA (WS FORM: F-6) , PAGE 2

                                          STATION:   FORT LAUDERDALE EXEC ARPT
                                          MONTH:     SEPTEMBER
                                          YEAR:      2022
                                          LATITUDE:   26 12 N
                                          LONGITUDE:  80 11 W

[TEMPERATURE DATA]      [PRECIPITATION DATA]       SYMBOLS USED IN COLUMN 16

AVERAGE MONTHLY: 84.7   TOTAL FOR MONTH:  12.01    1 = FOG OR MIST
DPTR FM NORMAL:   2.1   DPTR FM NORMAL:    4.55    2 = FOG REDUCING VISIBILITY
HIGHEST:    96 ON 10, 7  GRTST 24HR  2.65 ON 15-16      TO 1/4 MILE OR LESS
LOWEST:     74 ON 18,17                             3 = THUNDER
                        SNOW, ICE PELLETS, HAIL    4 = ICE PELLETS
                        TOTAL MONTH:   0.0 INCH    5 = HAIL
                        GRTST 24HR  0.0            6 = FREEZING RAIN OR DRIZZLE
                        GRTST DEPTH:  0            7 = DUSTSTORM OR SANDSTORM:
                                                       VSBY 1/2 MILE OR LESS
                                                   8 = SMOKE OR HAZE
[NO. OF DAYS WITH]      [WEATHER - DAYS WITH]      9 = BLOWING SNOW
                                                   X = TORNADO
MAX 32 OR BELOW:   0    0.01 INCH OR MORE:  15
MAX 90 OR ABOVE:  24    0.10 INCH OR MORE:  13
MIN 32 OR BELOW:   0    0.50 INCH OR MORE:   9
MIN  0 OR BELOW:   0    1.00 INCH OR MORE:   7

[HDD (BASE 65) ]
TOTAL THIS MO.     0    CLEAR  (SCALE 0-3)  22
DPTR FM NORMAL     0    PTCLDY (SCALE 4-7)   5
TOTAL FM JUL 1     0    CLOUDY (SCALE 8-10)  0
DPTR FM NORMAL     0

[CDD (BASE 65) ]
TOTAL THIS MO.   539
DPTR FM NORMAL    60    [PRESSURE DATA]
TOTAL FM JAN 1  3936    HIGHEST SLP M ON M
DPTR FM NORMAL   438    LOWEST  SLP 29.72 ON  8

[REMARKS]
