000
CXUS54 KTSA 281103
CF6FYV
PRELIMINARY LOCAL CLIMATOLOGICAL DATA (WS FORM: F-6)

                                          STATION:   FAYETTEVILLE ARKANSAS
                                          MONTH:     SEPTEMBER
                                          YEAR:      2022
                                          LATITUDE:   36  0 N
                                          LONGITUDE:  94 10 W

  TEMPERATURE IN F:       :PCPN:    SNOW:  WIND      :SUNSHINE: SKY     :PK WND
================================================================================
1   2   3   4   5  6A  6B    7    8   9   10  11  12  13   14  15   16   17  18
                                     12Z  AVG MX 2MIN
DY MAX MIN AVG DEP HDD CDD  WTR  SNW DPTH SPD SPD DIR MIN PSBL S-S WX    SPD DR
================================================================================

 1  87  67  77   3   0  12 0.14  0.0    0  3.7 13 240   M    M   4 13     18 200
 2  81  70  76   2   0  11 1.13  0.0    0  2.9 12 310   M    M   9 123    18 210
 3  85  67  76   3   0  11 0.00  0.0    0  2.6  9  70   M    M   5 12     15  20
 4  89  65  77   4   0  12 0.00  0.0    0  1.3 12 110   M    M   4 12     18 100
 5  86  66  76   3   0  11 0.00  0.0    0  1.8 12 180   M    M   1 13     16 190
 6  88  63  76   4   0  11 0.00  0.0    0  1.7  8  90   M    M   5 12     11 100
 7  85  62  74   2   0   9 0.00  0.0    0  2.6 10  60   M    M   4 12     18  50
 8  86  59  73   1   0   8 0.00  0.0    0  1.2  8  80   M    M   2 12     13  70
 9  86  57  72   1   0   7 0.00  0.0    0  1.7  9  90   M    M   1 1      13 110
10  88  55  72   1   0   7 0.00  0.0    0  1.2  8 310   M    M   1 12     13 220
11  77  52  65  -6   0   0    T  0.0    0  6.3 17 330   M    M   5 1      24 360
12  80  48  64  -6   1   0 0.00  0.0    0  3.5 12 330   M    M   0        20 320
13  87  51  69  -1   0   4 0.00  0.0    0  3.0 12 160   M    M   0        17 170
14  85  49  67  -3   0   2 0.00  0.0    0  2.7 14 180   M    M   0 1      19 130
15  84  51  68  -1   0   3 0.00  0.0    0  2.0 12 140   M    M   0 1      22 140
16  87  51  69   0   0   4 0.00  0.0    0  3.5 15 170   M    M   0 1      20 140
17  91  59  75   6   0  10 0.00  0.0    0  5.2 17 190   M    M   0        26 190
18  93  67  80  12   0  15 0.00  0.0    0  5.0 18 220   M    M   1        26 180
19  95  68  82  14   0  17 0.00  0.0    0  4.2 12 130   M    M   0        15 160
20  95  67  81  13   0  16 0.00  0.0    0  4.8 15 170   M    M   0        25 180
21  96  65  81  14   0  16 0.00  0.0    0  3.7 13 210   M    M   0        17 210
22  73  60  67   0   0   2    T  0.0    0  5.3 15  70   M    M   7        23  70
23  87  56  72   6   0   7 0.00  0.0    0  5.3 15 210   M    M   1        21 180
24  90  66  78  12   0  13 0.01  0.0    0  5.4 20 230   M    M   3 1      30 240
25  84  51  68   2   0   3    T  0.0    0  4.6 16 340   M    M   1 1      25 340
26  81  45  63  -2   2   0 0.00  0.0    0  3.5 16 330   M    M   0        23 330
27  85  43  64  -1   1   0 0.00  0.0    0  1.0  9 200   M    M   1 8      13 210
================================================================================
SM 2331 1580         4 211  1.28  0.0     89.7          M       55
================================================================================
AV 86.3 58.5                               3.3 FASTST   M    M   2    MAX(MPH)
                                 MISC ---->    20 230                 30 240
================================================================================
NOTES:
# LAST OF SEVERAL OCCURRENCES

COLUMN 17 PEAK WIND IN M.P.H.

PRELIMINARY LOCAL CLIMATOLOGICAL DATA (WS FORM: F-6) , PAGE 2

                                          STATION:   FAYETTEVILLE ARKANSAS
                                          MONTH:     SEPTEMBER
                                          YEAR:      2022
                                          LATITUDE:   36  0 N
                                          LONGITUDE:  94 10 W

[TEMPERATURE DATA]      [PRECIPITATION DATA]       SYMBOLS USED IN COLUMN 16

AVERAGE MONTHLY: 72.4   TOTAL FOR MONTH:   1.28    1 = FOG OR MIST
DPTR FM NORMAL:   2.8   DPTR FM NORMAL:   -2.52    2 = FOG REDUCING VISIBILITY
HIGHEST:    96 ON 21    GRTST 24HR  1.27 ON  1- 2      TO 1/4 MILE OR LESS
LOWEST:     43 ON 27                               3 = THUNDER
                        SNOW, ICE PELLETS, HAIL    4 = ICE PELLETS
                        TOTAL MONTH:   0.0 INCH    5 = HAIL
                        GRTST 24HR  0.0            6 = FREEZING RAIN OR DRIZZLE
                        GRTST DEPTH:  0            7 = DUSTSTORM OR SANDSTORM:
                                                       VSBY 1/2 MILE OR LESS
                                                   8 = SMOKE OR HAZE
[NO. OF DAYS WITH]      [WEATHER - DAYS WITH]      9 = BLOWING SNOW
                                                   X = TORNADO
MAX 32 OR BELOW:   0    0.01 INCH OR MORE:   3
MAX 90 OR ABOVE:   6    0.10 INCH OR MORE:   2
MIN 32 OR BELOW:   0    0.50 INCH OR MORE:   1
MIN  0 OR BELOW:   0    1.00 INCH OR MORE:   1

[HDD (BASE 65) ]
TOTAL THIS MO.     4    CLEAR  (SCALE 0-3)  19
DPTR FM NORMAL   -25    PTCLDY (SCALE 4-7)   7
TOTAL FM JUL 1     4    CLOUDY (SCALE 8-10)  1
DPTR FM NORMAL   -26

[CDD (BASE 65) ]
TOTAL THIS MO.   211
DPTR FM NORMAL    58    [PRESSURE DATA]
TOTAL FM JAN 1  1842    HIGHEST SLP M ON M
DPTR FM NORMAL   530    LOWEST  SLP 29.80 ON  9

[REMARKS]
