000
CXUS56 KFGZ 280910
CF6GCN
PRELIMINARY LOCAL CLIMATOLOGICAL DATA (WS FORM: F-6)

                                          STATION:   GRAND CANYON AZ AIRPORT
                                          MONTH:     SEPTEMBER
                                          YEAR:      2022
                                          LATITUDE:   35 57 N
                                          LONGITUDE: 112  9 W

  TEMPERATURE IN F:       :PCPN:    SNOW:  WIND      :SUNSHINE: SKY     :PK WND
================================================================================
1   2   3   4   5  6A  6B    7    8   9   10  11  12  13   14  15   16   17  18
                                     12Z  AVG MX 2MIN
DY MAX MIN AVG DEP HDD CDD  WTR  SNW DPTH SPD SPD DIR MIN PSBL S-S WX    SPD DR
================================================================================

 1  90  46  68   5   0   3 0.00    M    M  3.1 16  40   M    M   0        21  40
 2  90  47  69   6   0   4 0.00    M    M  4.2 21  50   M    M   0 8      30  60
 3  88  47  68   5   0   3 0.00    M    M  3.1 14 120   M    M   1        22 150
 4  88  48  68   6   0   3 0.00    M    M  4.5 17  60   M    M   0        21  60
 5  91  44  68   6   0   3 0.00    M    M  3.2 17  30   M    M   0        23  20
 6  91  47  69   7   0   4 0.00    M    M  4.5 17  40   M    M   0        27  40
 7  89  48  69   7   0   4 0.01    M    M  2.4 14 230   M    M   1 3      18 220
 8  86  49  68   7   0   3 0.45    M    M  3.5 23 170   M    M   1 3      29  20
 9  76  47  62   1   3   0    T    M    M  4.2 16 210   M    M   0        20 210
10  66  53  60  -1   5   0 0.72    M    M  3.7 15 120   M    M   4 123    20 120
11  77  47  62   2   3   0 0.00    M    M  2.4 15  70   M    M   2 3      20  90
12  78  52  65   5   0   0 0.01    M    M  3.9 18 210   M    M   3 13     22 220
13  67  50  59  -1   6   0 0.34    M    M  2.8 17 240   M    M   8 13     28 220
14  63  44  54  -5  11   0 1.03    M    M  2.9 17 200   M    M   8 13     21 180
15  72  42  57  -2   8   0 0.00    M    M  3.7 17 230   M    M   2        22 220
16  72  43  58  -1   7   0 0.00    M    M  4.2 16 220   M    M   2        22 220
17  73  39  56  -2   9   0 0.00    M    M  7.3 24 210   M    M   1        29 180
18  76  38  57  -1   8   0 0.00    M    M  6.1 24 210   M    M   0        30 220
19  79  41  60   2   5   0 0.16    M    M  5.7 23 210   M    M   1        30 210
20  72  46  59   2   6   0    T    M    M  4.2 15 210   M    M   4        21 210
21  65  54  60   3   5   0 0.15    M    M  5.3 15 180   M    M   9 13     20 180
22  75  47  61   5   4   0 0.00    M    M  5.9 21 210   M    M   5 1      30 200
23  76  41  59   3   6   0 0.00    M    M  2.3 14 230   M    M   0        19 230
24  75  37  56   0   9   0 0.00    M    M  4.4 14  10   M    M   0        21 250
25  76  36  56   1   9   0 0.00    M    M  5.4 18  40   M    M   0        23  30
26  79  39  59   4   6   0 0.00    M    M  4.2 16  50   M    M   3        20  40
27  77  44  61   6   4   0 0.00    M    M  2.7 12  80   M    M   4 3      17 110
================================================================================
SM 2107 1216       114  27  2.87    M    109.8          M       59
================================================================================
AV 78.0 45.0                               4.1 FASTST   M    M   2    MAX(MPH)
                                 MISC ---->  # 24 210               # 30  60
================================================================================
NOTES:
# LAST OF SEVERAL OCCURRENCES

COLUMN 17 PEAK WIND IN M.P.H.

PRELIMINARY LOCAL CLIMATOLOGICAL DATA (WS FORM: F-6) , PAGE 2

                                          STATION:   GRAND CANYON AZ AIRPORT
                                          MONTH:     SEPTEMBER
                                          YEAR:      2022
                                          LATITUDE:   35 57 N
                                          LONGITUDE: 112  9 W

[TEMPERATURE DATA]      [PRECIPITATION DATA]       SYMBOLS USED IN COLUMN 16

AVERAGE MONTHLY: 61.5   TOTAL FOR MONTH:   2.87    1 = FOG OR MIST
DPTR FM NORMAL:   2.4   DPTR FM NORMAL:    1.60    2 = FOG REDUCING VISIBILITY
HIGHEST:    91 ON  6, 5  GRTST 24HR  1.12 ON 13-14      TO 1/4 MILE OR LESS
LOWEST:     36 ON 25                               3 = THUNDER
                        SNOW, ICE PELLETS, HAIL    4 = ICE PELLETS
                        TOTAL MONTH:  M            5 = HAIL
                        GRTST 24HR    M  ON   M    6 = FREEZING RAIN OR DRIZZLE
                        GRTST DEPTH:  M  ON   M    7 = DUSTSTORM OR SANDSTORM:
                                                       VSBY 1/2 MILE OR LESS
                                                   8 = SMOKE OR HAZE
[NO. OF DAYS WITH]      [WEATHER - DAYS WITH]      9 = BLOWING SNOW
                                                   X = TORNADO
MAX 32 OR BELOW:   0    0.01 INCH OR MORE:   8
MAX 90 OR ABOVE:   4    0.10 INCH OR MORE:   6
MIN 32 OR BELOW:   0    0.50 INCH OR MORE:   2
MIN  0 OR BELOW:   0    1.00 INCH OR MORE:   1

[HDD (BASE 65) ]
TOTAL THIS MO.   114    CLEAR  (SCALE 0-3)  20
DPTR FM NORMAL   -46    PTCLDY (SCALE 4-7)   6
TOTAL FM JUL 1   117    CLOUDY (SCALE 8-10)  1
DPTR FM NORMAL   -93

[CDD (BASE 65) ]
TOTAL THIS MO.    27
DPTR FM NORMAL    26    [PRESSURE DATA]
TOTAL FM JAN 1   261    HIGHEST SLP M ON M
DPTR FM NORMAL   103    LOWEST  SLP 29.75 ON  9

[REMARKS]
