000
CXUS54 KFWD 280730
CF6GDJ
PRELIMINARY LOCAL CLIMATOLOGICAL DATA (WS FORM: F-6)

                                          STATION:   GRANBURY
                                          MONTH:     SEPTEMBER
                                          YEAR:      2022
                                          LATITUDE:   32 26 N
                                          LONGITUDE:  97 48 W

  TEMPERATURE IN F:       :PCPN:    SNOW:  WIND      :SUNSHINE: SKY     :PK WND
================================================================================
1   2   3   4   5  6A  6B    7    8   9   10  11  12  13   14  15   16   17  18
                                     12Z  AVG MX 2MIN
DY MAX MIN AVG DEP HDD CDD  WTR  SNW DPTH SPD SPD DIR MIN PSBL S-S WX    SPD DR
================================================================================

 1  82  72  77  -5   0  12 0.45    M    M  2.5  8 130   M    M   4 3      10 280
 2  80  73  77  -5   0  12 0.00    M    M  3.5 12 140   M    M   5        21 150
 3  94  70  82   1   0  17 0.00    M    M  2.8 13  80   M    M   2         M   M
 4  94  66  80  -1   0  15 0.51    M    M  3.1 15  80   M    M   1 3      41   0
 5  92  67  80  -1   0  15 0.15    M    M  3.9 15  60   M    M   4 3      38 160
 6  93  67  80   0   0  15 0.00    M    M  2.1  9 150   M    M   1         M   M
 7  92  68  80   0   0  15 0.00    M    M  3.4 10  50   M    M   1         9 350
 8  89  68  79   0   0  14 0.00    M    M  4.2  9  60   M    M   2         M   M
 9  89  69  79   0   0  14 0.00    M    M  6.0  9  80   M    M   2         M   M
10  88  64  76  -3   0  11 0.00    M    M  3.1  8  20   M    M   1         M   M
11  82  65  74  -4   0   9 0.00    M    M  6.1 14 330   M    M   1        20 330
12  84  61  73  -5   0   8 0.00    M    M  3.3  8 120   M    M   1         M   M
13  91  67  79   2   0  14 0.00    M    M  7.0 13 160   M    M   3        17 160
14  89  66  78   1   0  13 0.00    M    M  8.1 13  90   M    M   0        17  90
15  87  62  75  -1   0  10 0.00    M    M  6.6 12  90   M    M   0        17 110
16  91  68  80   4   0  15 0.00    M    M  8.0 14 130   M    M   1        20 110
17  94  73  84   8   0  19 0.00    M    M  9.1 13 120   M    M   2        20 180
18  95  74  85  10   0  20 0.00    M    M  7.9 13 110   M    M   0        18 150
19  94  70  82   7   0  17 0.00    M    M  5.4 13 120   M    M   0        17 120
20  95  71  83   9   0  18 0.00    M    M  6.2 14 110   M    M   1        18 120
21  95  71  83   9   0  18 0.00    M    M  5.2 10 120   M    M   0        22 130
22  96  67  82   9   0  17 0.00    M    M  3.8 12 190   M    M   0        16 300
23  98  63  81   8   0  16 0.00    M    M  4.0 12 200   M    M   1        23 200
24  95  72  84  11   0  19 0.00    M    M  6.0 10 150   M    M   0        18 170
25  96  69  83  11   0  18 0.11    M    M  4.4 15 360   M    M   1        23 200
26  84  58  71  -1   0   6 0.00    M    M  6.3 13  20   M    M   0        21  30
27  88  51  70  -1   0   5 0.00    M    M  3.7 10 100   M    M   0         M   M
================================================================================
SM 2447 1812         0 382  1.22    M    135.8          M       34
================================================================================
AV 90.6 67.1                               5.0 FASTST   M    M   1    MAX(MPH)
                                 MISC ---->    15  80                 41   0
================================================================================
NOTES:
# LAST OF SEVERAL OCCURRENCES

COLUMN 17 PEAK WIND IN M.P.H.

PRELIMINARY LOCAL CLIMATOLOGICAL DATA (WS FORM: F-6) , PAGE 2

                                          STATION:   GRANBURY
                                          MONTH:     SEPTEMBER
                                          YEAR:      2022
                                          LATITUDE:   32 26 N
                                          LONGITUDE:  97 48 W

[TEMPERATURE DATA]      [PRECIPITATION DATA]       SYMBOLS USED IN COLUMN 16

AVERAGE MONTHLY: 78.9   TOTAL FOR MONTH:   1.22    1 = FOG OR MIST
DPTR FM NORMAL:   2.1   DPTR FM NORMAL:    1.22    2 = FOG REDUCING VISIBILITY
HIGHEST:    98 ON 23    GRTST 24HR  0.51 ON  4- 4      TO 1/4 MILE OR LESS
LOWEST:     51 ON 27                               3 = THUNDER
                        SNOW, ICE PELLETS, HAIL    4 = ICE PELLETS
                        TOTAL MONTH:  M            5 = HAIL
                        GRTST 24HR    M  ON   M    6 = FREEZING RAIN OR DRIZZLE
                        GRTST DEPTH:  M  ON   M    7 = DUSTSTORM OR SANDSTORM:
                                                       VSBY 1/2 MILE OR LESS
                                                   8 = SMOKE OR HAZE
[NO. OF DAYS WITH]      [WEATHER - DAYS WITH]      9 = BLOWING SNOW
                                                   X = TORNADO
MAX 32 OR BELOW:   0    0.01 INCH OR MORE:   4
MAX 90 OR ABOVE:  16    0.10 INCH OR MORE:   4
MIN 32 OR BELOW:   0    0.50 INCH OR MORE:   1
MIN  0 OR BELOW:   0    1.00 INCH OR MORE:   0

[HDD (BASE 65) ]
TOTAL THIS MO.     0    CLEAR  (SCALE 0-3)  24
DPTR FM NORMAL    -1    PTCLDY (SCALE 4-7)   3
TOTAL FM JUL 1     0    CLOUDY (SCALE 8-10)  0
DPTR FM NORMAL    -1

[CDD (BASE 65) ]
TOTAL THIS MO.   382
DPTR FM NORMAL    58    [PRESSURE DATA]
TOTAL FM JAN 1  3027    HIGHEST SLP M ON M
DPTR FM NORMAL   772    LOWEST  SLP M ON M

[REMARKS]
