000
CXUS56 KTFX 240915
CF6GDV
23
PRELIMINARY LOCAL CLIMATOLOGICAL DATA (WS FORM: F-6)

                                          STATION:   GLENDIVE APT MT
                                          MONTH:     August
                                          YEAR:      2022
                                          LATITUDE:   47.13  N
                                          LONGITUDE: 104.80  W

  TEMPERATURE IN F:       :PCPN:    SNOW:  WIND      :SUNSHINE: SKY     :PK WND
================================================================================
1   2   3   4   5  6A  6B    7    8   9   10  11  12  13   14  15   16   17  18
                                     12Z  AVG MX 2MIN
DY MAX MIN AVG DEP HDD CDD  WTR  SNW DPTH SPD SPD DIR MIN PSBL S-S WX    SPD DR
================================================================================

01 100  63  81   5   0  16  0.00  M    M  8.0  M   M   M    M   M        22  320
02  97  62  79   3   0  14  0.00  M    M 11.7  M   M   M    M   M        32  350
03  93  55  74  -1   0   9  0.00  M    M  6.2  M   M   M    M   M        22  360
04 104  58  81   6   0  16  0.00  M    M  8.8  M   M   M    M   M        26  340
05  86  65  75   0   0  10  0.00  M    M 11.2  M   M   M    M   M        21  360
06  64  54  59 -16   6   0  0.19  M    M  6.8  M   M   M    M   M        22  160
07  77  55  66  -9   0   1  0.00  M    M  5.9  M   M   M    M   M        M     M
08  96  57  76   1   0  11  0.00  M    M  9.7  M   M   M    M   M        22  240
09  88  58  73  -2   0   8  0.00  M    M 12.0  M   M   M    M   M        26  360
10  89  59  74  -1   0   9  0.00  M    M 15.8  M   M   M    M   M        29  110
11  88  69  78   3   0  13  0.00  M    M 11.3  M   M   M    M   M        28  340
12  98  60  79   5   0  14  0.00  M    M  7.1  M   M   M    M   M        21  360
13  93  68  80   6   0  15  0.01  M    M  8.5  M   M   M    M   M        M     M
14  97  70  83   9   0  18  0.30  M    M  8.0  M   M   M    M   M        40  320
15  92  69  80   6   0  15  0.00  M    M  7.5  M   M   M    M   M        17  340
16  93  65  79   5   0  14  0.00  M    M  8.3  M   M   M    M   M        20  360
17  90  62  76   3   0  11  0.16  M    M  8.7  M   M   M    M   M        25  350
18  85  61  73   0   0   8  0.00  M    M 10.7  M   M   M    M   M        24  360
19  82  56  69  -4   0   4  0.00  M    M  8.4  M   M   M    M   M        21  360
20  88  56  72   0   0   7  0.00  M    M  7.0  M   M   M    M   M        20  340
21  96  59  77   5   0  12  0.00  M    M  6.5  M   M   M    M   M        M     M
22  91  65  78   6   0  13  0.08  M    M  4.3  M   M   M    M   M        21  360
23  93  58  75   4   0  10  0.00  M    M  7.3  M   M   M    M   M        35  340
================================================================================
SM 2080 1404         6  248  0.74         199.7
================================================================================
AV 90.4 61.0                              8.7                        MAX(MPH)
                                                                      40

[TEMPERATURE DATA]      [PRECIPITATION DATA]

Average Monthly:  75.7  Total for Month:  0.74
Dptr fm Normal:    1.5  Dptr fm Normal:  -0.29
