000
CXUS51 KPHI 260815
CF6GED
PRELIMINARY LOCAL CLIMATOLOGICAL DATA (WS FORM: F-6)

                                          STATION:   GEORGETOWN DE
                                          MONTH:     SEPTEMBER
                                          YEAR:      2022
                                          LATITUDE:   38 41 N
                                          LONGITUDE:  75 22 W

  TEMPERATURE IN F:       :PCPN:    SNOW:  WIND      :SUNSHINE: SKY     :PK WND
================================================================================
1   2   3   4   5  6A  6B    7    8   9   10  11  12  13   14  15   16   17  18
                                     12Z  AVG MX 2MIN
DY MAX MIN AVG DEP HDD CDD  WTR  SNW DPTH SPD SPD DIR MIN PSBL S-S WX    SPD DR
================================================================================

 1  89  61  75   1   0  10 0.00    M    M  3.4 13 260   M    M   0        19 300
 2  85  64  75   1   0  10 0.00    M    M  6.2 16  70   M    M   0        23  80
 3  87  63  75   1   0  10 0.00    M    M  4.0 14 120   M    M   1        18 130
 4  92  64  78   4   0  13 0.00    M    M  4.0 15 150   M    M   2 12     19 170
 5  90  68  79   6   0  14 0.00    M    M  5.7 16 170   M    M   2        21 170
 6  85  72  79   6   0  14 0.79    M    M  8.1 23 220   M    M   9 1      28 210
 7  74  70  72  -1   0   7 0.21    M    M  9.2 18  40   M    M   9 1      24  50
 8  78  63  71  -2   0   6 0.00    M    M  6.4 18  30   M    M   6        22  50
 9  80  59  70  -2   0   5 0.00    M    M  5.8 16  70   M    M   1        22  40
10  83  58  71  -1   0   6    T    M    M  5.1 14 120   M    M   1        16 120
11  78  70  74   2   0   9 1.01    M    M  5.2 14 190   M    M   8 1      16 190
12  86  72  79   7   0  14 0.44    M    M  5.4 17 240   M    M   8 13     21 240
13  84  66  75   4   0  10 0.49    M    M  4.2 12 290   M    M   4 13     18 270
14  82  60  71   0   0   6 0.00    M    M  3.5 12 310   M    M   0        17 290
15  79  57  68  -3   0   3 0.00    M    M  3.6 16  40   M    M   1        22  40
16  79  53  66  -4   0   1 0.00    M    M  1.5  8 340   M    M   0        11 330
17  82  56  69  -1   0   4 0.00    M    M  3.0 13 170   M    M   1        16 160
18  84  59  72   2   0   7 0.00    M    M  5.3 17 210   M    M   0 1      22 220
19  87  64  76   6   0  11 0.00    M    M  6.6 18 210   M    M   1 12     24 200
20  84  62  73   4   0   8 0.00    M    M  4.2 15 280   M    M   0        22 280
21  86  58  72   3   0   7 0.00    M    M  2.9 12 230   M    M   0        16 240
22  87  59  73   5   0   8 0.21    M    M  7.6 20 220   M    M   2 1      31 350
23  68  49  59  -9   6   0 0.00    M    M  6.7 17 350   M    M   0        25 340
24  72  46  59  -9   6   0 0.00    M    M  3.9 12 250   M    M   0        16 280
25  82  52  67   0   0   2 0.20    M    M  9.6 21 210   M    M   4 13     24 210
================================================================================
SM 2063 1525        12 185  3.35    M    131.1          M       60
================================================================================
AV 82.5 61.0                               5.2 FASTST   M    M   2    MAX(MPH)
                                 MISC ---->    23 220                 31 350
================================================================================
NOTES:
# LAST OF SEVERAL OCCURRENCES

COLUMN 17 PEAK WIND IN M.P.H.

PRELIMINARY LOCAL CLIMATOLOGICAL DATA (WS FORM: F-6) , PAGE 2

                                          STATION:   GEORGETOWN DE
                                          MONTH:     SEPTEMBER
                                          YEAR:      2022
                                          LATITUDE:   38 41 N
                                          LONGITUDE:  75 22 W

[TEMPERATURE DATA]      [PRECIPITATION DATA]       SYMBOLS USED IN COLUMN 16

AVERAGE MONTHLY: 71.8   TOTAL FOR MONTH:   3.35    1 = FOG OR MIST
DPTR FM NORMAL:   0.6   DPTR FM NORMAL:   -0.42    2 = FOG REDUCING VISIBILITY
HIGHEST:    92 ON  4    GRTST 24HR  1.01 ON 11-11      TO 1/4 MILE OR LESS
LOWEST:     46 ON 24                               3 = THUNDER
                        SNOW, ICE PELLETS, HAIL    4 = ICE PELLETS
                        TOTAL MONTH:  M            5 = HAIL
                        GRTST 24HR    M  ON   M    6 = FREEZING RAIN OR DRIZZLE
                        GRTST DEPTH:  M  ON   M    7 = DUSTSTORM OR SANDSTORM:
                                                       VSBY 1/2 MILE OR LESS
                                                   8 = SMOKE OR HAZE
[NO. OF DAYS WITH]      [WEATHER - DAYS WITH]      9 = BLOWING SNOW
                                                   X = TORNADO
MAX 32 OR BELOW:   0    0.01 INCH OR MORE:   7
MAX 90 OR ABOVE:   2    0.10 INCH OR MORE:   7
MIN 32 OR BELOW:   0    0.50 INCH OR MORE:   2
MIN  0 OR BELOW:   0    1.00 INCH OR MORE:   1

[HDD (BASE 65) ]
TOTAL THIS MO.    12    CLEAR  (SCALE 0-3)  18
DPTR FM NORMAL     1    PTCLDY (SCALE 4-7)   4
TOTAL FM JUL 1    12    CLOUDY (SCALE 8-10)  3
DPTR FM NORMAL     1

[CDD (BASE 65) ]
TOTAL THIS MO.   185
DPTR FM NORMAL    19    [PRESSURE DATA]
TOTAL FM JAN 1  1511    HIGHEST SLP M ON M
DPTR FM NORMAL   175    LOWEST  SLP 29.61 ON 22

[REMARKS]
