000
CXUS55 KRIW 281010
CF6GEY
PRELIMINARY LOCAL CLIMATOLOGICAL DATA (WS FORM: F-6)

                                          STATION:   GREYBULL WY
                                          MONTH:     SEPTEMBER
                                          YEAR:      2022
                                          LATITUDE:   44 30 N
                                          LONGITUDE: 108  4 W

  TEMPERATURE IN F:       :PCPN:    SNOW:  WIND      :SUNSHINE: SKY     :PK WND
================================================================================
1   2   3   4   5  6A  6B    7    8   9   10  11  12  13   14  15   16   17  18
                                     12Z  AVG MX 2MIN
DY MAX MIN AVG DEP HDD CDD  WTR  SNW DPTH SPD SPD DIR MIN PSBL S-S WX    SPD DR
================================================================================

 1 100  54  77  10   0  12 0.00    M    M  7.2 24 350   M    M   0        32 350
 2  93  59  76   9   0  11 0.00    M    M  4.9 16 280   M    M   0        19 270
 3  99  54  77  11   0  12 0.00    M    M  5.3 15 200   M    M   0        20 150
 4 103  57  80  14   0  15 0.00    M    M  3.5 14 320   M    M   0        18 330
 5  99  53  76  10   0  11 0.00    M    M  4.0 10 270   M    M   0        13 270
 6  94  51  73   8   0   8 0.00    M    M  2.8 10 270   M    M   0        12 270
 7 103  53  78  13   0  13 0.00    M    M  4.2 30 310   M    M   0        43 310
 8  85  54  70   6   0   5 0.68    M    M 10.9 48 360   M    M   4 138    62  10
 9  59  46  53 -11  12   0 0.08    M    M  7.1 18 330   M    M   7        24 330
10  66  40  53 -11  12   0 0.00    M    M  4.0 13 140   M    M   0        17 150
11  81  41  61  -2   4   0 0.00    M    M  2.8  9 250   M    M   0 1      12 100
12  83  44  64   1   1   0 0.00    M    M  1.8  8 250   M    M   0         9 260
13  88  47  68   6   0   3    T    M    M  6.2 25 160   M    M   1 1      37 170
14  74  58  66   4   0   1    T    M    M  8.8 22 300   M    M   6        27 290
15  71  56  64   3   1   0 0.00    M    M  4.8 18 150   M    M   2        23 150
16  74  48  61   0   4   0 0.07    M    M  5.6 26 280   M    M   3 1      36 280
17  73  48  61   1   4   0 0.00    M    M  4.3 18 260   M    M   2 12     24 230
18  81  47  64   4   1   0 0.00    M    M  5.5 16 130   M    M   0        21 140
19  88  47  68   9   0   3 0.00    M    M  3.5 17 300   M    M   0        21 290
20  69  47  58  -1   7   0 0.02    M    M 12.4 24 330   M    M   0 3      33 350
21  66  47  57  -1   8   0 0.01    M    M  3.7 10 200   M    M   7        14 300
22  74  52  63   5   2   0    T    M    M  5.6 23 280   M    M   4 3      30 290
23  77  50  64   6   1   0 0.00    M    M  7.0 23 300   M    M   3        32 280
24  78  45  62   5   3   0 0.00    M    M  6.5 24 350   M    M   0        33 310
25  78  42  60   3   5   0 0.00    M    M  3.2  9 120   M    M   0        12 130
26  82  41  62   6   3   0 0.00    M    M  2.6 10 250   M    M   0        19 300
27  86  43  65   9   0   0 0.00    M    M  2.3 10 130   M    M   0        16 110
================================================================================
SM 2224 1324        68  94  0.86    M    140.5          M       39
================================================================================
AV 82.4 49.0                               5.2 FASTST   M    M   1    MAX(MPH)
                                 MISC ---->    48 360                 62  10
================================================================================
NOTES:
# LAST OF SEVERAL OCCURRENCES

COLUMN 17 PEAK WIND IN M.P.H.

PRELIMINARY LOCAL CLIMATOLOGICAL DATA (WS FORM: F-6) , PAGE 2

                                          STATION:   GREYBULL WY
                                          MONTH:     SEPTEMBER
                                          YEAR:      2022
                                          LATITUDE:   44 30 N
                                          LONGITUDE: 108  4 W

[TEMPERATURE DATA]      [PRECIPITATION DATA]       SYMBOLS USED IN COLUMN 16

AVERAGE MONTHLY: 65.7   TOTAL FOR MONTH:   0.86    1 = FOG OR MIST
DPTR FM NORMAL:   4.1   DPTR FM NORMAL:    0.12    2 = FOG REDUCING VISIBILITY
HIGHEST:   103 ON  7, 4  GRTST 24HR  0.76 ON  8- 9      TO 1/4 MILE OR LESS
LOWEST:     40 ON 10                               3 = THUNDER
                        SNOW, ICE PELLETS, HAIL    4 = ICE PELLETS
                        TOTAL MONTH:  M            5 = HAIL
                        GRTST 24HR    M  ON   M    6 = FREEZING RAIN OR DRIZZLE
                        GRTST DEPTH:  M  ON   M    7 = DUSTSTORM OR SANDSTORM:
                                                       VSBY 1/2 MILE OR LESS
                                                   8 = SMOKE OR HAZE
[NO. OF DAYS WITH]      [WEATHER - DAYS WITH]      9 = BLOWING SNOW
                                                   X = TORNADO
MAX 32 OR BELOW:   0    0.01 INCH OR MORE:   5
MAX 90 OR ABOVE:   7    0.10 INCH OR MORE:   1
MIN 32 OR BELOW:   0    0.50 INCH OR MORE:   1
MIN  0 OR BELOW:   0    1.00 INCH OR MORE:   0

[HDD (BASE 65) ]
TOTAL THIS MO.    68    CLEAR  (SCALE 0-3)  21
DPTR FM NORMAL   -70    PTCLDY (SCALE 4-7)   6
TOTAL FM JUL 1    71    CLOUDY (SCALE 8-10)  0
DPTR FM NORMAL   -86

[CDD (BASE 65) ]
TOTAL THIS MO.    94
DPTR FM NORMAL    50    [PRESSURE DATA]
TOTAL FM JAN 1   941    HIGHEST SLP M ON M
DPTR FM NORMAL   201    LOWEST  SLP 29.62 ON 13

[REMARKS]
