000
CXUS55 KGGW 280810
CF6GGW
PRELIMINARY LOCAL CLIMATOLOGICAL DATA (WS FORM: F-6)

                                          STATION:   GLASGOW MT
                                          MONTH:     SEPTEMBER
                                          YEAR:      2022
                                          LATITUDE:   48 13 N
                                          LONGITUDE: 106 37 W

  TEMPERATURE IN F:       :PCPN:    SNOW:  WIND      :SUNSHINE: SKY     :PK WND
================================================================================
1   2   3   4   5  6A  6B    7    8   9   10  11  12  13   14  15   16   17  18
                                     12Z  AVG MX 2MIN
DY MAX MIN AVG DEP HDD CDD  WTR  SNW DPTH SPD SPD DIR MIN PSBL S-S WX    SPD DR
================================================================================

 1 101  60  81  15   0  16 0.00  0.0    0 11.8 29 280   M    M   0        38 280
 2  85  55  70   4   0   5 0.00  0.0    0  7.8 16 120   M    M   0        21 120
 3 100  62  81  16   0  16 0.00  0.0    0 15.8 21 150   M    M   0        30 140
 4  95  65  80  15   0  15 0.00  0.0    0  9.2 18 280   M    M   0 8      27 290
 5  99  55  77  13   0  12 0.00  0.0    0 10.6 28 310   M    M   0        35 280
 6  85  56  71   7   0   6 0.00  0.0    0  8.5 16 130   M    M   0        24 140
 7 106  56  81  17   0  16    T  0.0    0 11.7 26 270   M    M   1        40 260
 8  84  52  68   5   0   3    T  0.0    0 15.0 29 330   M    M   3        39 330
 9  68  42  55  -8  10   0 0.00  0.0    0  9.7 21 320   M    M   2        28 320
10  75  38  57  -5   8   0 0.00  0.0    0  6.5 16 240   M    M   0        27 190
11  89  49  69   7   0   4 0.00  0.0    0  9.8 14 130   M    M   0        18 150
12  89  54  72  10   0   7 0.00  0.0    0 12.6 21  60   M    M   0 8      29  70
13  77  54  66   5   0   1 0.00  0.0    0 20.2 32 100   M    M   0        40 120
14  68  50  59  -2   6   0    T  0.0    0 10.3 22  90   M    M   2        29  90
15  71  44  58  -2   7   0 0.00  0.0    0  9.3 18 110   M    M   1        24 100
16  72  56  64   4   1   0    T  0.0    0 10.8 16 130   M    M   6        22 120
17  76  53  65   6   0   0 0.10  0.0    0  5.2 13 250   M    M   4 1      17 240
18  81  46  64   5   1   0 0.00  0.0    0  9.3 20 110   M    M   0        25 120
19  84  53  69  11   0   4    T  0.0    0 11.4 26 340   M    M   1        35 340
20  65  42  54  -4  11   0 0.00  0.0    0 13.4 24 320   M    M   4        36 330
21  66  34  50  -8  15   0 0.00  0.0    0  8.3 16 100   M    M   0        20  90
22  63  45  54  -3  11   0 0.03  0.0    0 18.0 30 120   M    M   4 3      39 120
23  75  44  60   3   5   0    T  0.0    0 10.5 28 320   M    M   2        34 300
24  76  50  63   7   2   0 0.00  0.0    0  6.9 17 280   M    M   2        25 280
25  77  40  59   3   6   0 0.00  0.0    0  4.9 13 260   M    M   1        20 250
26  82  43  63   8   2   0 0.00  0.0    0  9.6 22 350   M    M   0        28 360
27  84  49  67  12   0   2 0.00  0.0    0 14.6 22 150   M    M   0        29 120
================================================================================
SM 2193 1347        85 107  0.13  0.0    291.7          M       33
================================================================================
AV 81.2 49.9                              10.8 FASTST   M    M   1    MAX(MPH)
                                 MISC ---->    32 100               # 40 260
================================================================================
NOTES:
# LAST OF SEVERAL OCCURRENCES

COLUMN 17 PEAK WIND IN M.P.H.

PRELIMINARY LOCAL CLIMATOLOGICAL DATA (WS FORM: F-6) , PAGE 2

                                          STATION:   GLASGOW MT
                                          MONTH:     SEPTEMBER
                                          YEAR:      2022
                                          LATITUDE:   48 13 N
                                          LONGITUDE: 106 37 W

[TEMPERATURE DATA]      [PRECIPITATION DATA]       SYMBOLS USED IN COLUMN 16

AVERAGE MONTHLY: 65.6   TOTAL FOR MONTH:   0.13    1 = FOG OR MIST
DPTR FM NORMAL:   5.0   DPTR FM NORMAL:   -0.83    2 = FOG REDUCING VISIBILITY
HIGHEST:   106 ON  7    GRTST 24HR  0.10 ON 17-17      TO 1/4 MILE OR LESS
LOWEST:     34 ON 21                               3 = THUNDER
                        SNOW, ICE PELLETS, HAIL    4 = ICE PELLETS
                        TOTAL MONTH:   0.0 INCH    5 = HAIL
                        GRTST 24HR  0.0            6 = FREEZING RAIN OR DRIZZLE
                        GRTST DEPTH:  0            7 = DUSTSTORM OR SANDSTORM:
                                                       VSBY 1/2 MILE OR LESS
                                                   8 = SMOKE OR HAZE
[NO. OF DAYS WITH]      [WEATHER - DAYS WITH]      9 = BLOWING SNOW
                                                   X = TORNADO
MAX 32 OR BELOW:   0    0.01 INCH OR MORE:   2
MAX 90 OR ABOVE:   5    0.10 INCH OR MORE:   1
MIN 32 OR BELOW:   0    0.50 INCH OR MORE:   0
MIN  0 OR BELOW:   0    1.00 INCH OR MORE:   0

[HDD (BASE 65) ]
TOTAL THIS MO.    85    CLEAR  (SCALE 0-3)  23
DPTR FM NORMAL   -81    PTCLDY (SCALE 4-7)   4
TOTAL FM JUL 1    88    CLOUDY (SCALE 8-10)  0
DPTR FM NORMAL  -122

[CDD (BASE 65) ]
TOTAL THIS MO.   107
DPTR FM NORMAL    61    [PRESSURE DATA]
TOTAL FM JAN 1   924    HIGHEST SLP M ON M
DPTR FM NORMAL   343    LOWEST  SLP 29.64 ON  7

[REMARKS]
