000
CXUS55 KGJT 280910
CF6GJT
PRELIMINARY LOCAL CLIMATOLOGICAL DATA (WS FORM: F-6)

                                          STATION:   GRAND JUNCTION CO
                                          MONTH:     SEPTEMBER
                                          YEAR:      2022
                                          LATITUDE:   39  7 N
                                          LONGITUDE: 108 32 W

  TEMPERATURE IN F:       :PCPN:    SNOW:  WIND      :SUNSHINE: SKY     :PK WND
================================================================================
1   2   3   4   5  6A  6B    7    8   9   10  11  12  13   14  15   16   17  18
                                     12Z  AVG MX 2MIN
DY MAX MIN AVG DEP HDD CDD  WTR  SNW DPTH SPD SPD DIR MIN PSBL S-S WX    SPD DR
================================================================================

 1  98  62  80   8   0  15 0.00  0.0    0  7.1 15 120   M    M   0 8      20 220
 2  99  62  81   9   0  16 0.00  0.0    0  7.6 16 110   M    M   0 8      19 110
 3  98  63  81   9   0  16 0.00  0.0    0  8.1 17 100   M    M   0        25  90
 4  96  64  80   8   0  15 0.00  0.0    0  7.5 15 120   M    M   0        21 110
 5 100  64  82  11   0  17 0.00  0.0    0  7.5 16 250   M    M   0        23 230
 6 102  63  83  12   0  18 0.00  0.0    0  7.0 17 310   M    M   0 8      23 290
 7  99  63  81  10   0  16 0.00  0.0    0  6.1 20 120   M    M   0        21 120
 8  98  63  81  11   0  16 0.00  0.0    0  8.5 23 320   M    M   0 8      30 310
 9  95  62  79   9   0  14 0.00  0.0    0  6.7 17 240   M    M   0 8      23 330
10  86  56  71   1   0   6 0.00  0.0    0  4.5 15 250   M    M   0        19 250
11  89  48  69   0   0   4 0.00  0.0    0  7.4 17 130   M    M   0        19 120
12  91  55  73   4   0   8 0.00  0.0    0  7.6 16 110   M    M   0 8      19 260
13  75  60  68   0   0   3 0.11  0.0    0  9.6 23 130   M    M   4 8      31 140
14  74  55  65  -3   0   0 1.18  0.0    0 10.4 23 110   M    M   8 138    28 120
15  75  56  66  -2   0   1 0.26  0.0    0  5.2 15 250   M    M   5 1      19 250
16  75  55  65  -2   0   0 0.18  0.0    0  7.5 24 240   M    M   4 138    31 230
17  77  54  66  -1   0   1 0.01  0.0    0  6.9 17 110   M    M   3 8      22 110
18  86  56  71   5   0   6 0.00  0.0    0  9.1 20 190   M    M   0        29 200
19  87  56  72   6   0   7    T  0.0    0  8.4 28 200   M    M   0 8      39 180
20  72  59  66   1   0   1 0.04  0.0    0  8.8 24 100   M    M   6 3      28 100
21  67  54  61  -4   4   0 0.17  0.0    0  6.8 18  90   M    M   5 1      23 100
22  77  56  67   3   0   2    T  0.0    0  7.6 20 310   M    M   5        26 300
23  78  50  64   0   1   0 0.00  0.0    0  5.4 17 300   M    M   1        24 320
24  80  46  63  -1   2   0 0.00  0.0    0  5.4 16 120   M    M   0        18 120
25  82  48  65   2   0   0 0.00  0.0    0  7.8 16 120   M    M   0        20 110
26  84  52  68   5   0   3 0.00  0.0    0  7.8 15 110   M    M   0 8      18 110
27  85  55  70   8   0   5 0.00  0.0    0  7.8 15 110   M    M   0        23 110
================================================================================
SM 2325 1537         7 190  1.95  0.0    200.1          M       41
================================================================================
AV 86.1 56.9                               7.4 FASTST   M    M   2    MAX(MPH)
                                 MISC ---->    28 200                 39 180
================================================================================
NOTES:
# LAST OF SEVERAL OCCURRENCES

COLUMN 17 PEAK WIND IN M.P.H.

PRELIMINARY LOCAL CLIMATOLOGICAL DATA (WS FORM: F-6) , PAGE 2

                                          STATION:   GRAND JUNCTION CO
                                          MONTH:     SEPTEMBER
                                          YEAR:      2022
                                          LATITUDE:   39  7 N
                                          LONGITUDE: 108 32 W

[TEMPERATURE DATA]      [PRECIPITATION DATA]       SYMBOLS USED IN COLUMN 16

AVERAGE MONTHLY: 71.5   TOTAL FOR MONTH:   1.95    1 = FOG OR MIST
DPTR FM NORMAL:   3.8   DPTR FM NORMAL:    0.87    2 = FOG REDUCING VISIBILITY
HIGHEST:   102 ON  6    GRTST 24HR  1.41 ON 14-15      TO 1/4 MILE OR LESS
LOWEST:     46 ON 24                               3 = THUNDER
                        SNOW, ICE PELLETS, HAIL    4 = ICE PELLETS
                        TOTAL MONTH:   0.0 INCH    5 = HAIL
                        GRTST 24HR  0.0            6 = FREEZING RAIN OR DRIZZLE
                        GRTST DEPTH:  0            7 = DUSTSTORM OR SANDSTORM:
                                                       VSBY 1/2 MILE OR LESS
                                                   8 = SMOKE OR HAZE
[NO. OF DAYS WITH]      [WEATHER - DAYS WITH]      9 = BLOWING SNOW
                                                   X = TORNADO
MAX 32 OR BELOW:   0    0.01 INCH OR MORE:   7
MAX 90 OR ABOVE:  10    0.10 INCH OR MORE:   5
MIN 32 OR BELOW:   0    0.50 INCH OR MORE:   1
MIN  0 OR BELOW:   0    1.00 INCH OR MORE:   1

[HDD (BASE 65) ]
TOTAL THIS MO.     7    CLEAR  (SCALE 0-3)  20
DPTR FM NORMAL   -35    PTCLDY (SCALE 4-7)   7
TOTAL FM JUL 1     7    CLOUDY (SCALE 8-10)  0
DPTR FM NORMAL   -36

[CDD (BASE 65) ]
TOTAL THIS MO.   190
DPTR FM NORMAL    72    [PRESSURE DATA]
TOTAL FM JAN 1  1502    HIGHEST SLP M ON M
DPTR FM NORMAL   278    LOWEST  SLP 29.50 ON  9

[REMARKS]
