000
CXUS54 KFWD 260730
CF6GKY
PRELIMINARY LOCAL CLIMATOLOGICAL DATA (WS FORM: F-6)

                                          STATION:   ARLINGTON
                                          MONTH:     SEPTEMBER
                                          YEAR:      2022
                                          LATITUDE:   32 39 N
                                          LONGITUDE:  97  6 W

  TEMPERATURE IN F:       :PCPN:    SNOW:  WIND      :SUNSHINE: SKY     :PK WND
================================================================================
1   2   3   4   5  6A  6B    7    8   9   10  11  12  13   14  15   16   17  18
                                     12Z  AVG MX 2MIN
DY MAX MIN AVG DEP HDD CDD  WTR  SNW DPTH SPD SPD DIR MIN PSBL S-S WX    SPD DR
================================================================================

 1  87  73  80  -3   0  15 1.00    M    M  3.3 17 290   M    M   3 13     27 220
 2  83  73  78  -4   0  13 0.49    M    M  3.8 14 140   M    M   4 1      21 150
 3  96  71  84   2   0  19    T    M    M  3.1 26  40   M    M   1 13     38  60
 4  95  69  82   0   0  17 0.38    M    M  3.9 29  10   M    M   1 13     41 340
 5  92  67  80  -2   0  15    T    M    M  4.8 17 280   M    M   2 3      27 290
 6  95  71  83   2   0  18    T    M    M  4.2 20 120   M    M   2 3      29 150
 7  97  70  84   3   0  19 0.00    M    M  3.7 17 330   M    M   1        23 360
 8  94  72  83   2   0  18 0.00    M    M  5.4 13  80   M    M   2        17 120
 9  89  66  78  -3   0  13 0.00    M    M  5.2 13 100   M    M   0        17 100
10  90  63  77  -3   0  12 0.00    M    M  2.6 12  70   M    M   0        15  90
11  85  67  76  -4   0  11 0.00    M    M 10.1 18 340   M    M   0        26 350
12  87  62  75  -5   0  10 0.00    M    M  3.9 10 110   M    M   2        17 110
13  91  64  78  -1   0  13 0.00    M    M  7.3 15 120   M    M   1        26 110
14  90  62  76  -3   0  11 0.00    M    M  7.9 16 120   M    M   0        21 100
15  89  58  74  -5   0   9 0.00    M    M  6.1 16 120   M    M   0        21 100
16  92  79  86   8   0  21 0.00    M    M  8.1 16 130   M    M   2        24 140
17  94  76  85   7   0  20 0.00    M    M 10.8 17 140   M    M   3        27 150
18  95  73  84   6   0  19 0.00    M    M  7.8 15 130   M    M   0        24 130
19  95  72  84   6   0  19 0.00    M    M  5.1 14 100   M    M   0        20 130
20  98  72  85   8   0  20    T    M    M  4.9 14 120   M    M   0        19 120
21  96  69  83   6   0  18 0.00    M    M  4.2 13 120   M    M   0        21 120
22  98  63  81   4   0  16 0.00    M    M  2.2 13 330   M    M   0        17 300
23  97  67  82   6   0  17 0.00    M    M  6.4 14 160   M    M   0        21 200
24  95  74  85   9   0  20 0.00    M    M  7.0 15 140   M    M   0        23 180
25  98  65  82   6   0  17 0.22    M    M  4.2 22 290   M    M   1 13     30 300
================================================================================
SM 2318 1718         0 400  2.09    M    136.0          M       25
================================================================================
AV 92.7 68.7                               5.4 FASTST   M    M   1    MAX(MPH)
                                 MISC ---->    29  10                 41 340
================================================================================
NOTES:
# LAST OF SEVERAL OCCURRENCES

COLUMN 17 PEAK WIND IN M.P.H.

PRELIMINARY LOCAL CLIMATOLOGICAL DATA (WS FORM: F-6) , PAGE 2

                                          STATION:   ARLINGTON
                                          MONTH:     SEPTEMBER
                                          YEAR:      2022
                                          LATITUDE:   32 39 N
                                          LONGITUDE:  97  6 W

[TEMPERATURE DATA]      [PRECIPITATION DATA]       SYMBOLS USED IN COLUMN 16

AVERAGE MONTHLY: 80.7   TOTAL FOR MONTH:   2.09    1 = FOG OR MIST
DPTR FM NORMAL:   1.4   DPTR FM NORMAL:   -0.77    2 = FOG REDUCING VISIBILITY
HIGHEST:    98 ON 25,22  GRTST 24HR  1.49 ON  1- 2      TO 1/4 MILE OR LESS
LOWEST:     58 ON 15                               3 = THUNDER
                        SNOW, ICE PELLETS, HAIL    4 = ICE PELLETS
                        TOTAL MONTH:  M            5 = HAIL
                        GRTST 24HR    M  ON   M    6 = FREEZING RAIN OR DRIZZLE
                        GRTST DEPTH:  M  ON   M    7 = DUSTSTORM OR SANDSTORM:
                                                       VSBY 1/2 MILE OR LESS
                                                   8 = SMOKE OR HAZE
[NO. OF DAYS WITH]      [WEATHER - DAYS WITH]      9 = BLOWING SNOW
                                                   X = TORNADO
MAX 32 OR BELOW:   0    0.01 INCH OR MORE:   4
MAX 90 OR ABOVE:  19    0.10 INCH OR MORE:   4
MIN 32 OR BELOW:   0    0.50 INCH OR MORE:   1
MIN  0 OR BELOW:   0    1.00 INCH OR MORE:   1

[HDD (BASE 65) ]
TOTAL THIS MO.     0    CLEAR  (SCALE 0-3)  24
DPTR FM NORMAL     0    PTCLDY (SCALE 4-7)   1
TOTAL FM JUL 1     0    CLOUDY (SCALE 8-10)  0
DPTR FM NORMAL     0

[CDD (BASE 65) ]
TOTAL THIS MO.   400
DPTR FM NORMAL    40    [PRESSURE DATA]
TOTAL FM JAN 1  3085    HIGHEST SLP M ON M
DPTR FM NORMAL   500    LOWEST  SLP 29.74 ON  8

[REMARKS]
