000
CXUS53 KGLD 260800
CF6GLD
PRELIMINARY LOCAL CLIMATOLOGICAL DATA (WS FORM: F-6)

                                          STATION:   GOODLAND KS
                                          MONTH:     SEPTEMBER
                                          YEAR:      2022
                                          LATITUDE:   39 22 N
                                          LONGITUDE: 101 42 W

  TEMPERATURE IN F:       :PCPN:    SNOW:  WIND      :SUNSHINE: SKY     :PK WND
================================================================================
1   2   3   4   5  6A  6B    7    8   9   10  11  12  13   14  15   16   17  18
                                     12Z  AVG MX 2MIN
DY MAX MIN AVG DEP HDD CDD  WTR  SNW DPTH SPD SPD DIR MIN PSBL S-S WX    SPD DR
================================================================================

 1  90  59  75   5   0  10 0.00  0.0    0 10.4 17 160   M    M   0        24 210
 2  97  61  79   9   0  14 0.01  0.0    0  8.3 25  80   M    M   0 3      32  80
 3  88  58  73   3   0   8 0.00  0.0    0  9.4 18  30   M    M   0        23  20
 4  89  50  70   0   0   5 0.00  0.0    0 10.3 17 160   M    M   0        24 180
 5  93  56  75   6   0  10 0.00  0.0    0 13.3 21 180   M    M   0        28 170
 6  99  63  81  12   0  16 0.00  0.0    0  8.7 16 160   M    M   0        23 210
 7  98  53  76   7   0  11 0.00  0.0    0  8.3 17 160   M    M   0        23 120
 8 101  65  83  15   0  18 0.00  0.0    0 15.9 25 190   M    M   0        33 190
 9  73  50  62  -6   3   0 0.00  0.0    0 15.9 26  30   M    M   2 3      36  20
10  55  43  49 -19  16   0 0.01  0.0    0 10.2 18  40   M    M   8 1      24  40
11  77  40  59  -8   6   0 0.00  0.0    0  8.5 18 210   M    M   0        24 220
12  92  52  72   5   0   7 0.00  0.0    0  8.7 18 220   M    M   0        25 210
13  94  52  73   6   0   8 0.00  0.0    0  8.3 15 120   M    M   0        22 150
14  90  60  75   9   0  10 0.00  0.0    0 17.6 35 180   M    M   1 3      46 190
15  87  60  74   8   0   9    T  0.0    0  8.8 23 250   M    M   1        31 240
16  89  56  73   7   0   8 0.00  0.0    0  7.5 23 150   M    M   1        29 150
17  87  56  72   7   0   7 0.00  0.0    0 10.1 20 360   M    M   0 1      28 350
18  88  50  69   4   0   4 0.00  0.0    0  8.9 20 330   M    M   2 12     26 350
19  97  60  79  15   0  14 0.00  0.0    0  7.5 17 200   M    M   0        26 210
20  99  56  78  14   0  13 0.00  0.0    0  8.1 17  30   M    M   0 8      26  30
21  71  47  59  -4   6   0 0.18    M    M 16.3 30  40   M    M   7 1      41  50
22  51  45  48 -15  17   0 0.44  0.0    0 11.7 21 170   M    M  10 1      25 170
23  82  51  67   5   0   2 0.00  0.0    M  6.4 16 170   M    M   4 1      21 170
24  85  51  68   6   0   3 0.00  0.0    M  9.8 21 330   M    M   0        27 320
25  76  45  61  -1   4   0 0.00  0.0    0  6.8 16  10   M    M   0        21 320
================================================================================
SM 2148 1339        52 177  0.64  0.0    255.7          M       36
================================================================================
AV 85.9 53.6                              10.2 FASTST   M    M   1    MAX(MPH)
                                 MISC ---->    35 180                 46 190
================================================================================
NOTES:
# LAST OF SEVERAL OCCURRENCES

COLUMN 17 PEAK WIND IN M.P.H.

PRELIMINARY LOCAL CLIMATOLOGICAL DATA (WS FORM: F-6) , PAGE 2

                                          STATION:   GOODLAND KS
                                          MONTH:     SEPTEMBER
                                          YEAR:      2022
                                          LATITUDE:   39 22 N
                                          LONGITUDE: 101 42 W

[TEMPERATURE DATA]      [PRECIPITATION DATA]       SYMBOLS USED IN COLUMN 16

AVERAGE MONTHLY: 69.7   TOTAL FOR MONTH:   0.64    1 = FOG OR MIST
DPTR FM NORMAL:   3.3   DPTR FM NORMAL:   -0.55    2 = FOG REDUCING VISIBILITY
HIGHEST:   101 ON  8    GRTST 24HR  0.62 ON 21-22      TO 1/4 MILE OR LESS
LOWEST:     40 ON 11                               3 = THUNDER
                        SNOW, ICE PELLETS, HAIL    4 = ICE PELLETS
                        TOTAL MONTH:   0.0 INCH    5 = HAIL
                        GRTST 24HR  0.0            6 = FREEZING RAIN OR DRIZZLE
                        GRTST DEPTH:  0            7 = DUSTSTORM OR SANDSTORM:
                                                       VSBY 1/2 MILE OR LESS
                                                   8 = SMOKE OR HAZE
[NO. OF DAYS WITH]      [WEATHER - DAYS WITH]      9 = BLOWING SNOW
                                                   X = TORNADO
MAX 32 OR BELOW:   0    0.01 INCH OR MORE:   4
MAX 90 OR ABOVE:  11    0.10 INCH OR MORE:   2
MIN 32 OR BELOW:   0    0.50 INCH OR MORE:   0
MIN  0 OR BELOW:   0    1.00 INCH OR MORE:   0

[HDD (BASE 65) ]
TOTAL THIS MO.    52    CLEAR  (SCALE 0-3)  21
DPTR FM NORMAL   -17    PTCLDY (SCALE 4-7)   3
TOTAL FM JUL 1    52    CLOUDY (SCALE 8-10)  1
DPTR FM NORMAL   -28

[CDD (BASE 65) ]
TOTAL THIS MO.   177
DPTR FM NORMAL    74    [PRESSURE DATA]
TOTAL FM JAN 1  1327    HIGHEST SLP M ON M
DPTR FM NORMAL   355    LOWEST  SLP 29.62 ON  8

[REMARKS]
