000
CXUS54 KHGX 281410
CF6GLS
PRELIMINARY LOCAL CLIMATOLOGICAL DATA (WS FORM: F-6)

                                          STATION:   GALVESTON
                                          MONTH:     SEPTEMBER
                                          YEAR:      2022
                                          LATITUDE:   29 16 N
                                          LONGITUDE:  94 52 W

  TEMPERATURE IN F:       :PCPN:    SNOW:  WIND      :SUNSHINE: SKY     :PK WND
================================================================================
1   2   3   4   5  6A  6B    7    8   9   10  11  12  13   14  15   16   17  18
                                     12Z  AVG MX 2MIN
DY MAX MIN AVG DEP HDD CDD  WTR  SNW DPTH SPD SPD DIR MIN PSBL S-S WX    SPD DR
================================================================================

 1  94  83  89   4   0  24 0.00  0.0    0  6.8 13  20   M    M   1        16  30
 2  92  83  88   4   0  23 0.00  0.0    0  6.0 14 170   M    M   2 8      18 170
 3  91  77  84   0   0  19 2.68  0.0    0  5.3 24 180   M    M   4 13     32 180
 4  83  78  81  -3   0  16    T  0.0    M  6.5 14 360   M    M   1        18  10
 5  87  79  83  -1   0  18    T  0.0    0  6.5 13 200   M    M   2        17 180
 6  86  78  82  -2   0  17 0.09  0.0    0  5.3 16 140   M    M   4        20 130
 7  91  79  85   1   0  20    T  0.0    0  6.5 16  90   M    M   2 3      22 100
 8  91  79  85   1   0  20 0.00  0.0    0  7.0 15  60   M    M   2        21  70
 9  89  80  85   1   0  20 0.00  0.0    0  6.6 13 130   M    M   2        19 110
10  92  80  86   3   0  21 0.00  0.0    0  6.5 12 140   M    M   1        21 120
11  94  81  88   5   0  23 0.00  0.0    0  7.3 15 360   M    M   0        19  10
12  89  80  85   2   0  20 0.00  0.0    0  9.4 18  10   M    M   0        24  10
13  87  78  83   0   0  18 0.00  0.0    0  8.0 14 110   M    M   2        20 110
14  88  76  82  -1   0  17 0.00  0.0    0 10.2 16 110   M    M   1        23 110
15  89  80  85   2   0  20 0.03  0.0    0 11.3 20 100   M    M   5 3      29  50
16  87  78  83   1   0  18    T  0.0    0 10.7 20 160   M    M   3 3      26 150
17  90  81  86   4   0  21 0.00  0.0    0 10.2 15 130   M    M   1        20 130
18  90  80  85   3   0  20 0.00  0.0    0  6.9 14 140   M    M   1        19 130
19  89  80  85   3   0  20 0.00  0.0    0  7.1 14 140   M    M   1        20  80
20  91  79  85   3   0  20 0.00  0.0    0  5.6 12 140   M    M   2        16 140
21  90  78  84   2   0  19 0.00  0.0    0  6.4 14  10   M    M   1        18 340
22  95  77  86   5   0  21 0.00  0.0    0  7.5 14 360   M    M   0        18  10
23  93  81  87   6   0  22 0.00  0.0    0  7.6 12 160   M    M   1        16 120
24  88  78  83   2   0  18 0.00  0.0    0  7.2 12 160   M    M   1        16 170
25  92  79  86   5   0  21 0.00  0.0    0  4.5 10 160   M    M   0        15 170
26  92  78  85   4   0  20 0.00  0.0    0 11.6 21  30   M    M   0        28  40
27  87  72  80   0   0  15 0.00  0.0    0 11.1 20  30   M    M   0        26  30
================================================================================
SM 2427 2132         0 531  2.80  0.0    205.6          M       40
================================================================================
AV 89.9 79.0                               7.6 FASTST   M    M   1    MAX(MPH)
                                 MISC ---->    24 180                 32 180
================================================================================
NOTES:
# LAST OF SEVERAL OCCURRENCES

COLUMN 17 PEAK WIND IN M.P.H.

PRELIMINARY LOCAL CLIMATOLOGICAL DATA (WS FORM: F-6) , PAGE 2

                                          STATION:   GALVESTON
                                          MONTH:     SEPTEMBER
                                          YEAR:      2022
                                          LATITUDE:   29 16 N
                                          LONGITUDE:  94 52 W

[TEMPERATURE DATA]      [PRECIPITATION DATA]       SYMBOLS USED IN COLUMN 16

AVERAGE MONTHLY: 84.4   TOTAL FOR MONTH:   2.80    1 = FOG OR MIST
DPTR FM NORMAL:   1.8   DPTR FM NORMAL:   -3.36    2 = FOG REDUCING VISIBILITY
HIGHEST:    95 ON 22    GRTST 24HR  2.68 ON  3- 3      TO 1/4 MILE OR LESS
LOWEST:     72 ON 27                               3 = THUNDER
                        SNOW, ICE PELLETS, HAIL    4 = ICE PELLETS
                        TOTAL MONTH:   0.0 INCH    5 = HAIL
                        GRTST 24HR  0.0            6 = FREEZING RAIN OR DRIZZLE
                        GRTST DEPTH:  0            7 = DUSTSTORM OR SANDSTORM:
                                                       VSBY 1/2 MILE OR LESS
                                                   8 = SMOKE OR HAZE
[NO. OF DAYS WITH]      [WEATHER - DAYS WITH]      9 = BLOWING SNOW
                                                   X = TORNADO
MAX 32 OR BELOW:   0    0.01 INCH OR MORE:   3
MAX 90 OR ABOVE:  15    0.10 INCH OR MORE:   1
MIN 32 OR BELOW:   0    0.50 INCH OR MORE:   1
MIN  0 OR BELOW:   0    1.00 INCH OR MORE:   1

[HDD (BASE 65) ]
TOTAL THIS MO.     0    CLEAR  (SCALE 0-3)  24
DPTR FM NORMAL     0    PTCLDY (SCALE 4-7)   3
TOTAL FM JUL 1     0    CLOUDY (SCALE 8-10)  0
DPTR FM NORMAL     0

[CDD (BASE 65) ]
TOTAL THIS MO.   531
DPTR FM NORMAL    54    [PRESSURE DATA]
TOTAL FM JAN 1  3663    HIGHEST SLP M ON M
DPTR FM NORMAL   601    LOWEST  SLP 29.74 ON  8

[REMARKS]
