000
CXUS55 KMSO 260900
CF6GPI
PRELIMINARY LOCAL CLIMATOLOGICAL DATA (WS FORM: F-6)

                                          STATION:   KALISPELL MT
                                          MONTH:     SEPTEMBER
                                          YEAR:      2022
                                          LATITUDE:   48 17 N
                                          LONGITUDE: 114 16 W

  TEMPERATURE IN F:       :PCPN:    SNOW:  WIND      :SUNSHINE: SKY     :PK WND
================================================================================
1   2   3   4   5  6A  6B    7    8   9   10  11  12  13   14  15   16   17  18
                                     12Z  AVG MX 2MIN
DY MAX MIN AVG DEP HDD CDD  WTR  SNW DPTH SPD SPD DIR MIN PSBL S-S WX    SPD DR
================================================================================

 1  93  51  72  13   0   7    T  0.0    0  4.5 21  20   M    M   1        30 240
 2  92  45  69  10   0   4 0.00  0.0    0  2.5 16  30   M    M   0 8      21  30
 3  85  47  66   8   0   1    T  0.0    0  5.6 23 260   M    M   3 18     40 240
 4  89  42  66   8   0   1 0.00  0.0    0  6.1 20 260   M    M   0 18     29 260
 5  84  39  62   4   3   0 0.00  0.0    0  5.7 25 210   M    M   1        35 230
 6  80  36  58   0   7   0 0.00  0.0    0  3.1  7  10   M    M   0         M   M
 7  93  40  67  10   0   2 0.00  0.0    0  7.0 26 230   M    M   0 8      39 220
 8  73  41  57   0   8   0 0.00  0.0    0  7.4 28  30   M    M   1 8      38  20
 9  68  35  52  -5  13   0 0.03  0.0    0  6.4 22  20   M    M   3        30  30
10  75  30  53  -3  12   0 0.00  0.0    0  2.7 14  60   M    M   0        18  60
11  74  31  53  -3  12   0 0.00  0.0    0  2.3 13  20   M    M   3 18     17  20
12  80  39  60   4   5   0 0.00  0.0    0  4.5 16  20   M    M   5 18     22  10
13  70  45  58   3   7   0 0.00  0.0    0  3.2 15 160   M    M   3 18     18 150
14  73  39  56   1   9   0 0.00  0.0    0  2.1 16 340   M    M   1 128    22 350
15  77  43  60   5   5   0 0.00  0.0    0  3.0 13 270   M    M   3 18     18 270
16  75  41  58   4   7   0 0.00  0.0    0  4.3 17 220   M    M   3 8      24 220
17  71  31  51  -3  14   0 0.00  0.0    0  2.0 10 150   M    M   0 1      17 150
18  72  39  56   2   9   0    T  0.0    0  4.9 12 340   M    M   2        16  10
19  71  48  60   7   5   0    T  0.0    0  6.6 28  10   M    M   7 3      40  20
20  65  34  50  -3  15   0 0.00  0.0    0 12.7 28  20   M    M   3        39  20
21  75  31  53   0  12   0 0.00  0.0    0  7.6 17  20   M    M   0        24  10
22  60  44  52   0  13   0 0.77  0.0    0  7.1 14 140   M    M   8 1      24 160
23  65  38  52   0  13   0 0.00  0.0    0  2.4 12 240   M    M   7 12     18 240
24  71  37  54   3  11   0 0.00  0.0    0  4.5 13 160   M    M   1 12     23 140
25  73  36  55   4  10   0 0.00  0.0    0  1.6  9 180   M    M   0 1      14 170
================================================================================
SM 1904  982       190  15  0.80  0.0    119.8          M       55
================================================================================
AV 76.2 39.3                               4.8 FASTST   M    M   2    MAX(MPH)
                                 MISC ---->  # 28  30               # 40 240
================================================================================
NOTES:
# LAST OF SEVERAL OCCURRENCES

COLUMN 17 PEAK WIND IN M.P.H.

PRELIMINARY LOCAL CLIMATOLOGICAL DATA (WS FORM: F-6) , PAGE 2

                                          STATION:   KALISPELL MT
                                          MONTH:     SEPTEMBER
                                          YEAR:      2022
                                          LATITUDE:   48 17 N
                                          LONGITUDE: 114 16 W

[TEMPERATURE DATA]      [PRECIPITATION DATA]       SYMBOLS USED IN COLUMN 16

AVERAGE MONTHLY: 57.7   TOTAL FOR MONTH:   0.80    1 = FOG OR MIST
DPTR FM NORMAL:   2.5   DPTR FM NORMAL:   -0.18    2 = FOG REDUCING VISIBILITY
HIGHEST:    93 ON  7, 1  GRTST 24HR  0.77 ON 22-22      TO 1/4 MILE OR LESS
LOWEST:     30 ON 10                               3 = THUNDER
                        SNOW, ICE PELLETS, HAIL    4 = ICE PELLETS
                        TOTAL MONTH:   0.0 INCH    5 = HAIL
                        GRTST 24HR  0.0            6 = FREEZING RAIN OR DRIZZLE
                        GRTST DEPTH:  0            7 = DUSTSTORM OR SANDSTORM:
                                                       VSBY 1/2 MILE OR LESS
                                                   8 = SMOKE OR HAZE
[NO. OF DAYS WITH]      [WEATHER - DAYS WITH]      9 = BLOWING SNOW
                                                   X = TORNADO
MAX 32 OR BELOW:   0    0.01 INCH OR MORE:   2
MAX 90 OR ABOVE:   3    0.10 INCH OR MORE:   1
MIN 32 OR BELOW:   4    0.50 INCH OR MORE:   1
MIN  0 OR BELOW:   0    1.00 INCH OR MORE:   0

[HDD (BASE 65) ]
TOTAL THIS MO.   190    CLEAR  (SCALE 0-3)  20
DPTR FM NORMAL   -55    PTCLDY (SCALE 4-7)   4
TOTAL FM JUL 1   236    CLOUDY (SCALE 8-10)  1
DPTR FM NORMAL  -179

[CDD (BASE 65) ]
TOTAL THIS MO.    15
DPTR FM NORMAL    15    [PRESSURE DATA]
TOTAL FM JAN 1   252    HIGHEST SLP M ON M
DPTR FM NORMAL   113    LOWEST  SLP 29.70 ON 18

[REMARKS]
