000
CXUS54 KFWD 280730
CF6GPM
PRELIMINARY LOCAL CLIMATOLOGICAL DATA (WS FORM: F-6)

                                          STATION:   GRAND PRAIRIE
                                          MONTH:     SEPTEMBER
                                          YEAR:      2022
                                          LATITUDE:   32 42 N
                                          LONGITUDE:  97 -3 E

  TEMPERATURE IN F:       :PCPN:    SNOW:  WIND      :SUNSHINE: SKY     :PK WND
================================================================================
1   2   3   4   5  6A  6B    7    8   9   10  11  12  13   14  15   16   17  18
                                     12Z  AVG MX 2MIN
DY MAX MIN AVG DEP HDD CDD  WTR  SNW DPTH SPD SPD DIR MIN PSBL S-S WX    SPD DR
================================================================================

 1  88  74  81   M   0  16 0.00    M    M  0.4  3 140   M    M   3         M   M
 2  82  74  78   M   0  13 0.00    M    M  3.8  8 190   M    M   3         M   M
 3  95  73  84   M   0  19 0.00    M    M  2.7 22  90   M    M   1        25  90
 4  94  71  83   M   0  18 0.00    M    M  2.9 13 250   M    M   1        16 100
 5  91  68  80   M   0  15 0.00    M    M  4.9 15 270   M    M   2        22 270
 6  95  74  85   M   0  20 0.00    M    M  4.1  9  90   M    M   2         M   M
 7  95  73  84   M   0  19 0.00    M    M  2.9  9 350   M    M   1        17 320
 8  90  75  83   M   0  18 0.00    M    M  5.4 12  90   M    M   1         M   M
 9  88  71  80   M   0  15 0.00    M    M  5.2  9 120   M    M   0         M   M
10  89  67  78   M   0  13 0.00    M    M  3.1  9 110   M    M   0         M   M
11  84  70  77   M   0  12 0.00    M    M  5.5 12 360   M    M   0        22 360
12  86  67  77   M   0  12 0.00    M    M  3.3  7  50   M    M   2         M   M
13  90  68  79   M   0  14 0.00    M    M  5.8 10 150   M    M   1         M   M
14  88  68  78   M   0  13 0.00    M    M  6.0  8 130   M    M   0         M   M
15  88  67  78   M   0  13 0.00    M    M  6.2  9 120   M    M   0         M   M
16  91  71  81   M   0  16 0.00    M    M  6.4 12 120   M    M   1        16 110
17  93  76  85   M   0  20 0.00    M    M  8.7 13 200   M    M   4        18 160
18  94  75  85   M   0  20 0.00    M    M  6.6 10 130   M    M   1        16 180
19  94  76  85   M   0  20 0.00    M    M  4.1  8 140   M    M   0         M   M
20  96  76  86   M   0  21 0.00    M    M  4.2  9 130   M    M   0         M   M
21  96  72  84   M   0  19 0.00    M    M  4.8  9 190   M    M   0         M   M
22  97  72  85   M   0  20 0.00    M    M  1.2  9 190   M    M   0         M   M
23  97  74  86   M   0  21 0.00    M    M  5.3 12 100   M    M   0         M   M
24  95  75  85   M   0  20 0.00    M    M  5.3 10 140   M    M   0         M   M
25  96  74  85   M   0  20 0.00    M    M  5.3  9  10   M    M   1         M   M
26  86  68  77   M   0  12 0.00    M    M  8.6 14  30   M    M   0        23  30
27  89  60  75   M   0  10 0.00    M    M  3.9  9 130   M    M   0         M   M
================================================================================
SM 2467 1929         0 449  0.00    M    126.4          M       24
================================================================================
AV 91.4 71.4                               4.7 FASTST   M    M   1    MAX(MPH)
                                 MISC ---->    22  90                 25  90
================================================================================
NOTES:
# LAST OF SEVERAL OCCURRENCES

COLUMN 17 PEAK WIND IN M.P.H.

PRELIMINARY LOCAL CLIMATOLOGICAL DATA (WS FORM: F-6) , PAGE 2

                                          STATION:   GRAND PRAIRIE
                                          MONTH:     SEPTEMBER
                                          YEAR:      2022
                                          LATITUDE:   32 42 N
                                          LONGITUDE:  97 -3 E

[TEMPERATURE DATA]      [PRECIPITATION DATA]       SYMBOLS USED IN COLUMN 16

AVERAGE MONTHLY: 81.4   TOTAL FOR MONTH:   0.00    1 = FOG OR MIST
DPTR FM NORMAL:   0.0   DPTR FM NORMAL:    0.00    2 = FOG REDUCING VISIBILITY
HIGHEST:    97 ON 23,22  GRTST 24HR  0.00 ON  1- 1      TO 1/4 MILE OR LESS
LOWEST:     60 ON 27                               3 = THUNDER
                        SNOW, ICE PELLETS, HAIL    4 = ICE PELLETS
                        TOTAL MONTH:  M            5 = HAIL
                        GRTST 24HR    M  ON   M    6 = FREEZING RAIN OR DRIZZLE
                        GRTST DEPTH:  M  ON   M    7 = DUSTSTORM OR SANDSTORM:
                                                       VSBY 1/2 MILE OR LESS
                                                   8 = SMOKE OR HAZE
[NO. OF DAYS WITH]      [WEATHER - DAYS WITH]      9 = BLOWING SNOW
                                                   X = TORNADO
MAX 32 OR BELOW:   0    0.01 INCH OR MORE:   0
MAX 90 OR ABOVE:  17    0.10 INCH OR MORE:   0
MIN 32 OR BELOW:   0    0.50 INCH OR MORE:   0
MIN  0 OR BELOW:   0    1.00 INCH OR MORE:   0

[HDD (BASE 65) ]
TOTAL THIS MO.     0    CLEAR  (SCALE 0-3)  24
DPTR FM NORMAL     M    PTCLDY (SCALE 4-7)   3
TOTAL FM JUL 1     0    CLOUDY (SCALE 8-10)  0
DPTR FM NORMAL     M

[CDD (BASE 65) ]
TOTAL THIS MO.   449
DPTR FM NORMAL     M    [PRESSURE DATA]
TOTAL FM JAN 1  3210    HIGHEST SLP M ON M
DPTR FM NORMAL     M    LOWEST  SLP 9999.00 ON  1

[REMARKS]
