000
CXUS54 KLIX 280810
CF6GPT
PRELIMINARY LOCAL CLIMATOLOGICAL DATA (WS FORM: F-6)

                                          STATION:   GULFPORT
                                          MONTH:     SEPTEMBER
                                          YEAR:      2022
                                          LATITUDE:   30 23 N
                                          LONGITUDE:  89  4 W

  TEMPERATURE IN F:       :PCPN:    SNOW:  WIND      :SUNSHINE: SKY     :PK WND
================================================================================
1   2   3   4   5  6A  6B    7    8   9   10  11  12  13   14  15   16   17  18
                                     12Z  AVG MX 2MIN
DY MAX MIN AVG DEP HDD CDD  WTR  SNW DPTH SPD SPD DIR MIN PSBL S-S WX    SPD DR
================================================================================

 1  93  73  83   1   0  18 0.00  0.0    M  2.4 10 160   M    M   2        16  40
 2  92  73  83   1   0  18    M  0.0    M  3.4  8 160   M    M   0 1       M   M
 3  86  75  81   0   0  16 0.18  0.0    M  2.5 10 340   M    M   3 13     13 350
 4  86  75  81   0   0  16 0.00  0.0    M  2.7 14 300   M    M   2        19 300
 5  88  74  81   0   0  16 0.06  0.0    M  2.9 14 190   M    M   2 13     18 170
 6  88  74  81   0   0  16 0.00  0.0    M  2.7  8 340   M    M   1        11 350
 7  88  70  79  -2   0  14 0.19  0.0    M  5.0 21 110   M    M   2 13     26 120
 8  88  69  79  -2   0  14    T  0.0    M  4.5 14  50   M    M   3 3      21  70
 9  84  71  78  -3   0  13 0.06  0.0    M  4.4 14 110   M    M   4 1      18 110
10  88  71  80   0   0  15 0.00  0.0    M  3.7 12 150   M    M   2 3      15 140
11  90  72  81   1   0  16    T  0.0    M  3.3 16 310   M    M   3        18 310
12  90  73  82   2   0  17 0.00  0.0    M  5.4 14 340   M    M   2        18 310
13  87  67  77  -3   0  12 0.00  0.0    M  6.1 13  10   M    M   1        19 350
14  89  61  75  -5   0  10 0.00  0.0    M  3.0 13  50   M    M   0        17  60
15  88  64  76  -4   0  11 0.00  0.0    M  3.3 12 150   M    M   0        16 140
16  89  67  78  -1   0  13 0.00  0.0    M  6.0 17 140   M    M   0        22 140
17  89  71  80   1   0  15 0.00  0.0    M  7.5 20 140   M    M   3        26 110
18  90  74  82   3   0  17 0.00  0.0    M  5.1 14 140   M    M   2        25 140
19  92  72  82   3   0  17 0.00  0.0    M  4.4 14  10   M    M   1        22  40
20  93  68  81   3   0  16 0.00  0.0    M  2.5 12  90   M    M   0        15 100
21  97  73  85   7   0  20 0.00  0.0    M  4.3 20 150   M    M   1        22 150
22  97  73  85   7   0  20 0.00  0.0    M  2.8  9  50   M    M   0 1      13 360
23  92  74  83   5   0  18 0.00  0.0    M  5.2 13  20   M    M   1        19  30
24  94  67  81   3   0  16 0.00  0.0    M  2.6 12  20   M    M   0        13  20
25  94  69  82   5   0  17 0.00  0.0    M  2.5 13  10   M    M   0        18 350
26  94  72  83   6   0  18 0.00  0.0    M  5.6 14  20   M    M   1 1      20  40
27  85  59  72  -5   0   7 0.00  0.0    M  9.9 21 350   M    M   0        30 330
================================================================================
SM 2431 1901         0 416  0.49  0.0    113.7          M       36
================================================================================
AV 90.0 70.4                               4.2 FASTST   M    M   1    MAX(MPH)
                                 MISC ---->  # 21 110                 30 330
================================================================================
NOTES:
# LAST OF SEVERAL OCCURRENCES

COLUMN 17 PEAK WIND IN M.P.H.

PRELIMINARY LOCAL CLIMATOLOGICAL DATA (WS FORM: F-6) , PAGE 2

                                          STATION:   GULFPORT
                                          MONTH:     SEPTEMBER
                                          YEAR:      2022
                                          LATITUDE:   30 23 N
                                          LONGITUDE:  89  4 W

[TEMPERATURE DATA]      [PRECIPITATION DATA]       SYMBOLS USED IN COLUMN 16

AVERAGE MONTHLY: 80.2   TOTAL FOR MONTH:   0.49    1 = FOG OR MIST
DPTR FM NORMAL:   0.7   DPTR FM NORMAL:   -4.23    2 = FOG REDUCING VISIBILITY
HIGHEST:    97 ON 22,21  GRTST 24HR  0.19 ON  7- 7      TO 1/4 MILE OR LESS
LOWEST:     59 ON 27                               3 = THUNDER
                        SNOW, ICE PELLETS, HAIL    4 = ICE PELLETS
                        TOTAL MONTH:   0.0 INCH    5 = HAIL
                        GRTST 24HR  0.0            6 = FREEZING RAIN OR DRIZZLE
                        GRTST DEPTH:  M  ON   M    7 = DUSTSTORM OR SANDSTORM:
                                                       VSBY 1/2 MILE OR LESS
                                                   8 = SMOKE OR HAZE
[NO. OF DAYS WITH]      [WEATHER - DAYS WITH]      9 = BLOWING SNOW
                                                   X = TORNADO
MAX 32 OR BELOW:   0    0.01 INCH OR MORE:   4
MAX 90 OR ABOVE:  13    0.10 INCH OR MORE:   2
MIN 32 OR BELOW:   0    0.50 INCH OR MORE:   0
MIN  0 OR BELOW:   0    1.00 INCH OR MORE:   0

[HDD (BASE 65) ]
TOTAL THIS MO.     0    CLEAR  (SCALE 0-3)  25
DPTR FM NORMAL     0    PTCLDY (SCALE 4-7)   2
TOTAL FM JUL 1     0    CLOUDY (SCALE 8-10)  0
DPTR FM NORMAL     0

[CDD (BASE 65) ]
TOTAL THIS MO.   416
DPTR FM NORMAL    24    [PRESSURE DATA]
TOTAL FM JAN 1  2775    HIGHEST SLP M ON M
DPTR FM NORMAL   307    LOWEST  SLP 29.69 ON  8

[REMARKS]
