000
CXUS53 KGRB 280724
CF6GRB
PRELIMINARY LOCAL CLIMATOLOGICAL DATA (WS FORM: F-6)

                                          STATION:   GREEN BAY WI
                                          MONTH:     SEPTEMBER
                                          YEAR:      2022
                                          LATITUDE:   44 28 N
                                          LONGITUDE:  88  8 W

  TEMPERATURE IN F:       :PCPN:    SNOW:  WIND      :SUNSHINE: SKY     :PK WND
================================================================================
1   2   3   4   5  6A  6B    7    8   9   10  11  12  13   14  15   16   17  18
                                     12Z  AVG MX 2MIN
DY MAX MIN AVG DEP HDD CDD  WTR  SNW DPTH SPD SPD DIR MIN PSBL S-S WX    SPD DR
================================================================================

 1  87  57  72   6   0   7 0.00  0.0    0  5.9 13 210   M    M   0 1      19 190
 2  79  69  74   8   0   9 0.10  0.0    0  7.7 20 240   M    M   3        28 250
 3  74  56  65   0   0   0 0.69  0.0    0 12.9 23  50   M    M   2 13     30  50
 4  73  53  63  -2   2   0 0.00  0.0    0  9.8 20  30   M    M   5        27  30
 5  73  53  63  -2   2   0 0.00  0.0    0  6.4 14  30   M    M   2        19  40
 6  79  54  67   3   0   2 0.00  0.0    0  2.7  7 150   M    M   6        10 110
 7  86  54  70   6   0   5 0.00  0.0    0  2.5 12 320   M    M   1 1      17 310
 8  84  57  71   7   0   6 0.00  0.0    0  5.7 14 190   M    M   0 1      22 180
 9  82  63  73   9   0   8 0.00  0.0    0  8.5 16 190   M    M   0        24 190
10  67  59  63   0   2   0 0.32  0.0    0  7.2 14 350   M    M   8 18     19 360
11  63  57  60  -3   5   0 1.17  0.0    0 12.0 28 360   M    M  10 1      39  10
12  63  57  60  -2   5   0 0.65  0.0    0 14.6 26 360   M    M  10 1      37  10
13  79  54  67   5   0   2    T  0.0    0  5.4 15  40   M    M   2        20  40
14  70  52  61  -1   4   0 0.00  0.0    0  7.7 15  30   M    M   0        20  20
15  80  49  65   4   0   0 0.00  0.0    0  5.7 16 210   M    M   0        23 190
16  83  57  70   9   0   5 0.00  0.0    0  6.1 15 220   M    M   1 128    22 200
17  84  62  73  12   0   8 0.00  0.0    0  7.7 15 190   M    M   1        25 200
18  78  64  71  11   0   6    T  0.0    0  6.5 14 260   M    M   4 1      21 260
19  82  57  70  10   0   5    T  0.0    0  4.5 10 260   M    M   0        15 270
20  82  57  70  11   0   5 0.24  0.0    0  4.4 28 150   M    M   3 138    38 160
21  74  53  64   5   1   0    T  0.0    0 11.5 23 320   M    M   3 138    33 320
22  64  41  53  -6  12   0 0.00  0.0    0  7.3 18 350   M    M   1 1      27  10
23  66  39  53  -5  12   0 0.00  0.0    0  4.8 16 170   M    M   3 1      22 170
24  59  53  56  -2   9   0 0.06  0.0    0  2.2 10 170   M    M  10 1      15 190
25  68  51  60   3   5   0 0.07  0.0    0  8.5 21 290   M    M   7 13     29 280
26  62  47  55  -2  10   0    T  0.0    0 11.2 23 320   M    M   7        35 300
27  57  43  50  -7  15   0 0.00  0.0    0 11.0 22 360   M    M   7        29 360
================================================================================
SM 1998 1468        84  68  3.30  0.0    200.4          M       96
================================================================================
AV 74.0 54.4                               7.4 FASTST   M    M   4    MAX(MPH)
                                 MISC ---->  # 28 360                 39  10
================================================================================
NOTES:
# LAST OF SEVERAL OCCURRENCES

COLUMN 17 PEAK WIND IN M.P.H.

PRELIMINARY LOCAL CLIMATOLOGICAL DATA (WS FORM: F-6) , PAGE 2

                                          STATION:   GREEN BAY WI
                                          MONTH:     SEPTEMBER
                                          YEAR:      2022
                                          LATITUDE:   44 28 N
                                          LONGITUDE:  88  8 W

[TEMPERATURE DATA]      [PRECIPITATION DATA]       SYMBOLS USED IN COLUMN 16

AVERAGE MONTHLY: 64.2   TOTAL FOR MONTH:   3.30    1 = FOG OR MIST
DPTR FM NORMAL:   2.6   DPTR FM NORMAL:    0.38    2 = FOG REDUCING VISIBILITY
HIGHEST:    87 ON  1    GRTST 24HR  1.27 ON 11-12      TO 1/4 MILE OR LESS
LOWEST:     39 ON 23                               3 = THUNDER
                        SNOW, ICE PELLETS, HAIL    4 = ICE PELLETS
                        TOTAL MONTH:   0.0 INCH    5 = HAIL
                        GRTST 24HR  0.0            6 = FREEZING RAIN OR DRIZZLE
                        GRTST DEPTH:  0            7 = DUSTSTORM OR SANDSTORM:
                                                       VSBY 1/2 MILE OR LESS
                                                   8 = SMOKE OR HAZE
[NO. OF DAYS WITH]      [WEATHER - DAYS WITH]      9 = BLOWING SNOW
                                                   X = TORNADO
MAX 32 OR BELOW:   0    0.01 INCH OR MORE:   8
MAX 90 OR ABOVE:   0    0.10 INCH OR MORE:   6
MIN 32 OR BELOW:   0    0.50 INCH OR MORE:   3
MIN  0 OR BELOW:   0    1.00 INCH OR MORE:   1

[HDD (BASE 65) ]
TOTAL THIS MO.    84    CLEAR  (SCALE 0-3)  17
DPTR FM NORMAL   -55    PTCLDY (SCALE 4-7)   7
TOTAL FM JUL 1    85    CLOUDY (SCALE 8-10)  3
DPTR FM NORMAL   -95

[CDD (BASE 65) ]
TOTAL THIS MO.    68
DPTR FM NORMAL    21    [PRESSURE DATA]
TOTAL FM JAN 1   700    HIGHEST SLP M ON M
DPTR FM NORMAL   196    LOWEST  SLP 29.68 ON 21

[REMARKS]
