000
CXUS53 KGRR 270910
CF6GRR
PRELIMINARY LOCAL CLIMATOLOGICAL DATA (WS FORM: F-6)

                                          STATION:   GRAND RAPIDS
                                          MONTH:     SEPTEMBER
                                          YEAR:      2022
                                          LATITUDE:   42 52 N
                                          LONGITUDE:  85 31 W

  TEMPERATURE IN F:       :PCPN:    SNOW:  WIND      :SUNSHINE: SKY     :PK WND
================================================================================
1   2   3   4   5  6A  6B    7    8   9   10  11  12  13   14  15   16   17  18
                                     12Z  AVG MX 2MIN
DY MAX MIN AVG DEP HDD CDD  WTR  SNW DPTH SPD SPD DIR MIN PSBL S-S WX    SPD DR
================================================================================

 1  84  59  72   4   0   7 0.00  0.0    0  4.3 12 240   M    M   2 1      17 200
 2  84  65  75   7   0  10 0.00  0.0    0  7.7 16 230   M    M   6        22 200
 3  85  64  75   7   0  10    T  0.0    0  6.9 18 360   M    M   5 13     23 360
 4  69  59  64  -4   1   0 0.03  0.0    0 11.1 17  70   M    M  10        26  50
 5  71  58  65  -2   0   0    T  0.0    0  8.3 12  60   M    M  10        15  60
 6  76  61  69   2   0   4 0.00  0.0    0  4.0 12  80   M    M   7        15  60
 7  79  56  68   1   0   3 0.00  0.0    0  4.0 10  50   M    M   2 12     17  10
 8  82  55  69   3   0   4 0.00  0.0    0  2.3  9 260   M    M   1 1      14 240
 9  81  56  69   3   0   4 0.00  0.0    0  6.6 16 160   M    M   1 1      19 140
10  83  62  73   7   0   8 0.00  0.0    0  4.6 15 230   M    M   6        24 200
11  69  61  65   0   0   0 0.31  0.0    0  7.6 17  60   M    M   7 13     24 170
12  66  52  59  -6   6   0    T  0.0    0  8.6 17 160   M    M   8 1      24 200
13  73  52  63  -2   2   0 0.00  0.0    0  5.9 14 320   M    M   6        20 310
14  78  53  66   2   0   1 0.00  0.0    0  4.4 12 320   M    M   2 1      15 330
15  77  54  66   2   0   1 0.00  0.0    0  5.4 12 230   M    M   4        19 240
16  80  58  69   5   0   4 0.00  0.0    0  5.7 13 170   M    M   5 1      18 170
17  83  61  72   9   0   7 0.00  0.0    0  9.2 18 250   M    M   6        26 230
18  82  65  74  11   0   9 0.14  0.0    0  9.3 24 250   M    M   7 1      32 230
19  79  62  71   9   0   6    T  0.0    0  7.0 16 300   M    M   3        23 310
20  75  54  65   3   0   0 0.28  0.0    0  6.5 24 140   M    M   5 13     30 140
21  81  61  71   9   0   6 0.00  0.0    0 12.4 22 250   M    M   5 3      28 270
22  63  45  54  -7  11   0    T  0.0    0 12.4 22 320   M    M   4        30 330
23  64  38  51 -10  14   0 0.00  0.0    0  2.5  9 120   M    M   4        14 120
24  61  51  56  -4   9   0 0.03  0.0    0  5.2 14 190   M    M  10 1      19 180
25  63  51  57  -3   8   0 0.44  0.0    0  8.7 23 290   M    M   9 1      39 270
26  57  49  53  -7  12   0 0.02  0.0    0 12.9 26 280   M    M   7        39 290
================================================================================
SM 1945 1462        63  84  1.25  0.0    183.5          M      142
================================================================================
AV 74.8 56.2                               7.1 FASTST   M    M   5    MAX(MPH)
                                 MISC ---->    26 280               # 39 270
================================================================================
NOTES:
# LAST OF SEVERAL OCCURRENCES

COLUMN 17 PEAK WIND IN M.P.H.

PRELIMINARY LOCAL CLIMATOLOGICAL DATA (WS FORM: F-6) , PAGE 2

                                          STATION:   GRAND RAPIDS
                                          MONTH:     SEPTEMBER
                                          YEAR:      2022
                                          LATITUDE:   42 52 N
                                          LONGITUDE:  85 31 W

[TEMPERATURE DATA]      [PRECIPITATION DATA]       SYMBOLS USED IN COLUMN 16

AVERAGE MONTHLY: 65.5   TOTAL FOR MONTH:   1.25    1 = FOG OR MIST
DPTR FM NORMAL:   1.2   DPTR FM NORMAL:   -1.71    2 = FOG REDUCING VISIBILITY
HIGHEST:    85 ON  3    GRTST 24HR  0.44 ON 25-25      TO 1/4 MILE OR LESS
LOWEST:     38 ON 23                               3 = THUNDER
                        SNOW, ICE PELLETS, HAIL    4 = ICE PELLETS
                        TOTAL MONTH:   0.0 INCH    5 = HAIL
                        GRTST 24HR  0.0            6 = FREEZING RAIN OR DRIZZLE
                        GRTST DEPTH:  0            7 = DUSTSTORM OR SANDSTORM:
                                                       VSBY 1/2 MILE OR LESS
                                                   8 = SMOKE OR HAZE
[NO. OF DAYS WITH]      [WEATHER - DAYS WITH]      9 = BLOWING SNOW
                                                   X = TORNADO
MAX 32 OR BELOW:   0    0.01 INCH OR MORE:   7
MAX 90 OR ABOVE:   0    0.10 INCH OR MORE:   4
MIN 32 OR BELOW:   0    0.50 INCH OR MORE:   0
MIN  0 OR BELOW:   0    1.00 INCH OR MORE:   0

[HDD (BASE 65) ]
TOTAL THIS MO.    63    CLEAR  (SCALE 0-3)   5
DPTR FM NORMAL   -25    PTCLDY (SCALE 4-7)  16
TOTAL FM JUL 1    70    CLOUDY (SCALE 8-10)  5
DPTR FM NORMAL   -35

[CDD (BASE 65) ]
TOTAL THIS MO.    84
DPTR FM NORMAL    16    [PRESSURE DATA]
TOTAL FM JAN 1   797    HIGHEST SLP M ON M
DPTR FM NORMAL    77    LOWEST  SLP 29.65 ON 25

[REMARKS]
