000
CXUS53 KIWX 280810
CF6GSH
PRELIMINARY LOCAL CLIMATOLOGICAL DATA (WS FORM: F-6)

                                          STATION:   GOSHEN
                                          MONTH:     SEPTEMBER
                                          YEAR:      2022
                                          LATITUDE:   41 31 N
                                          LONGITUDE:  85 47 W

  TEMPERATURE IN F:       :PCPN:    SNOW:  WIND      :SUNSHINE: SKY     :PK WND
================================================================================
1   2   3   4   5  6A  6B    7    8   9   10  11  12  13   14  15   16   17  18
                                     12Z  AVG MX 2MIN
DY MAX MIN AVG DEP HDD CDD  WTR  SNW DPTH SPD SPD DIR MIN PSBL S-S WX    SPD DR
================================================================================

 1  86  61  74   6   0   9 0.00    M    M  3.6  9 230   M    M   2        13 230
 2  84  64  74   6   0   9 0.00    M    M  3.5 13 160   M    M   0 1      18 190
 3  84  64  74   6   0   9 0.00    M    M  3.4 10 200   M    M   0        13 200
 4  79  65  72   4   0   7    T    M    M  7.1 17  40   M    M   7 18     21  40
 5  74  63  69   1   0   4 0.00    M    M  6.2 10  30   M    M   9        15  40
 6  77  59  68   1   0   3 0.00    M    M  4.2  9  70   M    M   7 12     12  40
 7  79  56  68   1   0   3 0.00  0.0    M  5.0 14  10   M    M   3 12     20 350
 8  82  52  67   0   0   2 0.00    M    M  1.3  8 170   M    M   2 12     11 210
 9  83  50  67   1   0   2 0.00    M    M  4.5 14 170   M    M   1 1      19 180
10  85  61  73   7   0   8    T    M    M  5.1 14 210   M    M   2 1      20 240
11  72  61  67   1   0   2 0.47    M    M  7.5 18 240   M    M   9 1      24 250
12  63  53  58  -7   7   0 0.13    M    M  9.2 22 220   M    M  10 1      30 220
13  68  49  59  -6   6   0 0.03    M    M  5.9 13 280   M    M   9 12     16 280
14  77  49  63  -2   2   0    T    M    M  3.0  9 280   M    M   3 12     14 260
15  79  53  66   2   0   1 0.00    M    M  2.6  9 200   M    M   3 12     13 220
16  81  55  68   4   0   3    T    M    M  4.2 13 160   M    M   0 12     17 200
17  84  61  73   9   0   8 0.00    M    M  8.2 18 200   M    M   1        25 200
18  83  66  75  12   0  10    T    M    M  9.1 18 210   M    M   2        23 210
19  80  57  69   6   0   4 0.23    M    M  7.1 21 300   M    M   3 13     33 280
20  81  53  67   4   0   2 0.12    M    M  5.9 21  40   M    M   3 123    31  60
21  83  62  73  11   0   8 0.04    M    M 11.3 20 330   M    M   2 13     30 320
22  63  46  55  -7  10   0    T    M    M 12.2 25 320   M    M   4        33 310
23  65  38  52 -10  13   0    T    M    M  3.5  9  20   M    M   1        12 360
24  72  55  64   3   1   0 0.00    M    M  7.4 18 200   M    M   8 3      25 180
25  65  53  59  -2   6   0 0.50    M    M  9.8 24 310   M    M   9 1      36 300
26  62  46  54  -6  11   0 0.09    M    M 11.8 26 300   M    M   5        35 280
27  59  45  52  -8  13   0 0.09    M    M 10.9 26 310   M    M   8 1      35 290
================================================================================
SM 2050 1497        69  94  1.70  0.0    173.5          M      113
================================================================================
AV 75.9 55.4                               6.4 FASTST   M    M   4    MAX(MPH)
                                 MISC ---->  # 26 300                 36 300
================================================================================
NOTES:
# LAST OF SEVERAL OCCURRENCES

COLUMN 17 PEAK WIND IN M.P.H.

PRELIMINARY LOCAL CLIMATOLOGICAL DATA (WS FORM: F-6) , PAGE 2

                                          STATION:   GOSHEN
                                          MONTH:     SEPTEMBER
                                          YEAR:      2022
                                          LATITUDE:   41 31 N
                                          LONGITUDE:  85 47 W

[TEMPERATURE DATA]      [PRECIPITATION DATA]       SYMBOLS USED IN COLUMN 16

AVERAGE MONTHLY: 65.7   TOTAL FOR MONTH:   1.70    1 = FOG OR MIST
DPTR FM NORMAL:   1.1   DPTR FM NORMAL:   -0.87    2 = FOG REDUCING VISIBILITY
HIGHEST:    86 ON  1    GRTST 24HR  0.50 ON 25-25      TO 1/4 MILE OR LESS
LOWEST:     38 ON 23                               3 = THUNDER
                        SNOW, ICE PELLETS, HAIL    4 = ICE PELLETS
                        TOTAL MONTH:   0.0 INCH    5 = HAIL
                        GRTST 24HR  0.0            6 = FREEZING RAIN OR DRIZZLE
                        GRTST DEPTH:  M  ON   M    7 = DUSTSTORM OR SANDSTORM:
                                                       VSBY 1/2 MILE OR LESS
                                                   8 = SMOKE OR HAZE
[NO. OF DAYS WITH]      [WEATHER - DAYS WITH]      9 = BLOWING SNOW
                                                   X = TORNADO
MAX 32 OR BELOW:   0    0.01 INCH OR MORE:   9
MAX 90 OR ABOVE:   0    0.10 INCH OR MORE:   5
MIN 32 OR BELOW:   0    0.50 INCH OR MORE:   1
MIN  0 OR BELOW:   0    1.00 INCH OR MORE:   0

[HDD (BASE 65) ]
TOTAL THIS MO.    69    CLEAR  (SCALE 0-3)  13
DPTR FM NORMAL   -17    PTCLDY (SCALE 4-7)   9
TOTAL FM JUL 1    70    CLOUDY (SCALE 8-10)  5
DPTR FM NORMAL   -33

[CDD (BASE 65) ]
TOTAL THIS MO.    94
DPTR FM NORMAL    20    [PRESSURE DATA]
TOTAL FM JAN 1   810    HIGHEST SLP M ON M
DPTR FM NORMAL    61    LOWEST  SLP 29.65 ON 25

[REMARKS]
