000
CXUS52 KRAH 280845
CF6GSO
PRELIMINARY LOCAL CLIMATOLOGICAL DATA (WS FORM: F-6)

                                          STATION:   GREENSBORO NC
                                          MONTH:     SEPTEMBER
                                          YEAR:      2022
                                          LATITUDE:   36  4 N
                                          LONGITUDE:  79 57 W

  TEMPERATURE IN F:       :PCPN:    SNOW:  WIND      :SUNSHINE: SKY     :PK WND
================================================================================
1   2   3   4   5  6A  6B    7    8   9   10  11  12  13   14  15   16   17  18
                                     12Z  AVG MX 2MIN
DY MAX MIN AVG DEP HDD CDD  WTR  SNW DPTH SPD SPD DIR MIN PSBL S-S WX    SPD DR
================================================================================

 1  84  62  73  -2   0   8 0.00  0.0    0  3.5 10  40   M    M   2        21 140
 2  87  62  75   0   0  10 0.00  0.0    0  3.6 10  40   M    M   4        16  80
 3  86  67  77   2   0  12 0.00  0.0    0  4.8 13  60   M    M   5        16  70
 4  84  68  76   2   0  11 0.52  0.0    0  5.4 16  60   M    M   7 13     19  60
 5  78  71  75   1   0  10 0.69  0.0    0  7.5 16 170   M    M  10 1      22 150
 6  87  71  79   5   0  14 0.39  0.0    0  5.5 13 310   M    M   9 1      16 310
 7  85  69  77   3   0  12 0.00  0.0    0  5.9 15  50   M    M   7        20  40
 8  78  65  72  -1   0   7 0.01  0.0    0  8.3 17  60   M    M   7 1      20  60
 9  80  64  72  -1   0   7 0.00  0.0    0  8.4 16  60   M    M   6        21  80
10  71  64  68  -5   0   3 1.03  0.0    0  7.7 15  50   M    M  10 1      19  60
11  86  70  78   6   0  13 0.19  0.0    0  3.8 13 260   M    M   9 1      16 260
12  85  70  78   6   0  13 0.00  0.0    0  6.4 14 290   M    M   7 13     18 300
13  79  62  71  -1   0   6 0.00  0.0    0  4.8 14 260   M    M   5        17 300
14  76  58  67  -5   0   2 0.00  0.0    0  3.7 12  40   M    M   2        17  50
15  80  58  69  -2   0   4 0.00  0.0    0  4.6 14  60   M    M   2        17  50
16  82  59  71   0   0   6 0.00  0.0    0  1.8  8  90   M    M   2        11 110
17  81  61  71   0   0   6 0.00  0.0    0  2.8 12  60   M    M   4        15  60
18  82  57  70   0   0   5 0.00  0.0    0  2.0  9 200   M    M   2        12 190
19  84  61  73   3   0   8 0.00  0.0    0  4.2 13 320   M    M   3        16 310
20  87  66  77   7   0  12 0.00  0.0    0  3.6 13  40   M    M   1        17  40
21  88  64  76   7   0  11 0.00  0.0    0  2.8 10 320   M    M   1        12 320
22  89  61  75   6   0  10 0.00  0.0    0 10.3 23 290   M    M   5 8      35 340
23  71  51  61  -8   4   0 0.00  0.0    0  5.2 18 350   M    M   2        26 360
24  71  52  62  -6   3   0    T  0.0    0  5.1 13 250   M    M   7        16 240
25  80  54  67  -1   0   2 0.44  0.0    0  8.4 23 270   M    M   7 138    29 250
26  78  53  66  -2   0   1 0.00  0.0    0  7.8 18 300   M    M   2        23 280
27  72  51  62  -5   3   0 0.00  0.0    0  6.3 18 290   M    M   2        22 290
================================================================================
SM 2191 1671        10 193  3.27  0.0    144.2          M      130
================================================================================
AV 81.1 61.9                               5.3 FASTST   M    M   5    MAX(MPH)
                                 MISC ---->  # 23 290                 35 340
================================================================================
NOTES:
# LAST OF SEVERAL OCCURRENCES

COLUMN 17 PEAK WIND IN M.P.H.

PRELIMINARY LOCAL CLIMATOLOGICAL DATA (WS FORM: F-6) , PAGE 2

                                          STATION:   GREENSBORO NC
                                          MONTH:     SEPTEMBER
                                          YEAR:      2022
                                          LATITUDE:   36  4 N
                                          LONGITUDE:  79 57 W

[TEMPERATURE DATA]      [PRECIPITATION DATA]       SYMBOLS USED IN COLUMN 16

AVERAGE MONTHLY: 71.5   TOTAL FOR MONTH:   3.27    1 = FOG OR MIST
DPTR FM NORMAL:   0.1   DPTR FM NORMAL:   -0.88    2 = FOG REDUCING VISIBILITY
HIGHEST:    89 ON 22    GRTST 24HR  1.19 ON 10-11      TO 1/4 MILE OR LESS
LOWEST:     51 ON 27,23                             3 = THUNDER
                        SNOW, ICE PELLETS, HAIL    4 = ICE PELLETS
                        TOTAL MONTH:   0.0 INCH    5 = HAIL
                        GRTST 24HR  0.0            6 = FREEZING RAIN OR DRIZZLE
                        GRTST DEPTH:  0            7 = DUSTSTORM OR SANDSTORM:
                                                       VSBY 1/2 MILE OR LESS
                                                   8 = SMOKE OR HAZE
[NO. OF DAYS WITH]      [WEATHER - DAYS WITH]      9 = BLOWING SNOW
                                                   X = TORNADO
MAX 32 OR BELOW:   0    0.01 INCH OR MORE:   7
MAX 90 OR ABOVE:   0    0.10 INCH OR MORE:   6
MIN 32 OR BELOW:   0    0.50 INCH OR MORE:   3
MIN  0 OR BELOW:   0    1.00 INCH OR MORE:   1

[HDD (BASE 65) ]
TOTAL THIS MO.    10    CLEAR  (SCALE 0-3)  11
DPTR FM NORMAL    -3    PTCLDY (SCALE 4-7)  12
TOTAL FM JUL 1    10    CLOUDY (SCALE 8-10)  4
DPTR FM NORMAL    -3

[CDD (BASE 65) ]
TOTAL THIS MO.   193
DPTR FM NORMAL     3    [PRESSURE DATA]
TOTAL FM JAN 1  1581    HIGHEST SLP M ON M
DPTR FM NORMAL    81    LOWEST  SLP 29.70 ON 22

[REMARKS]
