000
CXUS56 KTFX 281110
CF6GTF
PRELIMINARY LOCAL CLIMATOLOGICAL DATA (WS FORM: F-6)

                                          STATION:   GREAT FALLS MT
                                          MONTH:     SEPTEMBER
                                          YEAR:      2022
                                          LATITUDE:   47 28 N
                                          LONGITUDE: 111 22 W

  TEMPERATURE IN F:       :PCPN:    SNOW:  WIND      :SUNSHINE: SKY     :PK WND
================================================================================
1   2   3   4   5  6A  6B    7    8   9   10  11  12  13   14  15   16   17  18
                                     12Z  AVG MX 2MIN
DY MAX MIN AVG DEP HDD CDD  WTR  SNW DPTH SPD SPD DIR MIN PSBL S-S WX    SPD DR
================================================================================

 1  93  58  76  14   0  11    T  0.0    0 10.6 26 300   M    M   1        40 310
 2  91  48  70   8   0   5 0.00  0.0    0  6.7 14 190   M    M   0        18 180
 3 102  55  79  18   0  14    T  0.0    0  8.2 28 330   M    M   0 3      34 330
 4  94  61  78  17   0  13    T  0.0    0 16.0 30 250   M    M   1 8      39 290
 5  92  57  75  14   0  10 0.00  0.0    0 13.6 31 250   M    M   1 8      44 250
 6  87  46  67   7   0   2 0.00  0.0    0  6.8 15 210   M    M   1        20  70
 7 100  54  77  17   0  12 0.00  0.0    0 18.1 44 270   M    M   1 8      60 280
 8  72  39  56  -4   9   0 0.11  0.0    0 10.5 30 350   M    M   4        39 360
 9  57  35  46 -14  19   0 0.04  0.0    0  6.9 16  20   M    M   4        20  20
10  75  33  54  -5  11   0 0.00  0.0    0  6.8 16 240   M    M   0        23 240
11  88  45  67   8   0   2 0.00  0.0    0 11.8 20 230   M    M   2 8      25 230
12  81  50  66   7   0   1 0.00  0.0    0  8.0 16 330   M    M   1 8      22 330
13  73  49  61   3   4   0 0.14  0.0    0  5.5 16 310   M    M   4 1      21 300
14  72  50  61   3   4   0 0.00  0.0    0  4.6 12 270   M    M   6 18     16 330
15  78  44  61   3   4   0 0.03  0.0    0  5.4 17 270   M    M   2 138    22 260
16  65  48  57   0   8   0 0.25  0.0    0  7.4 14 220   M    M   6 1      17 220
17  74  44  59   2   6   0 0.00  0.0    0  8.7 14 290   M    M   0        19 290
18  75  39  57   0   8   0 0.11  0.0    0  7.8 31 260   M    M   1 13     39 250
19  76  45  61   5   4   0 0.01  0.0    0 13.0 26 360   M    M   2 1      37 360
20  53  42  48  -8  17   0 0.08  0.0    0  6.6 14 350   M    M   9 1      19 360
21  66  37  52  -4  13   0    T  0.0    0  6.1 14 150   M    M   3        20  60
22  66  47  57   2   8   0 0.14  0.0    0 16.1 33 230   M    M   7 1      47 220
23  71  47  59   4   6   0 0.02  0.0    0 17.6 29 250   M    M   4        38 240
24  75  44  60   6   5   0 0.00  0.0    0 10.5 20 270   M    M   1        33 270
25  79  40  60   6   5   0 0.00  0.0    0  7.6 14 270   M    M   0        21 250
26  82  42  62   8   3   0 0.00  0.0    M  5.6 13 100   M    M   0 8      17 110
27  85  46  66  13   0   1 0.00  0.0    0  6.6 15 220   M    M   0        17 230
================================================================================
SM 2122 1245       134  71  0.93  0.0    253.1          M       61
================================================================================
AV 78.6 46.1                               9.4 FASTST   M    M   2    MAX(MPH)
                                 MISC ---->    44 270                 60 280
================================================================================
NOTES:
# LAST OF SEVERAL OCCURRENCES

COLUMN 17 PEAK WIND IN M.P.H.

PRELIMINARY LOCAL CLIMATOLOGICAL DATA (WS FORM: F-6) , PAGE 2

                                          STATION:   GREAT FALLS MT
                                          MONTH:     SEPTEMBER
                                          YEAR:      2022
                                          LATITUDE:   47 28 N
                                          LONGITUDE: 111 22 W

[TEMPERATURE DATA]      [PRECIPITATION DATA]       SYMBOLS USED IN COLUMN 16

AVERAGE MONTHLY: 62.4   TOTAL FOR MONTH:   0.93    1 = FOG OR MIST
DPTR FM NORMAL:   4.5   DPTR FM NORMAL:   -0.27    2 = FOG REDUCING VISIBILITY
HIGHEST:   102 ON  3    GRTST 24HR  0.28 ON 15-16      TO 1/4 MILE OR LESS
LOWEST:     33 ON 10                               3 = THUNDER
                        SNOW, ICE PELLETS, HAIL    4 = ICE PELLETS
                        TOTAL MONTH:   0.0 INCH    5 = HAIL
                        GRTST 24HR  0.0            6 = FREEZING RAIN OR DRIZZLE
                        GRTST DEPTH:  0            7 = DUSTSTORM OR SANDSTORM:
                                                       VSBY 1/2 MILE OR LESS
                                                   8 = SMOKE OR HAZE
[NO. OF DAYS WITH]      [WEATHER - DAYS WITH]      9 = BLOWING SNOW
                                                   X = TORNADO
MAX 32 OR BELOW:   0    0.01 INCH OR MORE:  10
MAX 90 OR ABOVE:   6    0.10 INCH OR MORE:   5
MIN 32 OR BELOW:   0    0.50 INCH OR MORE:   0
MIN  0 OR BELOW:   0    1.00 INCH OR MORE:   0

[HDD (BASE 65) ]
TOTAL THIS MO.   134    CLEAR  (SCALE 0-3)  19
DPTR FM NORMAL   -84    PTCLDY (SCALE 4-7)   7
TOTAL FM JUL 1   147    CLOUDY (SCALE 8-10)  1
DPTR FM NORMAL  -185

[CDD (BASE 65) ]
TOTAL THIS MO.    71
DPTR FM NORMAL    47    [PRESSURE DATA]
TOTAL FM JAN 1   532    HIGHEST SLP M ON M
DPTR FM NORMAL   225    LOWEST  SLP 29.71 ON 18

[REMARKS]
