000
CXUS54 KEWX 251010
CF6GTU
PRELIMINARY LOCAL CLIMATOLOGICAL DATA (WS FORM: F-6)

                                          STATION:   GEORGETOWN
                                          MONTH:     SEPTEMBER
                                          YEAR:      2022
                                          LATITUDE:   30 40 N
                                          LONGITUDE:  97 41 W

  TEMPERATURE IN F:       :PCPN:    SNOW:  WIND      :SUNSHINE: SKY     :PK WND
================================================================================
1   2   3   4   5  6A  6B    7    8   9   10  11  12  13   14  15   16   17  18
                                     12Z  AVG MX 2MIN
DY MAX MIN AVG DEP HDD CDD  WTR  SNW DPTH SPD SPD DIR MIN PSBL S-S WX    SPD DR
================================================================================

 1  92  73  83   M   0  18 0.09    M    M  3.4 12 100   M    M   3         M   M
 2  92  73  83   M   0  18 0.00    M    M  4.7 12 190   M    M   2         M   M
 3  88  73  81   M   0  16 0.39    M    M  3.9  9 180   M    M   3 13     17 280
 4  92  69  81   M   0  16 0.53    M    M  6.4 25  40   M    M   1 13     39  40
 5  93  66  80   M   0  15 0.00    M    M  4.3  9 190   M    M   1         M   M
 6  94  72  83   M   0  18    T    M    M  5.4 12 180   M    M   2         M   M
 7  94  73  84   M   0  19    T    M    M  4.6 10 100   M    M   3 3      36  70
 8  93  69  81   M   0  16 0.00    M    M  4.3 10  70   M    M   1         M   M
 9  93  69  81   M   0  16 0.00    M    M  3.2  8  90   M    M   2 8       M   M
10  92  69  81   M   0  16 0.00    M    M  2.9  8 180   M    M   4         M   M
11  90  71  81   M   0  16 0.00    M    M  6.7 12  10   M    M   3        16 350
12  90  67  79   M   0  14 0.00    M    M  4.4  8  20   M    M   0         M   M
13  92  68  80   M   0  15 0.00    M    M  3.0  8 160   M    M   1         M   M
14  91  68  80   M   0  15 0.00    M    M  4.0 10  60   M    M   2 1       M   M
15  89  62  76   M   0  11 0.00    M    M  4.4  9  90   M    M   3         M   M
16  93  74  84   M   0  19 0.00    M    M  6.0  9 150   M    M   4        16 140
17  95  76  86   M   0  21 0.00    M    M  8.3 13 140   M    M   4        17 160
18  94  74  84   M   0  19 0.00    M    M  6.8 10 100   M    M   3        21 170
19  95  73  84   M   0  19 0.00    M    M  5.7  9 160   M    M   2         M   M
20  95  75  85   M   0  20 0.00  0.0    M  6.0  9 130   M    M   1         M   M
21  95  70  83   M   0  18 0.00  0.0    M  3.8  8 150   M    M   0         M   M
22  97  67  82   M   0  17 0.00    M    M  3.0  8 160   M    M   0         M   M
23  97  68  83   M   0  18 0.00    M    M  5.7 12 170   M    M   2        17 140
24  93  70  82   M   0  17 0.00    M    M  7.0 12 190   M    M   1         M   M
================================================================================
SM 2229 1689         0 407  1.01  0.0    117.8          M       48
================================================================================
AV 92.9 70.4                               4.9 FASTST   M    M   2    MAX(MPH)
                                 MISC ---->    25  40                 39  40
================================================================================
NOTES:
# LAST OF SEVERAL OCCURRENCES

COLUMN 17 PEAK WIND IN M.P.H.

PRELIMINARY LOCAL CLIMATOLOGICAL DATA (WS FORM: F-6) , PAGE 2

                                          STATION:   GEORGETOWN
                                          MONTH:     SEPTEMBER
                                          YEAR:      2022
                                          LATITUDE:   30 40 N
                                          LONGITUDE:  97 41 W

[TEMPERATURE DATA]      [PRECIPITATION DATA]       SYMBOLS USED IN COLUMN 16

AVERAGE MONTHLY: 81.6   TOTAL FOR MONTH:   1.01    1 = FOG OR MIST
DPTR FM NORMAL:   0.0   DPTR FM NORMAL:    1.01    2 = FOG REDUCING VISIBILITY
HIGHEST:    97 ON 23,22  GRTST 24HR  0.53 ON  4- 4      TO 1/4 MILE OR LESS
LOWEST:     62 ON 15                               3 = THUNDER
                        SNOW, ICE PELLETS, HAIL    4 = ICE PELLETS
                        TOTAL MONTH:   0.0 INCH    5 = HAIL
                        GRTST 24HR  0.0            6 = FREEZING RAIN OR DRIZZLE
                        GRTST DEPTH:  M  ON   M    7 = DUSTSTORM OR SANDSTORM:
                                                       VSBY 1/2 MILE OR LESS
                                                   8 = SMOKE OR HAZE
[NO. OF DAYS WITH]      [WEATHER - DAYS WITH]      9 = BLOWING SNOW
                                                   X = TORNADO
MAX 32 OR BELOW:   0    0.01 INCH OR MORE:   3
MAX 90 OR ABOVE:  22    0.10 INCH OR MORE:   2
MIN 32 OR BELOW:   0    0.50 INCH OR MORE:   1
MIN  0 OR BELOW:   0    1.00 INCH OR MORE:   0

[HDD (BASE 65) ]
TOTAL THIS MO.     0    CLEAR  (SCALE 0-3)  20
DPTR FM NORMAL     M    PTCLDY (SCALE 4-7)   4
TOTAL FM JUL 1     0    CLOUDY (SCALE 8-10)  0
DPTR FM NORMAL     M

[CDD (BASE 65) ]
TOTAL THIS MO.   407
DPTR FM NORMAL     M    [PRESSURE DATA]
TOTAL FM JAN 1  3239    HIGHEST SLP M ON M
DPTR FM NORMAL     M    LOWEST  SLP M ON M

[REMARKS]
