000
CXGM50 PGUM 260030
CF6GUM
PRELIMINARY LOCAL CLIMATOLOGICAL DATA (WS FORM: F-6)

                                          STATION:   GUAM INTERNATIONAL AIRPORT
                                          MONTH:     SEPTEMBER
                                          YEAR:      2022
                                          LATITUDE:   13 29 N
                                          LONGITUDE: 144-48 E

  TEMPERATURE IN F:       :PCPN:    SNOW:  WIND      :SUNSHINE: SKY     :PK WND
================================================================================
1   2   3   4   5  6A  6B    7    8   9   10  11  12  13   14  15   16   17  18
                                     12Z  AVG MX 2MIN
DY MAX MIN AVG DEP HDD CDD  WTR  SNW DPTH SPD SPD DIR MIN PSBL S-S WX    SPD DR
================================================================================

 1  87  74  81  -1   0  16 0.01  0.0    0  3.6 13 230   M    M   2        15 230
 2  88  75  82   0   0  17 0.01  0.0    0  4.6 13  90   M    M   2        16 110
 3  88  75  82   0   0  17 1.35  0.0    0  5.1 16  40   M    M   3        17  50
 4  88  75  82   0   0  17    T  0.0    0  5.5 12 110   M    M   2        20 110
 5  88  77  83   1   0  18 0.03  0.0    0  4.0 14 160   M    M   3        18 140
 6  88  76  82   0   0  17 0.00  0.0    0  4.0 12  90   M    M   1        15 130
 7  88  79  84   2   0  19 0.00  0.0    M  7.4 15 110   M    M   2        22 100
 8  88  77  83   1   0  18 0.25  0.0    M  6.9 14 110   M    M   4 3      18 130
 9  87  77  82   0   0  17 0.02  0.0    M  4.8 15 120   M    M   3        18 110
10  87  77  82   0   0  17 0.00  0.0    0  4.8 13 100   M    M   2        16 150
11  87  75  81  -1   0  16 1.66  0.0    0  3.5 12 220   M    M   2        18 220
12  89  76  83   1   0  18 0.03  0.0    0  6.4 17 180   M    M   2        23 160
13  86  74  80  -2   0  15 1.14  0.0    0  5.8 22 210   M    M   3        28 210
14  82  74  78  -4   0  13 3.35  0.0    0  6.6 21 210   M    M   4 3      26 250
15  84  75  80  -2   0  15 1.00  0.0    0  5.8 25 260   M    M   6        31 260
16  88  73  81  -1   0  16 0.15  0.0    0  4.0 18 260   M    M   3        24 250
17  86  75  81  -1   0  16 1.13  0.0    0  8.7 22 320   M    M   5        28 330
18  87  75  81  -1   0  16 0.02  0.0    0  8.0 18  90   M    M   2        23  70
19  83  74  79  -3   0  14 0.12  0.0    0  4.2 10 100   M    M   5        13 110
20  87  74  81  -1   0  16 0.23  0.0    0  4.9 14 290   M    M   4        16 250
21  88  77  83   1   0  18 0.03  0.0    0  5.9 12 340   M    M   2        15 330
22  86  76  81  -1   0  16 0.51  0.0    0  7.8 17 330   M    M   4        22 340
23  86  75  81  -1   0  16 0.02  0.0    0  6.2 16  80   M    M   4 3      19  90
24  88  75  82   0   0  17 0.76  0.0    0  5.7 18  90   M    M   3 3      25  90
25  80  75  78  -4   0  13 0.64  0.0    0  6.9 21 170   M    M   6        30 160
================================================================================
SM 2164 1885         0 408 12.46  0.0    141.1          M       79
================================================================================
AV 86.6 75.4                               5.6 FASTST   M    M   3    MAX(MPH)
                                 MISC ---->    25 260                 31 260
================================================================================
NOTES:
# LAST OF SEVERAL OCCURRENCES

COLUMN 17 PEAK WIND IN M.P.H.

PRELIMINARY LOCAL CLIMATOLOGICAL DATA (WS FORM: F-6) , PAGE 2

                                          STATION:   GUAM INTERNATIONAL AIRPORT
                                          MONTH:     SEPTEMBER
                                          YEAR:      2022
                                          LATITUDE:   13 29 N
                                          LONGITUDE: 144-48 E

[TEMPERATURE DATA]      [PRECIPITATION DATA]       SYMBOLS USED IN COLUMN 16

AVERAGE MONTHLY: 81.0   TOTAL FOR MONTH:  12.46    1 = FOG OR MIST
DPTR FM NORMAL:  -1.0   DPTR FM NORMAL:   -0.31    2 = FOG REDUCING VISIBILITY
HIGHEST:    89 ON 12    GRTST 24HR  3.35 ON 14-14      TO 1/4 MILE OR LESS
LOWEST:     73 ON 16                               3 = THUNDER
                        SNOW, ICE PELLETS, HAIL    4 = ICE PELLETS
                        TOTAL MONTH:   0.0 INCH    5 = HAIL
                        GRTST 24HR  0.0            6 = FREEZING RAIN OR DRIZZLE
                        GRTST DEPTH:  0            7 = DUSTSTORM OR SANDSTORM:
                                                       VSBY 1/2 MILE OR LESS
                                                   8 = SMOKE OR HAZE
[NO. OF DAYS WITH]      [WEATHER - DAYS WITH]      9 = BLOWING SNOW
                                                   X = TORNADO
MAX 32 OR BELOW:   0    0.01 INCH OR MORE:  21
MAX 90 OR ABOVE:   0    0.10 INCH OR MORE:  13
MIN 32 OR BELOW:   0    0.50 INCH OR MORE:   9
MIN  0 OR BELOW:   0    1.00 INCH OR MORE:   6

[HDD (BASE 65) ]
TOTAL THIS MO.     0    CLEAR  (SCALE 0-3)  14
DPTR FM NORMAL     0    PTCLDY (SCALE 4-7)  11
TOTAL FM JUL 1     0    CLOUDY (SCALE 8-10)  0
DPTR FM NORMAL     0

[CDD (BASE 65) ]
TOTAL THIS MO.   408
DPTR FM NORMAL     8    [PRESSURE DATA]
TOTAL FM JAN 1  4420    HIGHEST SLP 29.90 ON  1
DPTR FM NORMAL   -46    LOWEST  SLP 29.79 ON  1

[REMARKS]
