000
CXUS54 KAMA 280710
CF6GUY
PRELIMINARY LOCAL CLIMATOLOGICAL DATA (WS FORM: F-6)

                                          STATION:   GUYMON
                                          MONTH:     SEPTEMBER
                                          YEAR:      2022
                                          LATITUDE:   36 41 N
                                          LONGITUDE: 101 30 W

  TEMPERATURE IN F:       :PCPN:    SNOW:  WIND      :SUNSHINE: SKY     :PK WND
================================================================================
1   2   3   4   5  6A  6B    7    8   9   10  11  12  13   14  15   16   17  18
                                     12Z  AVG MX 2MIN
DY MAX MIN AVG DEP HDD CDD  WTR  SNW DPTH SPD SPD DIR MIN PSBL S-S WX    SPD DR
================================================================================

 1  92  62  77   1   0  12    T    M    M  6.7 16 330   M    M   0        24 320
 2  99  61  80   5   0  15 0.00    M    M  9.1 36  60   M    M   0 8      55  50
 3  94  63  79   4   0  14 0.03    M    M  7.6 23  40   M    M   0 3      33  40
 4  92  59  76   1   0  11 0.00    M    M  6.8 13 120   M    M   0        20 120
 5  95  61  78   3   0  13 0.00    M    M  7.4 17 150   M    M   0        30 160
 6  96  60  78   4   0  13 0.00    M    M  6.8 14 200   M    M   0        20 190
 7  99  63  81   7   0  16 0.00    M    M  6.8 14 250   M    M   0        20 150
 8  97  58  78   4   0  13 0.00    M    M  9.1 16 180   M    M   0        22 160
 9  93  64  79   6   0  14 0.00    M    M  9.5 29  20   M    M   1        39  10
10  64  55  60 -13   5   0 0.09    M    M 12.2 21  30   M    M   9 1      27  30
11  74  52  63 -10   2   0 0.01    M    M  5.3 13 210   M    M   6        17 210
12  91  50  71  -1   0   6 0.00    M    M  7.5 16 220   M    M   0        26 190
13  96  56  76   4   0  11 0.00    M    M  6.3 17 170   M    M   0        23 160
14  90  64  77   5   0  12 0.03    M    M 14.8 35 210   M    M   1 3      49 190
15  93  62  78   6   0  13 0.00    M    M 16.6 29 170   M    M   1 3      43 170
16  96  57  77   6   0  12 0.00    M    M  8.6 23 200   M    M   0        32 210
17  99  70  85  14   0  20 0.00    M    M 16.1 26 230   M    M   0 8      39 230
18  99  69  84  14   0  19 0.00    M    M 15.7 28 240   M    M   0        37 240
19  96  70  83  13   0  18 0.00    M    M 15.6 26 210   M    M   0        39 210
20  98  68  83  13   0  18 0.00    M    M 15.7 29 210   M    M   0        38 210
21  97  56  77   8   0  12    T    M    M 15.2 31  10   M    M   2        41  40
22  61  51  56 -13   9   0 0.02    M    M  9.3 18  10   M    M   9 1      23 360
23  97  53  75   7   0  10 0.01    M    M 11.0 25 230   M    M   3        34 240
24  90  57  74   6   0   9 0.00    M    M 10.7 22  60   M    M   0        31  70
25  82  55  69   2   0   4 0.00    M    M  9.6 18  40   M    M   0        25  60
26  87  48  68   1   0   3 0.00    M    M  8.3 22 230   M    M   0 8      30 200
27  91  51  71   4   0   6 0.00    M    M  7.1 14  70   M    M   0 8      19  60
================================================================================
SM 2458 1595        16 294  0.19    M    275.4          M       32
================================================================================
AV 91.0 59.1                              10.2 FASTST   M    M   1    MAX(MPH)
                                 MISC ---->    36  60                 55  50
================================================================================
NOTES:
# LAST OF SEVERAL OCCURRENCES

COLUMN 17 PEAK WIND IN M.P.H.

PRELIMINARY LOCAL CLIMATOLOGICAL DATA (WS FORM: F-6) , PAGE 2

                                          STATION:   GUYMON
                                          MONTH:     SEPTEMBER
                                          YEAR:      2022
                                          LATITUDE:   36 41 N
                                          LONGITUDE: 101 30 W

[TEMPERATURE DATA]      [PRECIPITATION DATA]       SYMBOLS USED IN COLUMN 16

AVERAGE MONTHLY: 75.1   TOTAL FOR MONTH:   0.19    1 = FOG OR MIST
DPTR FM NORMAL:   3.5   DPTR FM NORMAL:   -1.00    2 = FOG REDUCING VISIBILITY
HIGHEST:    99 ON 18,17  GRTST 24HR  0.10 ON 10-11      TO 1/4 MILE OR LESS
LOWEST:     48 ON 26                               3 = THUNDER
                        SNOW, ICE PELLETS, HAIL    4 = ICE PELLETS
                        TOTAL MONTH:  M            5 = HAIL
                        GRTST 24HR    M  ON   M    6 = FREEZING RAIN OR DRIZZLE
                        GRTST DEPTH:  M  ON   M    7 = DUSTSTORM OR SANDSTORM:
                                                       VSBY 1/2 MILE OR LESS
                                                   8 = SMOKE OR HAZE
[NO. OF DAYS WITH]      [WEATHER - DAYS WITH]      9 = BLOWING SNOW
                                                   X = TORNADO
MAX 32 OR BELOW:   0    0.01 INCH OR MORE:   6
MAX 90 OR ABOVE:  22    0.10 INCH OR MORE:   0
MIN 32 OR BELOW:   0    0.50 INCH OR MORE:   0
MIN  0 OR BELOW:   0    1.00 INCH OR MORE:   0

[HDD (BASE 65) ]
TOTAL THIS MO.    16    CLEAR  (SCALE 0-3)  24
DPTR FM NORMAL    -9    PTCLDY (SCALE 4-7)   1
TOTAL FM JUL 1    16    CLOUDY (SCALE 8-10)  2
DPTR FM NORMAL   -10

[CDD (BASE 65) ]
TOTAL THIS MO.   294
DPTR FM NORMAL    91    [PRESSURE DATA]
TOTAL FM JAN 1  2020    HIGHEST SLP M ON M
DPTR FM NORMAL   429    LOWEST  SLP 29.63 ON  9

[REMARKS]
