000
CXUS52 KFFC 281010
CF6GVL
PRELIMINARY LOCAL CLIMATOLOGICAL DATA (WS FORM: F-6)

                                          STATION:   GAINESVILLE
                                          MONTH:     SEPTEMBER
                                          YEAR:      2022
                                          LATITUDE:   34 16 N
                                          LONGITUDE:  83 50 W

  TEMPERATURE IN F:       :PCPN:    SNOW:  WIND      :SUNSHINE: SKY     :PK WND
================================================================================
1   2   3   4   5  6A  6B    7    8   9   10  11  12  13   14  15   16   17  18
                                     12Z  AVG MX 2MIN
DY MAX MIN AVG DEP HDD CDD  WTR  SNW DPTH SPD SPD DIR MIN PSBL S-S WX    SPD DR
================================================================================

 1  90  67  79   3   0  14 0.00    M    M  5.7 14  80   M    M   2        21 100
 2  83  70  77   1   0  12 0.33    M    M  5.7 16  60   M    M   7 1      21  80
 3  84  71  78   2   0  13 1.34    M    M  5.2 12 110   M    M   8 1      18 170
 4  84  71  78   2   0  13 0.94    M    M  6.1 14 190   M    M   9 123    26 200
 5  84  70  77   2   0  12 0.51    M    M  5.8 15 250   M    M   7 13     19 260
 6  84  71  78   3   0  13 0.00    M    M  6.0 10 300   M    M   5        15 300
 7  88  68  78   3   0  13 0.07    M    M  4.7 17  70   M    M   1 138    23  60
 8  84  67  76   1   0  11 0.00    M    M  6.4 15  80   M    M   2        22  60
 9  78  69  74   0   0   9 0.00    M    M 10.9 18  90   M    M   7        29  90
10  71  66  69  -5   0   4 0.33    M    M  9.8 20  90   M    M  10 1      30  70
11  82  68  75   1   0  10 0.01    M    M  3.8 10 290   M    M   8 12     17 300
12  83  62  73  -1   0   8 0.00    M    M  7.8 16 240   M    M   3        21 250
13  80  54  67  -6   0   2 0.00    M    M  6.7 13 300   M    M   0        23 360
14  83  60  72  -1   0   7 0.00    M    M  4.7 10  80   M    M   0        15  50
15  82  65  74   1   0   9 0.00  0.0    M  5.1 13  90   M    M   1        17 110
16  82  61  72   0   0   7 0.00  0.0    M  4.8 12  70   M    M   4        17  80
17  83  62  73   1   0   8 0.00  0.0    M  4.5 14  90   M    M   3        22  80
18  83  62  73   1   0   8 0.00  0.0    M  3.7 10  80   M    M   1        14  60
19  87  62  75   3   0  10 0.00  0.0    M  2.7 10  10   M    M   0        15 340
20  90  67  79   8   0  14 0.00    M    M  3.5  9  90   M    M   2        14  50
21  91  66  79   8   0  14 0.00  0.0    M  1.8  8 310   M    M   0        14 250
22  92  65  79   8   0  14 0.00    M    0  9.5 22  10   M    M   1        33 360
23  78  55  67  -3   0   2 0.00    M    M  3.9 12  80   M    M   0        17  70
24  80  52  66  -4   0   1 0.00    M    M  2.6  9 140   M    M   0        12 190
25  80  60  70   0   0   5    T    M    M  5.5 17 290   M    M   4        26 300
26  79  60  70   1   0   5 0.00    M    M  8.3 22 280   M    M   0        30 300
27  75  51  63  -6   2   0 0.00    M    M  7.8 17 300   M    M   0        25 300
================================================================================
SM 2240 1722         2 238  3.53  0.0    153.0          M       85
================================================================================
AV 83.0 63.8                               5.7 FASTST   M    M   3    MAX(MPH)
                                 MISC ---->  # 22  10                 33 360
================================================================================
NOTES:
# LAST OF SEVERAL OCCURRENCES

COLUMN 17 PEAK WIND IN M.P.H.

PRELIMINARY LOCAL CLIMATOLOGICAL DATA (WS FORM: F-6) , PAGE 2

                                          STATION:   GAINESVILLE
                                          MONTH:     SEPTEMBER
                                          YEAR:      2022
                                          LATITUDE:   34 16 N
                                          LONGITUDE:  83 50 W

[TEMPERATURE DATA]      [PRECIPITATION DATA]       SYMBOLS USED IN COLUMN 16

AVERAGE MONTHLY: 73.4   TOTAL FOR MONTH:   3.53    1 = FOG OR MIST
DPTR FM NORMAL:   0.5   DPTR FM NORMAL:    0.10    2 = FOG REDUCING VISIBILITY
HIGHEST:    92 ON 22    GRTST 24HR  1.47 ON  3- 4      TO 1/4 MILE OR LESS
LOWEST:     51 ON 27                               3 = THUNDER
                        SNOW, ICE PELLETS, HAIL    4 = ICE PELLETS
                        TOTAL MONTH:   0.0 INCH    5 = HAIL
                        GRTST 24HR  0.0            6 = FREEZING RAIN OR DRIZZLE
                        GRTST DEPTH:  0            7 = DUSTSTORM OR SANDSTORM:
                                                       VSBY 1/2 MILE OR LESS
                                                   8 = SMOKE OR HAZE
[NO. OF DAYS WITH]      [WEATHER - DAYS WITH]      9 = BLOWING SNOW
                                                   X = TORNADO
MAX 32 OR BELOW:   0    0.01 INCH OR MORE:   7
MAX 90 OR ABOVE:   4    0.10 INCH OR MORE:   5
MIN 32 OR BELOW:   0    0.50 INCH OR MORE:   3
MIN  0 OR BELOW:   0    1.00 INCH OR MORE:   1

[HDD (BASE 65) ]
TOTAL THIS MO.     2    CLEAR  (SCALE 0-3)  16
DPTR FM NORMAL    -2    PTCLDY (SCALE 4-7)   9
TOTAL FM JUL 1     2    CLOUDY (SCALE 8-10)  2
DPTR FM NORMAL    -2

[CDD (BASE 65) ]
TOTAL THIS MO.   238
DPTR FM NORMAL    19    [PRESSURE DATA]
TOTAL FM JAN 1  1849    HIGHEST SLP M ON M
DPTR FM NORMAL   281    LOWEST  SLP 29.78 ON  8

[REMARKS]
