000
CXUS54 KFWD 280730
CF6GVT
PRELIMINARY LOCAL CLIMATOLOGICAL DATA (WS FORM: F-6)

                                          STATION:   GREENVILLE
                                          MONTH:     SEPTEMBER
                                          YEAR:      2022
                                          LATITUDE:   33  4 N
                                          LONGITUDE:  96  4 W

  TEMPERATURE IN F:       :PCPN:    SNOW:  WIND      :SUNSHINE: SKY     :PK WND
================================================================================
1   2   3   4   5  6A  6B    7    8   9   10  11  12  13   14  15   16   17  18
                                     12Z  AVG MX 2MIN
DY MAX MIN AVG DEP HDD CDD  WTR  SNW DPTH SPD SPD DIR MIN PSBL S-S WX    SPD DR
================================================================================

 1  89  71  80  -3   0  15 0.01    M    M  2.4 14 300   M    M   4 1       M   M
 2  83  73  78  -4   0  13 0.00    M    M  5.8 14 190   M    M   6 1       M   M
 3  95  68  82   0   0  17 0.00    M    M  3.1  9  20   M    M   2 1       M   M
 4  94  68  81  -1   0  16 0.01    M    M  4.2 12 220   M    M   1         M   M
 5  94  65  80  -2   0  15 0.00    M    M  5.7 13 170   M    M   1        17 150
 6  95  70  83   2   0  18    T    M    M  6.1 15 160   M    M   2 3      20 170
 7  94  70  82   1   0  17 0.00    M    M  3.4 14  20   M    M   2        17  20
 8  90  67  79  -1   0  14 0.00    M    M  5.8 10  40   M    M   2        22  20
 9  88  62  75  -5   0  10 0.00    M    M  3.4  9  90   M    M   1 1      17 100
10  90  60  75  -5   0  10 0.00    M    M  3.1 12 110   M    M   2         M   M
11  85  65  75  -4   0  10 0.00    M    M  7.5 16 340   M    M   0 8      21 340
12  87  57  72  -7   0   7 0.00    M    M  3.8  8  90   M    M   0         M   M
13  88  55  72  -7   0   7 0.00    M    M  5.7 12 140   M    M   0        18 180
14  89  55  72  -6   0   7 0.00    M    M  6.3 15 150   M    M   0        21 150
15  89  54  72  -6   0   7 0.00    M    M  4.6 12 120   M    M   0 8      17 140
16  92  61  77  -1   0  12 0.00    M    M  7.5 15 140   M    M   0        20 170
17  93  72  83   6   0  18 0.00    M    M  9.9 14 140   M    M   4        18 210
18  94  71  83   6   0  18 0.00    M    M  8.7 14 140   M    M   0        20 210
19  96  70  83   7   0  18 0.00    M    M  7.0 12 150   M    M   0 8      18 130
20  96  69  83   7   0  18 0.00    M    M  5.2 13 130   M    M   1        25 220
21  98  66  82   6   0  17 0.00    M    M  4.2 10 200   M    M   0        23 180
22 100  64  82   7   0  17 0.00    M    M  3.8 10 240   M    M   1        18 160
23  95  69  82   7   0  17 0.00    M    M  7.0 12 180   M    M   0        17 130
24  97  69  83   9   0  18 0.00    M    M  7.8 14 210   M    M   0        20 210
25  97  66  82   8   0  17 0.00    M    M  7.2 16 180   M    M   1        22 290
26  88  57  73  -1   0   8 0.00    M    M  7.9 16  70   M    M   0        26  50
27  90  51  71  -2   0   6 0.00    M    M  4.3 10 110   M    M   0        16 110
================================================================================
SM 2486 1745         0 367  0.02    M    151.5          M       30
================================================================================
AV 92.1 64.6                               5.6 FASTST   M    M   1    MAX(MPH)
                                 MISC ---->  # 16 340                 26  50
================================================================================
NOTES:
# LAST OF SEVERAL OCCURRENCES

COLUMN 17 PEAK WIND IN M.P.H.

PRELIMINARY LOCAL CLIMATOLOGICAL DATA (WS FORM: F-6) , PAGE 2

                                          STATION:   GREENVILLE
                                          MONTH:     SEPTEMBER
                                          YEAR:      2022
                                          LATITUDE:   33  4 N
                                          LONGITUDE:  96  4 W

[TEMPERATURE DATA]      [PRECIPITATION DATA]       SYMBOLS USED IN COLUMN 16

AVERAGE MONTHLY: 78.4   TOTAL FOR MONTH:   0.02    1 = FOG OR MIST
DPTR FM NORMAL:   0.2   DPTR FM NORMAL:   -2.94    2 = FOG REDUCING VISIBILITY
HIGHEST:   100 ON 22    GRTST 24HR  0.01 ON  1- 1      TO 1/4 MILE OR LESS
LOWEST:     51 ON 27                               3 = THUNDER
                        SNOW, ICE PELLETS, HAIL    4 = ICE PELLETS
                        TOTAL MONTH:  M            5 = HAIL
                        GRTST 24HR    M  ON   M    6 = FREEZING RAIN OR DRIZZLE
                        GRTST DEPTH:  M  ON   M    7 = DUSTSTORM OR SANDSTORM:
                                                       VSBY 1/2 MILE OR LESS
                                                   8 = SMOKE OR HAZE
[NO. OF DAYS WITH]      [WEATHER - DAYS WITH]      9 = BLOWING SNOW
                                                   X = TORNADO
MAX 32 OR BELOW:   0    0.01 INCH OR MORE:   2
MAX 90 OR ABOVE:  18    0.10 INCH OR MORE:   0
MIN 32 OR BELOW:   0    0.50 INCH OR MORE:   0
MIN  0 OR BELOW:   0    1.00 INCH OR MORE:   0

[HDD (BASE 65) ]
TOTAL THIS MO.     0    CLEAR  (SCALE 0-3)  24
DPTR FM NORMAL    -2    PTCLDY (SCALE 4-7)   3
TOTAL FM JUL 1     0    CLOUDY (SCALE 8-10)  0
DPTR FM NORMAL    -2

[CDD (BASE 65) ]
TOTAL THIS MO.   367
DPTR FM NORMAL     5    [PRESSURE DATA]
TOTAL FM JAN 1  2733    HIGHEST SLP M ON M
DPTR FM NORMAL   277    LOWEST  SLP M ON M

[REMARKS]
